{"id":940,"date":"2024-12-02T14:06:41","date_gmt":"2024-12-02T14:06:41","guid":{"rendered":"https:\/\/ludoan125.com\/?page_id=940"},"modified":"2024-12-25T17:23:15","modified_gmt":"2024-12-25T17:23:15","slug":"3-ca-ngoi-ho-chu-tich","status":"publish","type":"page","link":"https:\/\/ludoan125.com\/index.php\/trang-chu\/van-hoa-co-so\/3-van-hoa-van-nghe\/15-bai-hat-quy-dinh-trong-quan-doi\/3-ca-ngoi-ho-chu-tich\/","title":{"rendered":"3. Ca ng\u1ee3i H\u1ed3 Ch\u1ee7 t\u1ecbch"},"content":{"rendered":"<p style=\"text-align: center;\"><span style=\"font-size: 130%; color: #0000ff;\"><strong><span style=\"font-family: helvetica, arial, sans-serif;\">B\u00e0i h\u00e1t: Ca ng\u1ee3i H\u1ed3 Ch\u1ee7 t\u1ecbch<\/span><\/strong><\/span><\/p>\n<div class=\"text-center\"><div class=\"is-divider divider clearfix\" style=\"margin-top:30px;margin-bottom:30px;max-width:200px;background-color:rgb(175, 23, 64);\"><\/div><\/div>\n<div class=\"row\"  id=\"row-1562847873\">\n\n\t<div id=\"col-1438274725\" class=\"col small-12 large-12\"  >\n\t\t\t\t<div class=\"col-inner\" style=\"background-color:rgb(120, 32, 110);\" >\n\t\t\t\n\t\t\t\n<p style=\"text-align: center;\"><span style=\"font-family: helvetica, arial, sans-serif; font-size: 140%; color: #ffffff;\"><strong>File nh\u1ea1c kh\u00f4ng l\u1eddi<\/strong><\/span><\/p>\n\t\t<\/div>\n\t\t\t\t\n<style>\n#col-1438274725 > .col-inner {\n  padding: 20px 0px 5px 0px;\n  border-radius: 10px;\n}\n<\/style>\n\t<\/div>\n\n\t\n<\/div>\n<audio class=\"wp-audio-shortcode\" id=\"audio-940-1\" preload=\"none\" style=\"width: 100%;\" controls=\"controls\"><source type=\"audio\/mpeg\" src=\"http:\/\/ludoan125.com\/wp-content\/uploads\/2024\/12\/Ca-ngoi-Ho-Chu-tich-lanh-tu-ca-Luu-Huu-Phuoc-Karaoke-HD-Beat-chuan1.mp3?_=1\" \/><a href=\"http:\/\/ludoan125.com\/wp-content\/uploads\/2024\/12\/Ca-ngoi-Ho-Chu-tich-lanh-tu-ca-Luu-Huu-Phuoc-Karaoke-HD-Beat-chuan1.mp3\">http:\/\/ludoan125.com\/wp-content\/uploads\/2024\/12\/Ca-ngoi-Ho-Chu-tich-lanh-tu-ca-Luu-Huu-Phuoc-Karaoke-HD-Beat-chuan1.mp3<\/a><\/audio>\n<p>\u00a0<\/p>\n<div class=\"row\"  id=\"row-1683332273\">\n\n\t<div id=\"col-1350554656\" class=\"col small-12 large-12\"  >\n\t\t\t\t<div class=\"col-inner\" style=\"background-color:#00a0d2;\" >\n\t\t\t\n\t\t\t\n<p style=\"text-align: center;\"><span style=\"font-family: helvetica, arial, sans-serif; font-size: 140%; color: #ffffff;\"><strong>File nh\u1ea1c c\u00f3 l\u1eddi<\/strong><\/span><\/p>\n\t\t<\/div>\n\t\t\t\t\n<style>\n#col-1350554656 > .col-inner {\n  padding: 20px 0px 5px 0px;\n  border-radius: 10px;\n}\n<\/style>\n\t<\/div>\n\n\t\n<\/div>\n<audio class=\"wp-audio-shortcode\" id=\"audio-940-2\" preload=\"none\" style=\"width: 100%;\" controls=\"controls\"><source type=\"audio\/mpeg\" src=\"http:\/\/ludoan125.com\/wp-content\/uploads\/2024\/12\/Ca-ngoi-Ho-Chu-tich-Luu-Huu-Phuoc-Hop-xuong-Nha-hat-Nhac-Vu-Kich-VN-Lanh-tu-ca2.mp3?_=2\" \/><a href=\"http:\/\/ludoan125.com\/wp-content\/uploads\/2024\/12\/Ca-ngoi-Ho-Chu-tich-Luu-Huu-Phuoc-Hop-xuong-Nha-hat-Nhac-Vu-Kich-VN-Lanh-tu-ca2.mp3\">http:\/\/ludoan125.com\/wp-content\/uploads\/2024\/12\/Ca-ngoi-Ho-Chu-tich-Luu-Huu-Phuoc-Hop-xuong-Nha-hat-Nhac-Vu-Kich-VN-Lanh-tu-ca2.mp3<\/a><\/audio>\n<p>\u00a0<\/p>\n<p style=\"text-align: center;\"><span style=\"color: #000000; font-family: helvetica, arial, sans-serif; font-size: 100%;\"><span style=\"color: #0000ff; font-family: helvetica, arial, sans-serif;\"><span style=\"font-size: 20.16px;\"><b>L\u1eddi b\u00e0i h\u00e1t: Ca ng\u1ee3i H\u1ed3 Ch\u1ee7 t\u1ecbch<\/b><\/span><\/span><\/span><\/p>\n<p style=\"text-align: justify;\"><span style=\"color: #0000ff; font-family: helvetica, arial, sans-serif; font-size: 100%;\">Nh\u1ea1c: L\u01b0u H\u1eefu Ph\u01b0\u1edbc<br \/><\/span><span style=\"color: #0000ff;\">L\u1eddi: Nguy\u1ec5n \u0110\u00ecnh Thi<\/span><\/p>\n<p style=\"text-align: justify;\"><span style=\"color: #000000; font-size: 105%;\"><strong>1-<\/strong><\/span><br \/><span style=\"color: #000000; font-size: 105%;\">Sao v\u00e0ng ph\u1ea5p ph\u1edbi \u00e1nh h\u1ed3ng s\u00e1ng t\u01b0\u01a1i,<\/span><br \/><span style=\"color: #000000; font-size: 105%;\">To\u00e0n Vi\u1ec7t Nam \u0111\u00f3n ch\u00e0o ng\u00e0y m\u1edbi.<\/span><br \/><span style=\"color: #000000; font-size: 105%;\">H\u1ed3 Ch\u00ed Minh d\u1eaft to\u00e0n d\u00e2n n\u01b0\u1edbc ta,<\/span><br \/><span style=\"color: #000000; font-size: 105%;\">V\u1eefng b\u1ec1n tranh \u0111\u1ea5u cho \u0111\u1eddi ch\u00fang ta.<\/span><br \/><span style=\"color: #000000; font-size: 105%;\">H\u1ed3 Ch\u00ed Minh mu\u00f4n n\u0103m gi\u1ea3i ph\u00f3ng cho nh\u00e2n d\u00e2n,<\/span><br \/><span style=\"color: #000000; font-size: 105%;\">X\u00e2y d\u1ef1ng non n\u01b0\u1edbc Vi\u1ec7t Nam.<\/span><\/p>\n<p><span style=\"color: #000000; font-size: 105%;\"><strong>2-<\/strong><\/span><br \/><span style=\"color: #000000; font-size: 105%;\">Ti\u1ebfng Ng\u01b0\u1eddi tha thi\u1ebft k\u00eau g\u1ecdi b\u1ed1n ph\u01b0\u01a1ng,<\/span><br \/><span style=\"color: #000000; font-size: 105%;\">C\u1edd v\u00f9ng l\u00ean, qu\u00e2n th\u00f9 g\u1ee5c xu\u1ed1ng.<\/span><br \/><span style=\"color: #000000; font-size: 105%;\">H\u1ed3 Ch\u00ed Minh s\u00e1ng ng\u1eddi g\u01b0\u01a1ng \u0111\u1ea5u tranh,<\/span><br \/><span style=\"color: #000000; font-size: 105%;\">V\u1eefng b\u1ec1n \u0111\u01b0a ch\u00fang ta v\u01b0\u1ee3t kh\u00f3 kh\u0103n.<\/span><br \/><span style=\"color: #000000; font-size: 105%;\">H\u1ed3 Ch\u00ed Minh mu\u00f4n n\u0103m ch\u1ec9 l\u1ed1i cho nh\u00e2n d\u00e2n,<\/span><br \/><span style=\"color: #000000; font-size: 105%;\">\u0110\u1ebfn ng\u00e0y chi\u1ebfn th\u1eafng v\u1ebb vang.<\/span><\/p>\n<p><span style=\"color: #000000; font-size: 105%;\"><strong>3-<\/strong><\/span><br \/><span style=\"color: #000000; font-size: 105%;\">Mu\u00f4n l\u00f2ng sung s\u01b0\u1edbng mu\u00f4n l\u1eddi h\u00e1t ca,<\/span><br \/><span style=\"color: #000000; font-size: 105%;\">Tr\u1eddi Vi\u1ec7t Nam h\u00f2a b\u00ecnh n\u1edf hoa.<\/span><br \/><span style=\"color: #000000; font-size: 105%;\">H\u1ed3 Ch\u00ed Minh mu\u1ed1n to\u00e0n d\u00e2n s\u01b0\u1edbng vui,<\/span><br \/><span style=\"color: #000000; font-size: 105%;\">V\u1eefng b\u1ec1n x\u00e2y \u0111\u1eafp n\u00ean \u0111\u1eddi th\u1eafm t\u01b0\u01a1i.<\/span><br \/><span style=\"color: #000000; font-size: 105%;\">H\u1ed3 Ch\u00ed Minh mu\u00f4n n\u0103m ng\u1eddi s\u00e1ng soi t\u01b0\u01a1ng lai,<\/span><br \/><span style=\"color: #000000; font-size: 105%;\">\u01a0n n\u00e0y ghi nh\u1edb n\u00e0o phai.<\/span><\/p>\n<p><span style=\"color: #000000; font-size: 105%;\"><strong>K\u1ebft:<\/strong><\/span><br \/><span style=\"color: #000000; font-size: 105%;\">H\u1ed3 Ch\u00ed Minh d\u1eaft to\u00e0n d\u00e2n n\u01b0\u1edbc ta,<\/span><br \/><span style=\"color: #000000; font-size: 105%;\">V\u1eefng b\u1ec1n tranh \u0111\u1ea5u cho \u0111\u1eddi ch\u00fang ta.<\/span><br \/><span style=\"color: #000000; font-size: 105%;\">H\u1ed3 Ch\u00ed Minh mu\u00f4n n\u0103m gi\u1ea3i ph\u00f3ng cho nh\u00e2n d\u00e2n,<\/span><br \/><span style=\"color: #000000; font-size: 105%;\">X\u00e2y d\u1ef1ng non n\u01b0\u1edbc Vi\u1ec7t Nam.<\/span><\/p>\n<div class=\"text-center\"><div class=\"is-divider divider clearfix\" style=\"margin-top:30px;margin-bottom:30px;max-width:200px;background-color:rgb(175, 23, 64);\"><\/div><\/div>\n<p style=\"text-align: center;\"><span style=\"color: #000000; font-family: helvetica, arial, sans-serif; font-size: 100%;\"><span style=\"color: #0000ff; font-family: helvetica, arial, sans-serif;\"><span style=\"font-size: 20.16px;\"><b>S\u01a1 l\u01b0\u1ee3c v\u1ec1 t\u00e1c gi\u1ea3 v\u00e0 t\u00e1c ph\u1ea9m<\/b><\/span><\/span><\/span><\/p>\n\t<div class=\"box has-hover   has-hover box-text-bottom\" >\n\n\t\t<div class=\"box-image\" >\n\t\t\t\t\t\t<div class=\"\" >\n\t\t\t\t<img loading=\"lazy\" decoding=\"async\" width=\"479\" height=\"640\" src=\"https:\/\/ludoan125.com\/wp-content\/uploads\/2024\/12\/luuhuuphuoc.jpg\" class=\"attachment- size-\" alt=\"\" srcset=\"https:\/\/ludoan125.com\/wp-content\/uploads\/2024\/12\/luuhuuphuoc.jpg 479w, https:\/\/ludoan125.com\/wp-content\/uploads\/2024\/12\/luuhuuphuoc-225x300.jpg 225w\" sizes=\"auto, (max-width: 479px) 100vw, 479px\" \/>\t\t\t\t\t\t\t\t\t\t\t<\/div>\n\t\t\t\t\t<\/div>\n\n\t\t<div class=\"box-text text-center\" >\n\t\t\t<div class=\"box-text-inner\">\n\t\t\t\t\n<p style=\"text-align: center;\"><span style=\"font-family: helvetica, arial, sans-serif; font-size: 130%; color: #0000ff;\">Nh\u1ea1c s\u0129 L\u01b0u H\u1eefu Ph\u01b0\u1edbc (1921 &#8211; 1989) <\/span><\/p>\n\t\t\t<\/div>\n\t\t<\/div>\n\t<\/div>\n\t\n<p style=\"text-align: justify;\"><span style=\"font-family: helvetica, arial, sans-serif; font-size: 105%; color: #000000;\">Nh\u1ea1c s\u0129 L\u01b0u H\u1eefu Ph\u01b0\u1edbc sinh ng\u00e0y 12-9-1921 \u1edf huy\u1ec7n \u00d4 M\u00f4n, t\u1ec9nh C\u1ea7n Th\u01a1, m\u1ea5t ng\u00e0y 8-6-1989 \u1edf Th\u00e0nh ph\u1ed1 H\u1ed3 Ch\u00ed Minh. L\u01b0u H\u1eefu Ph\u01b0\u1edbc l\u00e0 m\u1ed9t trong nh\u1eefng nh\u1ea1c s\u0129 h\u00e0ng \u0111\u1ea7u c\u1ee7a gi\u1edbi nh\u1ea1c s\u0129 c\u00e1ch m\u1ea1ng Vi\u1ec7t Nam.<\/span><\/p>\n<p style=\"text-align: justify;\"><span style=\"font-family: helvetica, arial, sans-serif; font-size: 105%; color: #000000;\">L\u01b0u H\u1eefu Ph\u01b0\u1edbc \u0111\u01b0\u1ee3c xem l\u00e0 m\u1ed9t trong nh\u1eefng nh\u1ea1c s\u0129 \u0111\u1ea7u \u0111\u00e0n c\u1ee7a gi\u1edbi nh\u1ea1c s\u0129 Vi\u1ec7t Nam, \u0111\u1ea1i di\u1ec7n cho ph\u00e1i \u00e2m nh\u1ea1c Nam B\u1ed9 trong th\u1eddi \u0111i\u1ec3m kh\u1edfi \u0111\u1ea7u c\u1ee7a n\u1ec1n t\u00e2n nh\u1ea1c. \u00d4ng l\u00e0 m\u1ed9t t\u00ean tu\u1ed5i l\u1edbn trong n\u1ec1n \u00e2m nh\u1ea1c c\u00e1ch m\u1ea1ng Vi\u1ec7t Nam, m\u1ed9t danh nh\u00e2n v\u0103n h\u00f3a Vi\u1ec7t Nam; l\u00e0 m\u1ed9t trong nh\u1eefng ng\u01b0\u1eddi \u0111\u1ea7u ti\u00ean s\u1eed d\u1ee5ng r\u1ea5t th\u00e0nh c\u00f4ng th\u1ec3 lo\u1ea1i h\u00e0nh kh\u00fac- m\u1ed9t th\u1ec3 lo\u1ea1i t\u1eeb \u00e2m nh\u1ea1c ph\u01b0\u01a1ng T\u00e2y.<\/span><\/p>\n<p style=\"text-align: justify;\"><span style=\"font-family: helvetica, arial, sans-serif; font-size: 105%; color: #000000;\">L\u01b0u H\u1eefu Ph\u01b0\u1edbc \u0111\u00e3 tr\u1edf th\u00e0nh t\u00e1c gi\u1ea3 c\u1ee7a nh\u1eefng ch\u00ednh ca xu\u1ea5t s\u1eafc, c\u00f3 t\u1ea7m t\u01b0 t\u01b0\u1edfng l\u1edbn, gi\u00e1 tr\u1ecb ngh\u1ec7 thu\u1eadt r\u1ea5t cao v\u00e0 c\u00f3 gi\u00e1 tr\u1ecb l\u1ecbch s\u1eed. L\u01b0u H\u1eefu Ph\u01b0\u1edbc s\u1eed d\u1ee5ng \u00e2m nh\u1ea1c nh\u01b0 m\u1ed9t v\u0169 kh\u00ed \u0111\u1ea5u tranh \u0111\u1ec3 th\u1ee9c t\u1ec9nh, \u0111\u1ed9ng vi\u00ean thanh ni\u00ean tham gia phong tr\u00e0o \u0111\u1ea5u tranh gi\u1ea3i ph\u00f3ng d\u00e2n t\u1ed9c, gi\u00e0nh \u0111\u1ed9c l\u1eadp t\u1ef1 do, th\u1ed1ng nh\u1ea5t \u0111\u1ea5t n\u01b0\u1edbc. \u00d4ng l\u00e0 t\u00e1c gi\u1ea3 c\u1ee7a nh\u1eefng ch\u00ednh ca xu\u1ea5t s\u1eafc, c\u00f3 gi\u00e1 tr\u1ecb l\u1ecbch s\u1eed nh\u01b0: Ti\u1ebfng g\u1ecdi thanh ni\u00ean, L\u00ean \u0111\u00e0ng, B\u1ea1ch \u0110\u1eb1ng giang, L\u00e3nh t\u1ee5 ca (Ca ng\u1ee3i H\u1ed3 Ch\u1ee7 t\u1ecbch), H\u1ed3n t\u1eed s\u0129, Ti\u1ebfng g\u1ecdi thanh ni\u00ean, Gi\u1ea3i ph\u00f3ng mi\u1ec1n Nam, Kh\u1ea3i ho\u00e0n ca, Ti\u1ec1n v\u1ec1 S\u00e0i G\u00f2n, Xu\u1ed1ng \u0111\u01b0\u1eddng\u2026 v\u00e0 nhi\u1ec1u th\u1ec3 lo\u1ea1i \u00e2m nh\u1ea1c kh\u00e1c. V\u1ec1 s\u00e1ng t\u00e1c ca kh\u00fac thi\u1ebfu nhi, nh\u1ea1c s\u0129 L\u01b0u H\u1eefu Ph\u01b0\u1edbc c\u00f3 nh\u1eefng ca kh\u00fac \u0111\u01b0\u1ee3c c\u00e1c em y\u00eau th\u00edch nh\u01b0: Reo vang b\u00ecnh minh, Thi\u1ebfu nhi th\u1ebf gi\u1edbi li\u00ean hoan, M\u00faa vui,\u2026<\/span><\/p>\n<p style=\"text-align: justify;\"><span style=\"font-family: helvetica, arial, sans-serif; font-size: 105%; color: #000000;\">Nh\u1eefng s\u00e1ng t\u00e1c, nghi\u00ean c\u1ee9u c\u00f9ng nh\u1eefng ho\u1ea1t \u0111\u1ed9ng \u00e2m nh\u1ea1c v\u00e0 ho\u1ea1t \u0111\u1ed9ng v\u0103n ho\u00e1 x\u00e3 h\u1ed9i c\u1ee7a L\u01b0u H\u1eefu Ph\u01b0\u1edbc c\u00f3 \u1ea3nh h\u01b0\u1edfng r\u1ea5t s\u00e2u r\u1ed9ng \u0111\u1ebfn s\u1ef1 ph\u00e1t tri\u1ec3n c\u1ee7a \u00e2m nh\u1ea1c Vi\u1ec7t Nam hi\u1ec7n \u0111\u1ea1i. L\u01b0u H\u1eefu Ph\u01b0\u1edbc l\u00e0 m\u1ed9t nh\u00e0 v\u0103n h\u00f3a, m\u1ed9t nh\u1ea1c s\u0129 l\u1edbn c\u1ee7a th\u1eddi \u0111\u1ea1i H\u1ed3 Ch\u00ed Minh. \u00d4ng \u0111\u01b0\u1ee3c phong t\u1eb7ng danh hi\u1ec7u Gi\u00e1o s\u01b0, Vi\u1ec7n s\u0129 th\u00f4ng t\u1ea5n. \u00d4ng \u0111\u00e3 t\u1eebng l\u00e0 B\u1ed9 tr\u01b0\u1edfng B\u1ed9 v\u0103n h\u00f3a \u2013 Th\u00f4ng tin c\u1ee7a Ch\u00ednh ph\u1ee7 C\u00e1ch m\u1ea1ng l\u00e2m th\u1eddi C\u1ed9ng ho\u00e0 mi\u1ec1n Nam Vi\u1ec7t Nam, T\u1ed5ng th\u01b0 k\u00fd H\u1ed9i nh\u1ea1c s\u0129 Vi\u1ec7t Nam, Ch\u1ee7 nhi\u1ec7m U\u1ef7 ban v\u0103n h\u00f3a gi\u00e1o d\u1ee5c c\u1ee7a Qu\u1ed1c h\u1ed9i Vi\u1ec7t Nam, Vi\u1ec7n tr\u01b0\u1edfng Vi\u1ec7n nghi\u00ean c\u1ee9u \u00c2m nh\u1ea1c Vi\u1ec7t Nam\u2026<\/span><\/p>\n<p style=\"text-align: justify;\"><span style=\"font-family: helvetica, arial, sans-serif; font-size: 105%; color: #000000;\">Tr\u01b0\u1edbc C\u00e1ch m\u1ea1ng th\u00e1ng T\u00e1m n\u0103m 1945, L\u01b0u H\u1eefu Ph\u01b0\u1edbc l\u00e0 m\u1ed9t trong nh\u1eefng sinh vi\u00ean Nam B\u1ed9 tham gia phong tr\u00e0o ho\u1ea1t \u0111\u1ed9ng y\u00eau n\u01b0\u1edbc v\u00e0 \u0111\u1ea5u tranh c\u00e1ch m\u1ea1ng. \u0110\u01b0\u1ee3c g\u1eb7p B\u00e1c H\u1ed3 l\u00e0 ni\u1ec1m tin v\u00e0 hy v\u1ecdng th\u1ea7m k\u00edn trong l\u00f2ng c\u1ee7a l\u1edbp sinh vi\u00ean v\u00e0 thanh ni\u00ean ti\u1ebfn b\u1ed9 l\u00fac b\u1ea5y gi\u1edd. H\u1ea7u h\u1ebft c\u00e1c nh\u1ea1c s\u0129 t\u1eebng d\u1ea5n th\u00e2n theo c\u00e1ch m\u1ea1ng ai c\u0169ng c\u00f3 nguy\u1ec7n s\u00e1ng t\u00e1c b\u00e0i h\u00e1t ng\u1ee3i ca H\u1ed3 Ch\u1ee7 t\u1ecbch \u0111\u1ec3 g\u1eedi v\u00e0o \u0111\u00f3 l\u00f2ng k\u00ednh y\u00eau Ng\u01b0\u1eddi, m\u1ed9t bi\u1ec3u t\u01b0\u1ee3ng tuy\u1ec7t v\u1eddi c\u1ee7a m\u1ed9t d\u00e2n t\u1ed9c b\u1ea5t khu\u1ea5t v\u00e0 c\u1ee7a phong tr\u00e0o c\u00e1ch m\u1ea1ng th\u1ebf gi\u1edbi. T\u1ea1i kz h\u1ecdp th\u1ee9 hai c\u1ee7a Qu\u1ed1c h\u1ed9i kh\u00f3a 1 v\u00e0o th\u00e1ng 10\/1946, l\u1ea7n \u0111\u1ea7u ti\u00ean L\u01b0u H\u1eefu Ph\u01b0\u1edbc tr\u00f4ng th\u1ea5y B\u00e1c H\u1ed3. Sau \u0111\u00f3, L\u01b0u H\u1eefu Ph\u01b0\u1edbc c\u00f2n \u0111\u01b0\u1ee3c d\u1ecbp g\u1eb7p B\u00e1c H\u1ed3 khi Ng\u01b0\u1eddi \u0111\u1ebfn th\u0103m Ph\u00f2ng Nam B\u1ed9 \u1edf nh\u00e0 s\u1ed1 2, \u0111\u01b0\u1eddng Ng\u00f4 Quy\u1ec1n, H\u00e0 N\u1ed9i, n\u01a1i g\u1eb7p g\u1ee1 c\u1ee7a c\u00e1n b\u1ed9, chi\u1ebfn s\u0129 t\u1eeb mi\u1ec1n Nam ra. Th\u00e1ng 9\/1946, sau khi d\u1ef1 H\u1ed9i ngh\u1ecb Fontainebleau \u1edf Ph\u00e1p, B\u00e1c v\u1ec1 \u0111\u1ebfn H\u1ea3i Ph\u00f2ng. \u0110\u00f4ng \u0111\u1ea3o nh\u00e2n d\u00e2n \u0111\u00f3n ti\u1ebfp, trong \u0111\u00f3 c\u00f3 \u0111o\u00e0n \u0111\u1ea1i bi\u1ec3u Nam B\u1ed9.<\/span><\/p>\n<p style=\"text-align: justify;\"><span style=\"font-family: helvetica, arial, sans-serif; font-size: 105%; color: #000000;\">Nh\u1eefng \u1ea5n t\u01b0\u1ee3ng v\u1ec1 nh\u1eefng l\u1ea7n g\u1eb7p B\u00e1c H\u1ed3 \u0111\u00e3 khi\u1ebfn L\u01b0u H\u1eefu Ph\u01b0\u1edbc b\u1eaft \u0111\u1ea7u vi\u1ebft b\u00e0i h\u00e1t Ca ng\u1ee3i H\u1ed3 Ch\u1ee7 t\u1ecbch v\u00e0o n\u0103m 1947. V\u00e0 sau \u0111\u00f3 kh\u00f4ng l\u00e2u ca kh\u00fac \u201cCa ng\u1ee3i H\u1ed3 Ch\u1ee7 t\u1ecbch\u201d ra \u0111\u1eddi, nhanh ch\u00f3ng ph\u1ed5 bi\u1ebfn trong c\u00e1c v\u00f9ng kh\u00e1ng chi\u1ebfn. Ca ng\u1ee3i H\u1ed3 Ch\u1ee7 t\u1ecbch c\u00f2n \u0111\u01b0\u1ee3c g\u1ecdi l\u00e0 b\u00e0i h\u00e1t L\u00e3nh t\u1ee5 ca, ca ng\u1ee3i v\u1ec1 ch\u1ee7 t\u1ecbch H\u1ed3 Ch\u00ed Minh, s\u1eed d\u1ee5ng trong c\u00e1c nghi l\u1ec5 qu\u1ed1c gia.<\/span><\/p>\n<p style=\"text-align: right;\"><span style=\"font-size: 95%; font-family: helvetica, arial, sans-serif; color: #0000ff;\"><em>S\u01b0u t\u1ea7m v\u00e0 bi\u00ean t\u1eadp: Ph\u1ea1m S\u01a1n H\u1ea3i &#8211; CT23.<\/em><\/span><\/p>\n","protected":false},"excerpt":{"rendered":"<p>B\u00e0i h\u00e1t: Ca ng\u1ee3i H\u1ed3 Ch\u1ee7 t\u1ecbch \u00a0 \u00a0 L\u1eddi b\u00e0i h\u00e1t: Ca ng\u1ee3i H\u1ed3 Ch\u1ee7 t\u1ecbch Nh\u1ea1c: L\u01b0u H\u1eefu Ph\u01b0\u1edbcL\u1eddi: Nguy\u1ec5n \u0110\u00ecnh Thi 1-Sao v\u00e0ng ph\u1ea5p ph\u1edbi \u00e1nh h\u1ed3ng s\u00e1ng t\u01b0\u01a1i,To\u00e0n Vi\u1ec7t Nam \u0111\u00f3n ch\u00e0o ng\u00e0y m\u1edbi.H\u1ed3 Ch\u00ed Minh d\u1eaft to\u00e0n d\u00e2n n\u01b0\u1edbc ta,V\u1eefng b\u1ec1n tranh \u0111\u1ea5u cho \u0111\u1eddi ch\u00fang ta.H\u1ed3 Ch\u00ed Minh mu\u00f4n [&#8230;]\n","protected":false},"author":1,"featured_media":0,"parent":847,"menu_order":0,"comment_status":"closed","ping_status":"closed","template":"","meta":{"footnotes":""},"class_list":["post-940","page","type-page","status-publish","hentry"],"_links":{"self":[{"href":"https:\/\/ludoan125.com\/index.php\/wp-json\/wp\/v2\/pages\/940","targetHints":{"allow":["GET"]}}],"collection":[{"href":"https:\/\/ludoan125.com\/index.php\/wp-json\/wp\/v2\/pages"}],"about":[{"href":"https:\/\/ludoan125.com\/index.php\/wp-json\/wp\/v2\/types\/page"}],"author":[{"embeddable":true,"href":"https:\/\/ludoan125.com\/index.php\/wp-json\/wp\/v2\/users\/1"}],"replies":[{"embeddable":true,"href":"https:\/\/ludoan125.com\/index.php\/wp-json\/wp\/v2\/comments?post=940"}],"version-history":[{"count":17,"href":"https:\/\/ludoan125.com\/index.php\/wp-json\/wp\/v2\/pages\/940\/revisions"}],"predecessor-version":[{"id":1528,"href":"https:\/\/ludoan125.com\/index.php\/wp-json\/wp\/v2\/pages\/940\/revisions\/1528"}],"up":[{"embeddable":true,"href":"https:\/\/ludoan125.com\/index.php\/wp-json\/wp\/v2\/pages\/847"}],"wp:attachment":[{"href":"https:\/\/ludoan125.com\/index.php\/wp-json\/wp\/v2\/media?parent=940"}],"curies":[{"name":"wp","href":"https:\/\/api.w.org\/{rel}","templated":true}]}}