{"id":917,"date":"2024-12-02T13:49:48","date_gmt":"2024-12-02T13:49:48","guid":{"rendered":"https:\/\/ludoan125.com\/?page_id=917"},"modified":"2024-12-25T17:15:24","modified_gmt":"2024-12-25T17:15:24","slug":"2-tien-quan-ca","status":"publish","type":"page","link":"https:\/\/ludoan125.com\/index.php\/trang-chu\/van-hoa-co-so\/3-van-hoa-van-nghe\/15-bai-hat-quy-dinh-trong-quan-doi\/2-tien-quan-ca\/","title":{"rendered":"2. Ti\u1ebfn qu\u00e2n ca"},"content":{"rendered":"<p style=\"text-align: center;\"><span style=\"font-size: 140%; color: #0000ff;\"><strong><span style=\"font-size: 110%; font-family: helvetica, arial, sans-serif;\">B\u00e0i h\u00e1t: Ti\u1ebfn qu\u00e2n ca<\/span><\/strong><\/span><\/p>\n<div class=\"text-center\"><div class=\"is-divider divider clearfix\" style=\"margin-top:30px;margin-bottom:30px;max-width:200px;background-color:rgb(175, 23, 64);\"><\/div><\/div>\n<div class=\"row\"  id=\"row-1616919391\">\n\n\t<div id=\"col-1215015999\" class=\"col small-12 large-12\"  >\n\t\t\t\t<div class=\"col-inner\" style=\"background-color:rgb(120, 32, 110);\" >\n\t\t\t\n\t\t\t\n<p style=\"text-align: center;\"><span style=\"font-family: helvetica, arial, sans-serif; font-size: 140%; color: #ffffff;\"><strong>File nh\u1ea1c kh\u00f4ng l\u1eddi<\/strong><\/span><\/p>\n\t\t<\/div>\n\t\t\t\t\n<style>\n#col-1215015999 > .col-inner {\n  padding: 20px 0px 5px 0px;\n  border-radius: 10px;\n}\n<\/style>\n\t<\/div>\n\n\t\n<\/div>\n<audio class=\"wp-audio-shortcode\" id=\"audio-917-1\" preload=\"none\" style=\"width: 100%;\" controls=\"controls\"><source type=\"audio\/mpeg\" src=\"http:\/\/ludoan125.com\/wp-content\/uploads\/2024\/12\/Quoccakhongloi.mp3?_=1\" \/><a href=\"http:\/\/ludoan125.com\/wp-content\/uploads\/2024\/12\/Quoccakhongloi.mp3\">http:\/\/ludoan125.com\/wp-content\/uploads\/2024\/12\/Quoccakhongloi.mp3<\/a><\/audio>\n<p>\u00a0<\/p>\n<div class=\"row\"  id=\"row-886233483\">\n\n\t<div id=\"col-1025183878\" class=\"col small-12 large-12\"  >\n\t\t\t\t<div class=\"col-inner\" style=\"background-color:#00a0d2;\" >\n\t\t\t\n\t\t\t\n<p style=\"text-align: center;\"><span style=\"font-family: helvetica, arial, sans-serif; font-size: 140%; color: #ffffff;\"><strong>File nh\u1ea1c c\u00f3 l\u1eddi<\/strong><\/span><\/p>\n\t\t<\/div>\n\t\t\t\t\n<style>\n#col-1025183878 > .col-inner {\n  padding: 20px 0px 5px 0px;\n  border-radius: 10px;\n}\n<\/style>\n\t<\/div>\n\n\t\n<\/div>\n<audio class=\"wp-audio-shortcode\" id=\"audio-917-2\" preload=\"none\" style=\"width: 100%;\" controls=\"controls\"><source type=\"audio\/mpeg\" src=\"http:\/\/ludoan125.com\/wp-content\/uploads\/2024\/12\/Nhac-Le-Chao-Co-Quoc-Ca-Viet-Nam-Co-Loi-Hat.mp3?_=2\" \/><a href=\"http:\/\/ludoan125.com\/wp-content\/uploads\/2024\/12\/Nhac-Le-Chao-Co-Quoc-Ca-Viet-Nam-Co-Loi-Hat.mp3\">http:\/\/ludoan125.com\/wp-content\/uploads\/2024\/12\/Nhac-Le-Chao-Co-Quoc-Ca-Viet-Nam-Co-Loi-Hat.mp3<\/a><\/audio>\n<p style=\"text-align: center;\"><span style=\"color: #000000; font-family: helvetica, arial, sans-serif; font-size: 100%;\"><span style=\"color: #0000ff; font-family: helvetica, arial, sans-serif;\"><span style=\"font-size: 20.16px;\"><b><br \/>L\u1eddi b\u00e0i h\u00e1t: Ti\u1ebfn qu\u00e2n ca<\/b><\/span><\/span><\/span><\/p>\n<p style=\"text-align: justify;\"><span style=\"color: #0000ff; font-family: helvetica, arial, sans-serif; font-size: 100%;\">Nh\u1ea1c v\u00e0 l\u1eddi: V\u0103n Cao<\/span><\/p>\n<p style=\"text-align: justify;\"><span style=\"color: #000000; font-family: helvetica, arial, sans-serif; font-size: 100%;\">\u0110o\u00e0n qu\u00e2n Vi\u1ec7t Nam \u0111i, chung l\u00f2ng c\u1ee9u qu\u1ed1c<\/span><br \/><span style=\"color: #000000; font-family: helvetica, arial, sans-serif; font-size: 100%;\">B\u01b0\u1edbc ch\u00e2n d\u1ed3n vang tr\u00ean \u0111\u01b0\u1eddng g\u1eadp gh\u1ec1nh xa<\/span><br \/><span style=\"color: #000000; font-family: helvetica, arial, sans-serif; font-size: 100%;\">C\u1edd in m\u00e1u chi\u1ebfn th\u1eafng mang h\u1ed3n n\u01b0\u1edbc<\/span><br \/><span style=\"color: #000000; font-family: helvetica, arial, sans-serif; font-size: 100%;\">S\u00fang ngo\u00e0i xa chen kh\u00fac qu\u00e2n h\u00e0nh ca<\/span><\/p>\n<p style=\"text-align: justify;\"><span style=\"color: #000000; font-family: helvetica, arial, sans-serif; font-size: 100%;\">\u0110\u01b0\u1eddng vinh quang x\u00e2y x\u00e1c qu\u00e2n th\u00f9<\/span><br \/><span style=\"color: #000000; font-family: helvetica, arial, sans-serif; font-size: 100%;\">Th\u1eafng gian lao c\u00f9ng l\u1eadp chi\u1ebfn khu<\/span><br \/><span style=\"color: #000000; font-family: helvetica, arial, sans-serif; font-size: 100%;\">V\u00ec nh\u00e2n d\u00e2n chi\u1ebfn \u0111\u1ea5u kh\u00f4ng ng\u1eebng<\/span><br \/><span style=\"color: #000000; font-family: helvetica, arial, sans-serif; font-size: 100%;\">Ti\u1ebfn mau ra sa tr\u01b0\u1eddng<\/span><br \/><span style=\"color: #000000; font-family: helvetica, arial, sans-serif; font-size: 100%;\">Ti\u1ebfn l\u00ean, c\u00f9ng ti\u1ebfn l\u00ean<\/span><br \/><span style=\"color: #000000; font-family: helvetica, arial, sans-serif; font-size: 100%;\">N\u01b0\u1edbc non Vi\u1ec7t Nam ta v\u1eefng b\u1ec1n<\/span><\/p>\n<p style=\"text-align: justify;\"><span style=\"color: #000000; font-family: helvetica, arial, sans-serif; font-size: 100%;\">\u0110o\u00e0n qu\u00e2n Vi\u1ec7t Nam \u0111i, Sao v\u00e0ng ph\u1ea5p ph\u1edbi<\/span><br \/><span style=\"color: #000000; font-family: helvetica, arial, sans-serif; font-size: 100%;\">D\u1eaft gi\u1ed1ng n\u00f2i qu\u00ea h\u01b0\u01a1ng qua n\u01a1i l\u1ea7m than<\/span><br \/><span style=\"color: #000000; font-family: helvetica, arial, sans-serif; font-size: 100%;\">C\u00f9ng chung s\u1ee9c ph\u1ea5n \u0111\u1ea5u x\u00e2y \u0111\u1eddi m\u1edbi<\/span><br \/><span style=\"color: #000000; font-family: helvetica, arial, sans-serif; font-size: 100%;\">\u0110\u1ee9ng \u0111\u1ec1u l\u00ean g\u00f4ng x\u00edch ta \u0111\u1eadp tan<\/span><\/p>\n<p style=\"text-align: justify;\"><span style=\"color: #000000; font-family: helvetica, arial, sans-serif; font-size: 100%;\">T\u1eeb bao l\u00e2u ta nu\u1ed1t c\u0103m h\u1eddn<\/span><br \/><span style=\"color: #000000; font-family: helvetica, arial, sans-serif; font-size: 100%;\">Quy\u1ebft hy sinh \u0111\u1eddi ta t\u01b0\u01a1i th\u1eafm h\u01a1n<\/span><br \/><span style=\"color: #000000; font-family: helvetica, arial, sans-serif; font-size: 100%;\">V\u00ec nh\u00e2n d\u00e2n chi\u1ebfn \u0111\u1ea5u kh\u00f4ng ng\u1eebng<\/span><br \/><span style=\"color: #000000; font-family: helvetica, arial, sans-serif; font-size: 100%;\">Ti\u1ebfn mau ra sa tr\u01b0\u1eddng<\/span><br \/><span style=\"color: #000000; font-family: helvetica, arial, sans-serif; font-size: 100%;\">Ti\u1ebfn l\u00ean, c\u00f9ng ti\u1ebfn l\u00ean<\/span><br \/><span style=\"font-family: helvetica, arial, sans-serif; font-size: 100%; color: #000000;\">N\u01b0\u1edbc non Vi\u1ec7t Nam ta v\u1eefng b\u1ec1n<\/span><\/p>\n<div class=\"text-center\"><div class=\"is-divider divider clearfix\" style=\"margin-top:30px;margin-bottom:30px;max-width:200px;background-color:rgb(175, 23, 64);\"><\/div><\/div>\n<p style=\"text-align: center;\"><span style=\"color: #000000; font-family: helvetica, arial, sans-serif; font-size: 100%;\"><span style=\"color: #0000ff; font-family: helvetica, arial, sans-serif;\"><span style=\"font-size: 20.16px;\"><b>S\u01a1 l\u01b0\u1ee3c v\u1ec1 t\u00e1c gi\u1ea3 v\u00e0 t\u00e1c ph\u1ea9m<\/b><\/span><\/span><\/span><\/p>\n\t<div class=\"box has-hover   has-hover box-text-bottom\" >\n\n\t\t<div class=\"box-image\" >\n\t\t\t\t\t\t<div class=\"\" >\n\t\t\t\t<img loading=\"lazy\" decoding=\"async\" width=\"425\" height=\"637\" src=\"https:\/\/ludoan125.com\/wp-content\/uploads\/2024\/12\/Nhac-Si-Van-Cao.jpg\" class=\"attachment- size-\" alt=\"\" srcset=\"https:\/\/ludoan125.com\/wp-content\/uploads\/2024\/12\/Nhac-Si-Van-Cao.jpg 425w, https:\/\/ludoan125.com\/wp-content\/uploads\/2024\/12\/Nhac-Si-Van-Cao-200x300.jpg 200w\" sizes=\"auto, (max-width: 425px) 100vw, 425px\" \/>\t\t\t\t\t\t\t\t\t\t\t<\/div>\n\t\t\t\t\t<\/div>\n\n\t\t<div class=\"box-text text-center\" >\n\t\t\t<div class=\"box-text-inner\">\n\t\t\t\t\n<p class=\"LC20lb MBeuO DKV0Md\" style=\"text-align: center;\"><span style=\"font-family: helvetica, arial, sans-serif; font-size: 130%; color: #0000ff;\">Nh\u1ea1c s\u0129 V\u0103n Cao (1923 \u2013 1995)<\/span><\/p>\n\t\t\t<\/div>\n\t\t<\/div>\n\t<\/div>\n\t\n<p style=\"text-align: justify;\"><span style=\"font-family: helvetica, arial, sans-serif; font-size: 105%; color: #000000;\">V\u0103n Cao, t\u00ean \u0111\u1ea7y \u0111\u1ee7 l\u00e0 Nguy\u1ec5n V\u0103n Cao, sinh ng\u00e0y 15 th\u00e1ng 11 n\u0103m 1923 \u2013 m\u1ea5t ng\u00e0y 10 th\u00e1ng 7 n\u0103m 1995, l\u00e0 m\u1ed9t nh\u1ea1c s\u0129, h\u1ecda s\u0129, thi s\u0129, chi\u1ebfn s\u0129 bi\u1ec7t \u0111\u1ed9ng \u00e1i qu\u1ed1c. \u00d4ng l\u00e0 t\u00e1c gi\u1ea3 c\u1ee7a ca kh\u00fac Ti\u1ebfn qu\u00e2n ca, qu\u1ed1c ca ch\u00ednh th\u1ee9c c\u1ee7a n\u01b0\u1edbc Vi\u1ec7t Nam D\u00e2n ch\u1ee7 C\u1ed9ng h\u00f2a (nay l\u00e0 C\u1ed9ng h\u00f2a x\u00e3 h\u1ed9i ch\u1ee7 ngh\u0129a Vi\u1ec7t Nam), \u0111\u1ed3ng th\u1eddi \u00f4ng c\u0169ng l\u00e0 m\u1ed9t trong nh\u1eefng nh\u1ea1c s\u0129 c\u00f3 s\u1ee9c \u1ea3nh h\u01b0\u1edfng l\u1edbn nh\u1ea5t c\u1ee7a n\u1ec1n T\u00e2n nh\u1ea1c Vi\u1ec7t Nam. \u00d4ng \u0111\u01b0\u1ee3c gi\u1edbi chuy\u00ean m\u00f4n v\u00e0 c\u00f4ng ch\u00fang y\u00eau nh\u1ea1c \u0111\u00e1nh gi\u00e1 m\u1ed9t c\u00e1ch r\u1ed9ng r\u00e3i l\u00e0 m\u1ed9t trong ba nh\u1ea1c s\u0129 n\u1ed5i b\u1eadt nh\u1ea5t c\u1ee7a n\u1ec1n \u00e2m nh\u1ea1c hi\u1ec7n \u0111\u1ea1i Vi\u1ec7t Nam trong th\u1ebf k\u1ef7 XX, c\u00f9ng v\u1edbi Ph\u1ea1m Duy v\u00e0 Tr\u1ecbnh C\u00f4ng S\u01a1n.<\/span><\/p>\n<p style=\"text-align: justify;\"><span style=\"font-family: helvetica, arial, sans-serif; font-size: 105%; color: #000000;\">Thu\u1ed9c th\u1ebf h\u1ec7 nh\u1ea1c s\u0129 ti\u00ean phong, V\u0103n Cao tham gia nh\u00f3m \u0110\u1ed3ng V\u1ecdng, s\u00e1ng t\u00e1c c\u00e1c ca kh\u00fac tr\u1eef t\u00ecnh l\u00e3ng m\u1ea1n, \u0111\u00e1ng ch\u00fa nh\u1ea5t l\u00e0 B\u1ebfn xu\u00e2n, Su\u1ed1i m\u01a1, Thi\u00ean Thai v\u00e0 Tr\u01b0\u01a1ng Chi. \u00d4ng nhanh ch\u00f3ng tr\u1edf th\u00e0nh m\u1ed9t trong nh\u1eefng g\u01b0\u01a1ng m\u1eb7t ti\u00ean phong, n\u1ed5i b\u1eadt nh\u1ea5t c\u1ee7a tr\u00e0o l\u01b0u l\u00e3ng m\u1ea1n trong l\u1ecbch s\u1eed \u00e2m nh\u1ea1c Vi\u1ec7t Nam, \u0111\u1eb7c bi\u1ec7t l\u00e0 \u0111\u1ec3 l\u1ea1i nh\u1eefng d\u1ea5u \u1ea5n mang t\u00ednh khai ph\u00e1 c\u1ee7a \u00f4ng trong t\u00e2n nh\u1ea1c Vi\u1ec7t. Sau khi gia nh\u1eadp Vi\u1ec7t Minh, V\u0103n Cao ch\u1ee7 y\u1ebfu vi\u1ebft v\u1ec1 nhi\u1ec1u ca kh\u00fac mang \u00e2m h\u01b0\u1edfng h\u00e0o h\u00f9ng nh\u01b0 Ti\u1ebfn qu\u00e2n ca, Tr\u01b0\u1eddng ca S\u00f4ng L\u00f4, Ti\u1ebfn v\u1ec1 H\u00e0 N\u1ed9i,&#8230; v\u00ec v\u1eady \u00f4ng \u0111\u00e3 tr\u1edf th\u00e0nh m\u1ed9t nh\u1ea1c s\u0129 ti\u00eau bi\u1ec3u c\u1ee7a d\u00f2ng nh\u1ea1c kh\u00e1ng chi\u1ebfn.<\/span><\/p>\n<p style=\"text-align: justify;\"><span style=\"font-family: helvetica, arial, sans-serif; font-size: 105%; color: #000000;\">\u0110\u1ebfn cu\u1ed1i n\u0103m 1975, V\u0103n Cao vi\u1ebft ca kh\u00fac M\u00f9a Xu\u00e2n \u0110\u1ea7u Ti\u00ean, l\u00e0 b\u00e0i h\u00e1t tr\u1eef t\u00ecnh \u0111\u1ea7u ti\u00ean sau g\u1ea7n 30 n\u0103m, v\u00e0 c\u0169ng l\u00e0 b\u00e0i h\u00e1t cu\u1ed1i c\u00f9ng \u0111\u01b0\u1ee3c c\u00f4ng ch\u00fang bi\u1ebft \u0111\u1ebfn. Nh\u01b0ng ca kh\u00fac n\u00e0y b\u1ecb ph\u00ea b\u00ecnh v\u00ec kh\u00f4ng \u0111\u00fang v\u1edbi ch\u1ee7 tr\u01b0\u01a1ng v\u0103n ho\u00e1 th\u1eddi \u0111i\u1ec3m \u0111\u00f3. Cho \u0111\u1ebfn cu\u1ed1i th\u1eadp ni\u00ean 1980, nh\u1edd ch\u00ednh s\u00e1ch \u0110\u1ed5i M\u1edbi c\u1ee7a T\u1ed5ng b\u00ed th\u01b0 Nguy\u1ec5n V\u0103n Linh, c\u00e1c t\u00e1c ph\u1ea9m c\u1ee7a V\u0103n Cao c\u00f9ng nh\u1eefng nh\u1ea1c s\u0129 ti\u1ec1n chi\u1ebfn kh\u00e1c \u0111\u01b0\u1ee3c bi\u1ec3u di\u1ec5n tr\u1edf l\u1ea1i.` N\u0103m 1996, m\u1ed9t n\u0103m sau khi m\u1ea5t, V\u0103n Cao \u0111\u01b0\u1ee3c t\u1eb7ng Gi\u1ea3i th\u01b0\u1edfng H\u1ed3 Ch\u00ed Minh trong \u0111\u1ee3t trao gi\u1ea3i \u0111\u1ea7u ti\u00ean. \u00d4ng c\u0169ng \u0111\u00e3 \u0111\u01b0\u1ee3c Nh\u00e0 n\u01b0\u1edbc Vi\u1ec7t Nam trao t\u1eb7ng Hu\u00e2n ch\u01b0\u01a1ng Kh\u00e1ng chi\u1ebfn h\u1ea1ng nh\u1ea5t, Hu\u00e2n ch\u01b0\u01a1ng \u0110\u1ed9c l\u1eadp h\u1ea1ng ba, Hu\u00e2n ch\u01b0\u01a1ng \u0110\u1ed9c l\u1eadp h\u1ea1ng nh\u1ea5t, Hu\u00e2n ch\u01b0\u01a1ng H\u1ed3 Ch\u00ed Minh.<\/span><\/p>\n<p style=\"text-align: justify;\"><span style=\"font-family: helvetica, arial, sans-serif; font-size: 105%; color: #000000;\">&#8220;Ti\u1ebfn qu\u00e2n ca&#8221; l\u00e0 Qu\u1ed1c ca N\u01b0\u1edbc C\u1ed9ng h\u00f2a x\u00e3 h\u1ed9i ch\u1ee7 ngh\u0129a Vi\u1ec7t Nam, do nh\u1ea1c s\u0129 V\u0103n Cao (1923\u20131995) s\u00e1ng t\u00e1c v\u00e0o n\u0103m 1944 Ng\u00e0y 13 th\u00e1ng 8 n\u0103m 1945, Ch\u1ee7 t\u1ecbch H\u1ed3 Ch\u00ed Minh \u0111\u00e3 ch\u00ednh th\u1ee9c duy\u1ec7t Ti\u1ebfn qu\u00e2n ca l\u00e0m qu\u1ed1c ca c\u1ee7a n\u01b0\u1edbc Vi\u1ec7t Nam D\u00e2n ch\u1ee7 C\u1ed9ng h\u00f2a. Ng\u00e0y 17 th\u00e1ng 8 n\u0103m 1945, trong cu\u1ed9c m\u00edt tinh c\u1ee7a nh\u00e2n d\u00e2n H\u00e0 N\u1ed9i tr\u01b0\u1edbc Nh\u00e0 h\u00e1t l\u1edbn, b\u00e0i Ti\u1ebfn qu\u00e2n ca \u0111\u00e3 \u0111\u01b0\u1ee3c c\u1ea5t l\u00ean l\u1ea7n \u0111\u1ea7u ti\u00ean tr\u01b0\u1edbc \u0111\u00f4ng \u0111\u1ea3o d\u00e2n ch\u00fang.<\/span><\/p>\n<p style=\"text-align: justify;\"><span style=\"font-family: helvetica, arial, sans-serif; font-size: 105%; color: #000000;\">Ng\u00e0y 2 th\u00e1ng 9 n\u0103m 1945, Ti\u1ebfn qu\u00e2n ca ch\u00ednh th\u1ee9c \u0111\u01b0\u1ee3c c\u1eed h\u00e0nh trong ng\u00e0y Tuy\u00ean ng\u00f4n \u0111\u1ed9c l\u1eadp t\u1ea1i Qu\u1ea3ng tr\u01b0\u1eddng Ba \u0110\u00ecnh N\u0103m 1946, Qu\u1ed1c h\u1ed9i kh\u00f3a I \u0111\u00e3 quy\u1ebft \u0111\u1ecbnh ch\u1ecdn Ti\u1ebfn qu\u00e2n ca l\u00e0m qu\u1ed1c ca.<\/span><\/p>\n<p style=\"text-align: justify;\"><span style=\"font-family: helvetica, arial, sans-serif; font-size: 105%; color: #000000;\">Trong b\u1ea3n Hi\u1ebfn ph\u00e1p \u0111\u1ea7u ti\u00ean c\u1ee7a n\u01b0\u1edbc Vi\u1ec7t Nam, t\u1ea1i \u0111i\u1ec1u 3 ghi r\u00f5: &#8220;Qu\u1ed1c ca l\u00e0 b\u00e0i Ti\u1ebfn qu\u00e2n ca&#8221;. Ng\u00e0y 2 th\u00e1ng 7 n\u0103m 1976, t\u1ea1i K\u1ef3 h\u1ecdp th\u1ee9 nh\u1ea5t c\u1ee7a Qu\u1ed1c h\u1ed9i kh\u00f3a VI, Qu\u1ed1c h\u1ed9i ban h\u00e0nh ngh\u1ecb quy\u1ebft v\u1ec1 t\u00ean n\u01b0\u1edbc, qu\u1ed1c kz, qu\u1ed1c huy, th\u1ee7 \u0111\u00f4, qu\u1ed1c ca. C\u1ee5 th\u1ec3: l\u1ea5y t\u00ean l\u00e0 n\u01b0\u1edbc l\u00e0 C\u1ed9ng h\u00f2a x\u00e3 h\u1ed9i ch\u1ee7 ngh\u0129a Vi\u1ec7t Nam; Qu\u1ed1c k\u1ef3 n\u1ec1n \u0111\u1ecf, \u1edf gi\u1eefa c\u00f3 ng\u00f4i sao v\u00e0ng 5 c\u00e1nh; Qu\u1ed1c huy h\u00ecnh tr\u00f2n, n\u1ec1n \u0111\u1ecf, \u1edf gi\u1eefa c\u00f3 ng\u00f4i sao v\u00e0ng 5 c\u00e1nh, xung quanh c\u00f3 b\u00f4ng l\u00faa, \u1edf d\u01b0\u1edbi c\u00f3 n\u1eeda b\u00e1nh xe r\u0103ng c\u01b0a v\u00e0 d\u00f2ng ch\u1eef \u201cC\u1ed9ng h\u00f2a x\u00e3 h\u1ed9i ch\u1ee7 ngh\u0129a Vi\u1ec7t Nam\u201d; Th\u1ee7 \u0111\u00f4 H\u00e0 N\u1ed9i; Qu\u1ed1c ca l\u00e0 b\u00e0i \u201cTi\u1ebfn qu\u00e2n ca\u201d. Ng\u00e0y 21 th\u00e1ng 6 n\u0103m 2010, C\u1ee5c b\u1ea3n quy\u1ec1n t\u00e1c gi\u1ea3 nh\u1eadn \u0111\u01b0\u1ee3c th\u01b0 ng\u1ecf l\u1eddi \u0111\u01b0\u1ee3c hi\u1ebfn t\u1eb7ng t\u00e1c ph\u1ea9m \u201cTi\u1ebfn Qu\u00e2n Ca\u201d c\u1ee7a b\u00e0 Nghi\u00eam Thu B\u0103ng, v\u1ee3 c\u1ed1 nh\u1ea1c s\u0129 V\u0103n Cao tr\u00e2n tr\u1ecdng ng\u1ecf l\u1eddi hi\u1ebfn t\u1eb7ng \u0110\u1ea3ng, Qu\u1ed1c h\u1ed9i, Nh\u00e0 n\u01b0\u1edbc v\u00e0 nh\u00e2n d\u00e2n Vi\u1ec7t Nam t\u00e1c ph\u1ea9m \u201cTi\u1ebfn Qu\u00e2n Ca\u201d \u0111\u01b0\u1ee3c s\u1eed d\u1ee5ng l\u00e0m Qu\u1ed1c ca n\u01b0\u1edbc C\u1ed9ng ho\u00e0 x\u00e3 h\u1ed9i ch\u1ee7 ngh\u0129a Vi\u1ec7t Nam t\u1eeb 1946 \u0111\u1ebfn nay.<br \/><\/span><\/p>\n<p style=\"text-align: right;\"><span style=\"font-size: 95%; font-family: helvetica, arial, sans-serif; color: #0000ff;\"><em>S\u01b0u t\u1ea7m v\u00e0 bi\u00ean t\u1eadp: Ph\u1ea1m S\u01a1n H\u1ea3i &#8211; CT23.<\/em><\/span><\/p>\n","protected":false},"excerpt":{"rendered":"<p>B\u00e0i h\u00e1t: Ti\u1ebfn qu\u00e2n ca \u00a0 L\u1eddi b\u00e0i h\u00e1t: Ti\u1ebfn qu\u00e2n ca Nh\u1ea1c v\u00e0 l\u1eddi: V\u0103n Cao \u0110o\u00e0n qu\u00e2n Vi\u1ec7t Nam \u0111i, chung l\u00f2ng c\u1ee9u qu\u1ed1cB\u01b0\u1edbc ch\u00e2n d\u1ed3n vang tr\u00ean \u0111\u01b0\u1eddng g\u1eadp gh\u1ec1nh xaC\u1edd in m\u00e1u chi\u1ebfn th\u1eafng mang h\u1ed3n n\u01b0\u1edbcS\u00fang ngo\u00e0i xa chen kh\u00fac qu\u00e2n h\u00e0nh ca \u0110\u01b0\u1eddng vinh quang x\u00e2y x\u00e1c qu\u00e2n th\u00f9Th\u1eafng [&#8230;]\n","protected":false},"author":1,"featured_media":0,"parent":847,"menu_order":0,"comment_status":"closed","ping_status":"closed","template":"","meta":{"footnotes":""},"class_list":["post-917","page","type-page","status-publish","hentry"],"_links":{"self":[{"href":"https:\/\/ludoan125.com\/index.php\/wp-json\/wp\/v2\/pages\/917","targetHints":{"allow":["GET"]}}],"collection":[{"href":"https:\/\/ludoan125.com\/index.php\/wp-json\/wp\/v2\/pages"}],"about":[{"href":"https:\/\/ludoan125.com\/index.php\/wp-json\/wp\/v2\/types\/page"}],"author":[{"embeddable":true,"href":"https:\/\/ludoan125.com\/index.php\/wp-json\/wp\/v2\/users\/1"}],"replies":[{"embeddable":true,"href":"https:\/\/ludoan125.com\/index.php\/wp-json\/wp\/v2\/comments?post=917"}],"version-history":[{"count":29,"href":"https:\/\/ludoan125.com\/index.php\/wp-json\/wp\/v2\/pages\/917\/revisions"}],"predecessor-version":[{"id":1520,"href":"https:\/\/ludoan125.com\/index.php\/wp-json\/wp\/v2\/pages\/917\/revisions\/1520"}],"up":[{"embeddable":true,"href":"https:\/\/ludoan125.com\/index.php\/wp-json\/wp\/v2\/pages\/847"}],"wp:attachment":[{"href":"https:\/\/ludoan125.com\/index.php\/wp-json\/wp\/v2\/media?parent=917"}],"curies":[{"name":"wp","href":"https:\/\/api.w.org\/{rel}","templated":true}]}}