{"id":847,"date":"2024-12-02T12:46:17","date_gmt":"2024-12-02T12:46:17","guid":{"rendered":"https:\/\/ludoan125.com\/?page_id=847"},"modified":"2024-12-25T16:48:42","modified_gmt":"2024-12-25T16:48:42","slug":"15-bai-hat-quy-dinh-trong-quan-doi","status":"publish","type":"page","link":"https:\/\/ludoan125.com\/index.php\/trang-chu\/van-hoa-co-so\/3-van-hoa-van-nghe\/15-bai-hat-quy-dinh-trong-quan-doi\/","title":{"rendered":"15 b\u00e0i h\u00e1t quy \u0111\u1ecbnh trong qu\u00e2n \u0111\u1ed9i"},"content":{"rendered":"<p style=\"text-align: center;\"><span style=\"font-size: 140%; color: #0000ff;\"><strong><span style=\"font-family: helvetica, arial, sans-serif;\">15 b\u00e0i h\u00e1t quy \u0111\u1ecbnh trong qu\u00e2n \u0111\u1ed9i<\/span><\/strong><\/span><\/p>\n<div class=\"text-center\"><div class=\"is-divider divider clearfix\" style=\"margin-top:30px;margin-bottom:30px;max-width:200px;background-color:rgb(175, 23, 64);\"><\/div><\/div>\n<div class=\"row\"  id=\"row-186345851\">\n\n\t<div id=\"col-1398627135\" class=\"col small-12 large-12\"  >\n\t\t\t\t<div class=\"col-inner text-center\" style=\"background-color:rgb(204, 43, 82);\" >\n\t\t\t\n\t\t\t\n<p class=\"wp-block-heading\" style=\"text-align: center;\"><a href=\"https:\/\/ludoan125.com\/index.php\/trang-chu\/van-hoa-co-so\/3-bang-ron-khau-hieu-truyen-truyen\/15-bai-hat-quy-dinh-trong-quan-doi\/1-quoc-te-ca\/\"><span style=\"font-family: helvetica, arial, sans-serif; font-size: 140%; color: #ffffff;\"><strong>Qu\u1ed1c t\u1ebf ca<\/strong><\/span><\/a><\/p>\n\t\t<\/div>\n\t\t\t\t\n<style>\n#col-1398627135 > .col-inner {\n  padding: 20px 0px 5px 0px;\n  border-radius: 10px;\n}\n<\/style>\n\t<\/div>\n\n\t\n<\/div>\n<div class=\"row\"  id=\"row-693142311\">\n\n\t<div id=\"col-828686901\" class=\"col small-12 large-12\"  >\n\t\t\t\t<div class=\"col-inner text-center\" style=\"background-color:rgb(231, 64, 56);\" >\n\t\t\t\n\t\t\t\n<p class=\"wp-block-heading\" style=\"text-align: center;\"><a href=\"https:\/\/ludoan125.com\/index.php\/trang-chu\/van-hoa-co-so\/3-bang-ron-khau-hieu-truyen-truyen\/15-bai-hat-quy-dinh-trong-quan-doi\/2-tien-quan-ca\/\"><span style=\"font-family: helvetica, arial, sans-serif; font-size: 140%; color: #ffffff;\"><strong>Ti\u1ebfn qu\u00e2n ca<\/strong><\/span><\/a><\/p>\n\t\t<\/div>\n\t\t\t\t\n<style>\n#col-828686901 > .col-inner {\n  padding: 20px 0px 5px 0px;\n  border-radius: 10px;\n}\n<\/style>\n\t<\/div>\n\n\t\n<\/div>\n<div class=\"row\"  id=\"row-1221318732\">\n\n\t<div id=\"col-157475523\" class=\"col small-12 large-12\"  >\n\t\t\t\t<div class=\"col-inner text-center\" style=\"background-color:rgb(120, 32, 110);\" >\n\t\t\t\n\t\t\t\n<p class=\"wp-block-heading\" style=\"text-align: center;\"><a href=\"https:\/\/ludoan125.com\/index.php\/trang-chu\/van-hoa-co-so\/3-bang-ron-khau-hieu-truyen-truyen\/15-bai-hat-quy-dinh-trong-quan-doi\/3-ca-ngoi-ho-chu-tich\/\"><span style=\"font-family: helvetica, arial, sans-serif; font-size: 140%; color: #ffffff;\"><strong>Ca ng\u1ee3i H\u1ed3 Ch\u1ee7 t\u1ecbch<\/strong><\/span><\/a><\/p>\n\t\t<\/div>\n\t\t\t\t\n<style>\n#col-157475523 > .col-inner {\n  padding: 20px 0px 5px 0px;\n  border-radius: 10px;\n}\n<\/style>\n\t<\/div>\n\n\t\n<\/div>\n<div class=\"row\"  id=\"row-636647759\">\n\n\t<div id=\"col-18864719\" class=\"col small-12 large-12\"  >\n\t\t\t\t<div class=\"col-inner text-center\" style=\"background-color:#181b1f;\" >\n\t\t\t\n\t\t\t\n<p class=\"wp-block-heading\" style=\"text-align: center;\"><a href=\"https:\/\/ludoan125.com\/index.php\/trang-chu\/van-hoa-co-so\/3-bang-ron-khau-hieu-truyen-truyen\/15-bai-hat-quy-dinh-trong-quan-doi\/bai-hat-chao-mung-dang-cong-san-viet-nam\/\"><span style=\"font-size: 120%; color: #ffffff;\"><strong><span style=\"font-family: helvetica, arial, sans-serif;\">Ch\u00e0o m\u1eebng \u0110\u1ea3ng c\u1ed9ng s\u1ea3n Vi\u1ec7t Nam<\/span><\/strong><\/span><\/a><\/p>\n\t\t<\/div>\n\t\t\t\t\n<style>\n#col-18864719 > .col-inner {\n  padding: 20px 0px 5px 0px;\n  border-radius: 10px;\n}\n<\/style>\n\t<\/div>\n\n\t\n<\/div>\n<div class=\"row\"  id=\"row-1176886732\">\n\n\t<div id=\"col-728530570\" class=\"col small-12 large-12\"  >\n\t\t\t\t<div class=\"col-inner text-center\" style=\"background-color:rgb(204, 43, 82);\" >\n\t\t\t\n\t\t\t\n<p class=\"wp-block-heading\" style=\"text-align: center;\"><a href=\"https:\/\/ludoan125.com\/index.php\/trang-chu\/van-hoa-co-so\/3-bang-ron-khau-hieu-truyen-truyen\/15-bai-hat-quy-dinh-trong-quan-doi\/bai-hat-vi-nhan-dan-quen-minh\/\"><span style=\"font-size: 140%; color: #ffffff;\"><strong>V\u00ec Nh\u00e2n d\u00e2n qu\u00ean m\u00ecnh<\/strong><\/span><\/a><\/p>\n\t\t<\/div>\n\t\t\t\t\n<style>\n#col-728530570 > .col-inner {\n  padding: 20px 0px 5px 0px;\n  border-radius: 10px;\n}\n<\/style>\n\t<\/div>\n\n\t\n<\/div>\n<div class=\"row\"  id=\"row-1258256878\">\n\n\t<div id=\"col-298669012\" class=\"col small-12 large-12\"  >\n\t\t\t\t<div class=\"col-inner text-center\" style=\"background-color:#e74038;\" >\n\t\t\t\n\t\t\t\n<p class=\"wp-block-heading\" style=\"text-align: center;\"><a href=\"https:\/\/ludoan125.com\/index.php\/trang-chu\/van-hoa-co-so\/3-bang-ron-khau-hieu-truyen-truyen\/15-bai-hat-quy-dinh-trong-quan-doi\/bai-hat-giai-phong-dien-bien\/\"><span style=\"font-size: 140%; color: #ffffff;\"><strong>Gi\u1ea3i ph\u00f3ng \u0110i\u1ec7n Bi\u00ean<\/strong><\/span><\/a><\/p>\n\t\t<\/div>\n\t\t\t\t\n<style>\n#col-298669012 > .col-inner {\n  padding: 20px 0px 5px 0px;\n  border-radius: 10px;\n}\n<\/style>\n\t<\/div>\n\n\t\n<\/div>\n<div class=\"row\"  id=\"row-782007023\">\n\n\t<div id=\"col-486367607\" class=\"col small-12 large-12\"  >\n\t\t\t\t<div class=\"col-inner text-center\" style=\"background-color:#78206e;\" >\n\t\t\t\n\t\t\t\n<p class=\"wp-block-heading\" style=\"text-align: center;\"><a href=\"https:\/\/ludoan125.com\/index.php\/trang-chu\/van-hoa-co-so\/3-bang-ron-khau-hieu-truyen-truyen\/15-bai-hat-quy-dinh-trong-quan-doi\/bai-hat-tien-buoc-duoi-quan-ky\/\"><span style=\"font-size: 140%; color: #ffffff;\"><strong>Ti\u1ebfn b\u01b0\u1edbc d\u01b0\u1edbi qu\u00e2n k\u1ef3<\/strong><\/span><\/a><\/p>\n\t\t<\/div>\n\t\t\t\t\n<style>\n#col-486367607 > .col-inner {\n  padding: 20px 0px 5px 0px;\n  border-radius: 10px;\n}\n<\/style>\n\t<\/div>\n\n\t\n<\/div>\n<div class=\"row\"  id=\"row-1417080887\">\n\n\t<div id=\"col-750289422\" class=\"col small-12 large-12\"  >\n\t\t\t\t<div class=\"col-inner text-center\" style=\"background-color:#181b1f;\" >\n\t\t\t\n\t\t\t\n<p class=\"wp-block-heading\" style=\"text-align: center;\"><a href=\"https:\/\/ludoan125.com\/index.php\/trang-chu\/van-hoa-co-so\/3-bang-ron-khau-hieu-truyen-truyen\/15-bai-hat-quy-dinh-trong-quan-doi\/bai-hat-bac-dang-cung-chung-chau-hanh-quan\/\"><span style=\"font-size: 120%; color: #ffffff;\"><strong>B\u00e1c \u0111ang c\u00f9ng ch\u00fang ch\u00e1u h\u00e0nh qu\u00e2n<\/strong><\/span><\/a><\/p>\n\t\t<\/div>\n\t\t\t\t\n<style>\n#col-750289422 > .col-inner {\n  padding: 20px 0px 5px 0px;\n  border-radius: 10px;\n}\n<\/style>\n\t<\/div>\n\n\t\n<\/div>\n<div class=\"row\"  id=\"row-1981231006\">\n\n\t<div id=\"col-1092334085\" class=\"col small-12 large-12\"  >\n\t\t\t\t<div class=\"col-inner text-center\" style=\"background-color:rgb(204, 43, 82);\" >\n\t\t\t\n\t\t\t\n<p class=\"wp-block-heading\" style=\"text-align: center;\"><a href=\"https:\/\/ludoan125.com\/index.php\/trang-chu\/van-hoa-co-so\/3-bang-ron-khau-hieu-truyen-truyen\/15-bai-hat-quy-dinh-trong-quan-doi\/bai-hat-thanh-nien-lam-theo-loi-bac\/\"><span style=\"font-size: 130%; color: #ffffff;\"><strong>Thanh ni\u00ean l\u00e0m theo l\u1eddi B\u00e1c<\/strong><\/span><\/a><\/p>\n\t\t<\/div>\n\t\t\t\t\n<style>\n#col-1092334085 > .col-inner {\n  padding: 20px 0px 5px 0px;\n  border-radius: 10px;\n}\n<\/style>\n\t<\/div>\n\n\t\n<\/div>\n<div class=\"row\"  id=\"row-65902045\">\n\n\t<div id=\"col-1666501252\" class=\"col small-12 large-12\"  >\n\t\t\t\t<div class=\"col-inner text-center\" style=\"background-color:#e74038;\" >\n\t\t\t\n\t\t\t\n<p class=\"wp-block-heading\" style=\"text-align: center;\"><a href=\"https:\/\/ludoan125.com\/index.php\/trang-chu\/van-hoa-co-so\/3-bang-ron-khau-hieu-truyen-truyen\/15-bai-hat-quy-dinh-trong-quan-doi\/bai-hat-hat-mai-khuc-quan-hanh\/\"><span style=\"font-size: 140%; color: #ffffff;\"><strong>H\u00e1t m\u00e3i kh\u00fac qu\u00e2n h\u00e0nh<\/strong><\/span><\/a><\/p>\n\t\t<\/div>\n\t\t\t\t\n<style>\n#col-1666501252 > .col-inner {\n  padding: 20px 0px 5px 0px;\n  border-radius: 10px;\n}\n<\/style>\n\t<\/div>\n\n\t\n<\/div>\n<div class=\"row\"  id=\"row-1610113887\">\n\n\t<div id=\"col-1771380097\" class=\"col small-12 large-12\"  >\n\t\t\t\t<div class=\"col-inner text-center\" style=\"background-color:#78206e;\" >\n\t\t\t\n\t\t\t\n<p class=\"wp-block-heading\" style=\"text-align: center;\"><a href=\"https:\/\/ludoan125.com\/index.php\/trang-chu\/van-hoa-co-so\/3-bang-ron-khau-hieu-truyen-truyen\/15-bai-hat-quy-dinh-trong-quan-doi\/bai-hat-nhu-co-bac-trong-ngay-vui-dai-thang\/\"><span style=\"font-size: 120%; color: #ffffff;\"><strong>Nh\u01b0 c\u00f3 B\u00e1c trong ng\u00e0y vui \u0111\u1ea1i th\u1eafng<\/strong><\/span><\/a><\/p>\n\t\t<\/div>\n\t\t\t\t\n<style>\n#col-1771380097 > .col-inner {\n  padding: 20px 0px 5px 0px;\n  border-radius: 10px;\n}\n<\/style>\n\t<\/div>\n\n\t\n<\/div>\n<div class=\"row\"  id=\"row-1533279738\">\n\n\t<div id=\"col-149619910\" class=\"col small-12 large-12\"  >\n\t\t\t\t<div class=\"col-inner text-center\" style=\"background-color:#16191c;\" >\n\t\t\t\n\t\t\t\n<p class=\"wp-block-heading\" style=\"text-align: center;\"><a href=\"https:\/\/ludoan125.com\/index.php\/trang-chu\/van-hoa-co-so\/3-bang-ron-khau-hieu-truyen-truyen\/15-bai-hat-quy-dinh-trong-quan-doi\/bai-hat-trai-tim-chien-si\/\"><span style=\"font-size: 140%; color: #ffffff;\"><strong>Tr\u00e1i tim chi\u1ebfn s\u0129<\/strong><\/span><\/a><\/p>\n\t\t<\/div>\n\t\t\t\t\n<style>\n#col-149619910 > .col-inner {\n  padding: 20px 0px 5px 0px;\n  border-radius: 10px;\n}\n<\/style>\n\t<\/div>\n\n\t\n<\/div>\n<div class=\"row\"  id=\"row-1735719074\">\n\n\t<div id=\"col-656610046\" class=\"col small-12 large-12\"  >\n\t\t\t\t<div class=\"col-inner text-center\" style=\"background-color:rgb(204, 43, 82);\" >\n\t\t\t\n\t\t\t\n<p class=\"wp-block-heading\" style=\"text-align: center;\"><a href=\"https:\/\/ludoan125.com\/index.php\/trang-chu\/van-hoa-co-so\/3-bang-ron-khau-hieu-truyen-truyen\/15-bai-hat-quy-dinh-trong-quan-doi\/bai-hat-cuoc-doi-van-dep-sao\/\"><span style=\"font-size: 140%; color: #ffffff;\"><strong>Cu\u1ed9c \u0111\u1eddi v\u1eabn \u0111\u1eb9p sao<\/strong><\/span><\/a><\/p>\n\t\t<\/div>\n\t\t\t\t\n<style>\n#col-656610046 > .col-inner {\n  padding: 20px 0px 5px 0px;\n  border-radius: 10px;\n}\n<\/style>\n\t<\/div>\n\n\t\n<\/div>\n<div class=\"row\"  id=\"row-2135343054\">\n\n\t<div id=\"col-108035945\" class=\"col small-12 large-12\"  >\n\t\t\t\t<div class=\"col-inner text-center\" style=\"background-color:#e74038;\" >\n\t\t\t\n\t\t\t\n<p class=\"wp-block-heading\" style=\"text-align: center;\"><a href=\"https:\/\/ludoan125.com\/index.php\/trang-chu\/van-hoa-co-so\/3-bang-ron-khau-hieu-truyen-truyen\/15-bai-hat-quy-dinh-trong-quan-doi\/bai-hat-uoc-mo-chien-si\/\"><span style=\"font-size: 140%; color: #ffffff;\"><strong>\u01af\u1edbc m\u01a1 chi\u1ebfn s\u0129<\/strong><\/span><\/a><\/p>\n\t\t<\/div>\n\t\t\t\t\n<style>\n#col-108035945 > .col-inner {\n  padding: 20px 0px 5px 0px;\n  border-radius: 10px;\n}\n<\/style>\n\t<\/div>\n\n\t\n<\/div>\n<div class=\"row\"  id=\"row-842946640\">\n\n\t<div id=\"col-1102077458\" class=\"col small-12 large-12\"  >\n\t\t\t\t<div class=\"col-inner text-center\" style=\"background-color:#78206e;\" >\n\t\t\t\n\t\t\t\n<p class=\"wp-block-heading\" style=\"text-align: center;\"><a href=\"https:\/\/ludoan125.com\/index.php\/trang-chu\/van-hoa-co-so\/3-bang-ron-khau-hieu-truyen-truyen\/15-bai-hat-quy-dinh-trong-quan-doi\/bai-hat-to-quoc-trong-tim\/\"><span style=\"font-size: 140%; font-family: helvetica, arial, sans-serif; color: #ffffff;\"><strong>T\u1ed5 qu\u1ed1c trong tim<\/strong><\/span><\/a><\/p>\n\t\t<\/div>\n\t\t\t\t\n<style>\n#col-1102077458 > .col-inner {\n  padding: 20px 0px 5px 0px;\n  border-radius: 10px;\n}\n<\/style>\n\t<\/div>\n\n\t\n<\/div>\n","protected":false},"excerpt":{"rendered":"<p>15 b\u00e0i h\u00e1t quy \u0111\u1ecbnh trong qu\u00e2n \u0111\u1ed9i<\/p>\n","protected":false},"author":1,"featured_media":0,"parent":1317,"menu_order":0,"comment_status":"closed","ping_status":"closed","template":"","meta":{"footnotes":""},"class_list":["post-847","page","type-page","status-publish","hentry"],"_links":{"self":[{"href":"https:\/\/ludoan125.com\/index.php\/wp-json\/wp\/v2\/pages\/847","targetHints":{"allow":["GET"]}}],"collection":[{"href":"https:\/\/ludoan125.com\/index.php\/wp-json\/wp\/v2\/pages"}],"about":[{"href":"https:\/\/ludoan125.com\/index.php\/wp-json\/wp\/v2\/types\/page"}],"author":[{"embeddable":true,"href":"https:\/\/ludoan125.com\/index.php\/wp-json\/wp\/v2\/users\/1"}],"replies":[{"embeddable":true,"href":"https:\/\/ludoan125.com\/index.php\/wp-json\/wp\/v2\/comments?post=847"}],"version-history":[{"count":37,"href":"https:\/\/ludoan125.com\/index.php\/wp-json\/wp\/v2\/pages\/847\/revisions"}],"predecessor-version":[{"id":1498,"href":"https:\/\/ludoan125.com\/index.php\/wp-json\/wp\/v2\/pages\/847\/revisions\/1498"}],"up":[{"embeddable":true,"href":"https:\/\/ludoan125.com\/index.php\/wp-json\/wp\/v2\/pages\/1317"}],"wp:attachment":[{"href":"https:\/\/ludoan125.com\/index.php\/wp-json\/wp\/v2\/media?parent=847"}],"curies":[{"name":"wp","href":"https:\/\/api.w.org\/{rel}","templated":true}]}}