{"id":620,"date":"2024-11-24T07:59:18","date_gmt":"2024-11-24T07:59:18","guid":{"rendered":"https:\/\/ludoan125.com\/?page_id=620"},"modified":"2024-12-08T08:45:33","modified_gmt":"2024-12-08T08:45:33","slug":"cuoc-thi-tim-hieu-truc-tuyen-do-cap-tren-to-chuc","status":"publish","type":"page","link":"https:\/\/ludoan125.com\/index.php\/trang-chu\/tuyen-truyen-co-dong\/2-cuoc-thi-truc-tuyen-do-lu-doan-hoac-cap-tren-to-chuc\/cuoc-thi-tim-hieu-truc-tuyen-do-cap-tren-to-chuc\/","title":{"rendered":"Cu\u1ed9c thi t\u00ecm hi\u1ec3u tr\u1ef1c tuy\u1ebfn do c\u1ea5p tr\u00ean t\u1ed5 ch\u1ee9c"},"content":{"rendered":"<p style=\"text-align: center;\"><span style=\"font-family: helvetica, arial, sans-serif; font-size: 150%; color: #0000ff;\"><strong>Cu\u1ed9c thi t\u00ecm hi\u1ec3u tr\u1ef1c tuy\u1ebfn <br \/>do c\u1ea5p tr\u00ean t\u1ed5 ch\u1ee9c<\/strong><\/span><\/p>\n<div class=\"text-center\"><div class=\"is-divider divider clearfix\" style=\"margin-top:30px;margin-bottom:30px;max-width:200px;background-color:rgb(175, 23, 64);\"><\/div><\/div>\n<p style=\"text-align: center;\"><span style=\"font-family: helvetica, arial, sans-serif; font-size: 110%; color: #0000ff;\">\u0110\u1ec3 tham gia cu\u1ed9c thi tr\u1ef1c tuy\u1ebfn: &#8220;Qu\u00e2n \u0111\u1ed9i nh\u00e2n d\u00e2n Vi\u1ec7t Nam &#8211; 80 n\u0103m x\u00e2y d\u1ef1ng, chi\u1ebfn \u0111\u1ea5u v\u00e0 tr\u01b0\u1edfng th\u00e0nh&#8221;, m\u1eddi c\u00e1c \u0111\u1ed3ng ch\u00ed truy c\u1eadp \u0111\u01b0\u1eddng link b\u00ean d\u01b0\u1edbi:<\/span><\/p>\n\t<section class=\"section\" id=\"section_1315310102\">\n\t\t<div class=\"bg section-bg fill bg-fill  bg-loaded\" >\n\n\t\t\t\n\t\t\t\n\t\t\t\n\n\t\t<\/div>\n\n\t\t\n\n\t\t<div class=\"section-content relative\">\n\t\t\t\n<div class=\"row\"  id=\"row-249909845\">\n\n\t<div id=\"col-171187798\" class=\"col small-12 large-12\"  >\n\t\t\t\t<div class=\"col-inner\" style=\"background-color:rgb(231, 64, 56);\" >\n\t\t\t\n\t\t\t\n<p style=\"text-align: center;\"><strong><a href=\"https:\/\/thitructuyen.baocaovien.vn\/lam-bai-kiem-tra\/cuoc-thi-truc-tuyen-qdnd-viet-nam-80-nam-xay-dung-chien-dau-va-truong-thanh\" target=\"_blank\" rel=\"noopener\"><span style=\"font-family: helvetica, arial, sans-serif; font-size: 150%; color: #ffffff;\">Nh\u1ea5n v\u00e0o \u0111\u00e2y<\/span><\/a><\/strong><\/p>\n\t\t<\/div>\n\t\t\t\t\n<style>\n#col-171187798 > .col-inner {\n  padding: 20px 0px 1px 0px;\n  border-radius: 30px;\n}\n<\/style>\n\t<\/div>\n\n\t\n<\/div>\n\t\t<\/div>\n\n\t\t\n<style>\n#section_1315310102 {\n  padding-top: 0px;\n  padding-bottom: 0px;\n  min-height: 0px;\n}\n<\/style>\n\t<\/section>\n\t\n<p style=\"text-align: center;\"><span style=\"font-family: helvetica, arial, sans-serif; font-size: 110%; color: #0000ff;\">Ho\u1eb7c c\u00f3 th\u1ec3 qu\u00e9t m\u00e3 QR d\u01b0\u1edbi \u0111\u00e2y <br \/>\u0111\u1ec3 tham gia cu\u1ed9c thi<\/span><\/p>\n\t<div class=\"img has-hover x md-x lg-x y md-y lg-y\" id=\"image_1368566032\">\n\t\t\t\t\t\t\t\t<div class=\"img-inner dark\" >\n\t\t\t<img loading=\"lazy\" decoding=\"async\" width=\"300\" height=\"300\" src=\"https:\/\/ludoan125.com\/wp-content\/uploads\/2024\/12\/QR-THI-TRUC-TUYEN.jpg\" class=\"attachment-large size-large\" alt=\"\" srcset=\"https:\/\/ludoan125.com\/wp-content\/uploads\/2024\/12\/QR-THI-TRUC-TUYEN.jpg 300w, https:\/\/ludoan125.com\/wp-content\/uploads\/2024\/12\/QR-THI-TRUC-TUYEN-150x150.jpg 150w\" sizes=\"auto, (max-width: 300px) 100vw, 300px\" \/>\t\t\t\t\t\t\n\t\t\t\t\t<\/div>\n\t\t\t\t\t\t\t\t\n<style>\n#image_1368566032 {\n  width: 100%;\n}\n<\/style>\n\t<\/div>\n\t\n","protected":false},"excerpt":{"rendered":"<p>Cu\u1ed9c thi t\u00ecm hi\u1ec3u tr\u1ef1c tuy\u1ebfn do c\u1ea5p tr\u00ean t\u1ed5 ch\u1ee9c \u0110\u1ec3 tham gia cu\u1ed9c thi tr\u1ef1c tuy\u1ebfn: &#8220;Qu\u00e2n \u0111\u1ed9i nh\u00e2n d\u00e2n Vi\u1ec7t Nam &#8211; 80 n\u0103m x\u00e2y d\u1ef1ng, chi\u1ebfn \u0111\u1ea5u v\u00e0 tr\u01b0\u1edfng th\u00e0nh&#8221;, m\u1eddi c\u00e1c \u0111\u1ed3ng ch\u00ed truy c\u1eadp \u0111\u01b0\u1eddng link b\u00ean d\u01b0\u1edbi: Ho\u1eb7c c\u00f3 th\u1ec3 qu\u00e9t m\u00e3 QR d\u01b0\u1edbi \u0111\u00e2y \u0111\u1ec3 tham gia [&#8230;]\n","protected":false},"author":1,"featured_media":0,"parent":336,"menu_order":0,"comment_status":"closed","ping_status":"closed","template":"","meta":{"footnotes":""},"class_list":["post-620","page","type-page","status-publish","hentry"],"_links":{"self":[{"href":"https:\/\/ludoan125.com\/index.php\/wp-json\/wp\/v2\/pages\/620","targetHints":{"allow":["GET"]}}],"collection":[{"href":"https:\/\/ludoan125.com\/index.php\/wp-json\/wp\/v2\/pages"}],"about":[{"href":"https:\/\/ludoan125.com\/index.php\/wp-json\/wp\/v2\/types\/page"}],"author":[{"embeddable":true,"href":"https:\/\/ludoan125.com\/index.php\/wp-json\/wp\/v2\/users\/1"}],"replies":[{"embeddable":true,"href":"https:\/\/ludoan125.com\/index.php\/wp-json\/wp\/v2\/comments?post=620"}],"version-history":[{"count":13,"href":"https:\/\/ludoan125.com\/index.php\/wp-json\/wp\/v2\/pages\/620\/revisions"}],"predecessor-version":[{"id":1222,"href":"https:\/\/ludoan125.com\/index.php\/wp-json\/wp\/v2\/pages\/620\/revisions\/1222"}],"up":[{"embeddable":true,"href":"https:\/\/ludoan125.com\/index.php\/wp-json\/wp\/v2\/pages\/336"}],"wp:attachment":[{"href":"https:\/\/ludoan125.com\/index.php\/wp-json\/wp\/v2\/media?parent=620"}],"curies":[{"name":"wp","href":"https:\/\/api.w.org\/{rel}","templated":true}]}}