{"id":364,"date":"2024-11-21T15:18:59","date_gmt":"2024-11-21T15:18:59","guid":{"rendered":"https:\/\/ludoan125.com\/?page_id=364"},"modified":"2024-12-26T07:30:42","modified_gmt":"2024-12-26T07:30:42","slug":"3-mot-so-van-ban-lien-quan-den-che-do-chinh-sach-va-quyen-loi-cua-bo-doi","status":"publish","type":"page","link":"https:\/\/ludoan125.com\/index.php\/trang-chu\/thong-tin-huu-ich\/3-mot-so-van-ban-lien-quan-den-che-do-chinh-sach-va-quyen-loi-cua-bo-doi\/","title":{"rendered":"3. H\u01b0\u1edbng d\u1eabn s\u1eed d\u1ee5ng"},"content":{"rendered":"<p style=\"text-align: center;\"><span style=\"font-family: helvetica, arial, sans-serif; font-size: 150%; color: #0000ff;\"><strong>H\u01b0\u1edbng d\u1eabn s\u1eed d\u1ee5ng<br \/><\/strong><\/span><\/p>\n<div class=\"text-center\"><div class=\"is-divider divider clearfix\" style=\"margin-top:30px;margin-bottom:30px;max-width:200px;background-color:rgb(204, 43, 82);\"><\/div><\/div>\n<p style=\"text-align: justify;\"><strong><span style=\"font-family: helvetica, arial, sans-serif; font-size: 105%; color: #000000;\">I. H\u01af\u1edaNG D\u1eaaN TRUY C\u1eacP TRANG TH\u00d4NG TIN \u0110I\u1ec6N T\u1eec<\/span><\/strong><\/p>\n<p style=\"text-align: justify;\"><span style=\"font-family: helvetica, arial, sans-serif; font-size: 105%; color: #000000;\">\u0110\u1ec3 truy c\u1eadp v\u00e0 s\u1eed d\u1ee5ng \u201cTrang th\u00f4ng tin \u0111i\u1ec7n t\u1eed ng\u00e0nh tuy\u00ean hu\u1ea5n\u201d m\u1eddi c\u00e1c \u0111\u1ed3ng ch\u00ed truy c\u1eadp v\u00e0o \u0111\u01b0\u1eddng link: https:\/\/ludoan125.com ho\u1eb7c qu\u00e9t m\u00e3 QR \u0111\u01b0\u1ee3c hi\u1ec3n th\u1ecb \u1edf trung t\u00e2m s\u1ea3n ph\u1ea9m tr\u1ef1c quan \u0111\u1ec3 di chuy\u1ec3n v\u00e0o trang ch\u1ee7 trang th\u00f4ng tin \u0111i\u1ec7n t\u1eed ng\u00e0nh tuy\u00ean hu\u1ea5n c\u1ee7a L\u1eef \u0111o\u00e0n 125 V\u00f9ng 2 H\u1ea3i qu\u00e2n. <\/span><\/p>\n<p style=\"text-align: justify;\"><span style=\"font-family: helvetica, arial, sans-serif; font-size: 105%; color: #000000;\">T\u1eeb trang ch\u1ee7 qu\u00e2n nh\u00e2n truy c\u1eadp c\u00e1c trang th\u00e0nh ph\u1ea7n b\u1eb1ng c\u00e1ch click v\u00e0o c\u00e1c \u0111\u01b0\u1eddng li\u00ean k\u1ebft tr\u1ef1c quan tr\u00ean Website. B\u00ean c\u1ea1nh \u0111\u00f3, Website c\u00f3 h\u1ed7 tr\u1ee3 c\u00e1c ph\u00edm truy c\u1eadp nhanh nh\u01b0 tr\u1edf v\u1ec1 trang ch\u1ee7, tr\u1edf v\u1ec1 \u0111\u1ea7u trang, t\u00ecm ki\u1ebfm nhanh n\u1ed9i dung tr\u00ean trang, truy c\u1eadp nhanh v\u00e0o c\u00e1c th\u00e0nh ph\u1ea7n \u0111\u1ed9c l\u1eadp c\u1ee7a trang m\u00e0 kh\u00f4ng c\u1ea7n tr\u1edf v\u1ec1 trang ch\u1ee7.<\/span><\/p>\n<p style=\"text-align: justify;\"><span style=\"font-family: helvetica, arial, sans-serif; font-size: 105%; color: #000000;\">Qu\u00e2n nh\u00e2n truy c\u1eadp v\u00e0o c\u00e1c trang th\u00e0nh ph\u1ea7n \u0111\u1ec3 t\u00ecm ki\u1ebfm, nghi\u00ean c\u1ee9u, h\u1ecdc t\u1eadp c\u00e1c n\u1ed9i dung c\u1ee5 th\u1ec3 nh\u01b0 sau:<\/span><\/p>\n<p style=\"text-align: justify;\"><strong><span style=\"font-family: helvetica, arial, sans-serif; font-size: 105%; color: #000000;\">II. \u0110\u1ed0I V\u1edaI TRANG GI\u1edaI THI\u1ec6U CHUNG<\/span><\/strong><\/p>\n<p style=\"text-align: justify;\"><span style=\"font-family: helvetica, arial, sans-serif; font-size: 105%; color: #000000;\">Khi truy c\u1eadp v\u00e0o \u0111\u00e2y qu\u00e2n nh\u00e2n s\u1ebd \u0111\u01b0\u1ee3c ti\u1ebfp c\u1eadn v\u1edbi 4 n\u1ed9i dung th\u00f4ng tin g\u1ed3m: L\u1ecbch s\u1eed h\u00ecnh th\u00e0nh v\u00e0 ph\u00e1t tri\u1ec3n c\u1ee7a L\u1eef \u0111o\u00e0n; C\u00e1c \u0111\u01a1n v\u1ecb tr\u1ef1c thu\u1ed9c L\u1eef \u0111o\u00e0n; L\u00e3nh \u0111\u1ea1o hi\u1ec7n nay; C\u00e1c danh hi\u1ec7u cao qu\u00fd L\u1eef \u0111o\u00e0n \u0111\u1ea1t \u0111\u01b0\u1ee3c. <\/span><br \/><span style=\"font-family: helvetica, arial, sans-serif; font-size: 105%; color: #000000;\">Trong \u0111\u00f3 trang l\u00e3nh \u0111\u1ea1o hi\u1ec7n nay gi\u00fap qu\u00e2n nh\u00e2n (nh\u1ea5t l\u00e0 qu\u00e2n nh\u00e2n m\u1edbi v\u1ec1 \u0111\u01a1n v\u1ecb) c\u00f3 th\u1ec3 n\u1eafm \u0111\u01b0\u1ee3c h\u1ecd t\u00ean, c\u1ea5p b\u1eadc, ch\u1ee9c v\u1ee5 v\u00e0 \u1ea3nh ch\u00e2n dung c\u1ee7a Th\u1ee7 tr\u01b0\u1edfng L\u1eef \u0111o\u00e0n. <\/span><\/p>\n<p style=\"text-align: justify;\"><strong><span style=\"font-family: helvetica, arial, sans-serif; font-size: 105%; color: #000000;\">III. \u0110\u1ed0I V\u1edaI TRANG GI\u00c1O D\u1ee4C CH\u00cdNH TR\u1eca<\/span><\/strong><\/p>\n<p style=\"text-align: justify;\"><span style=\"font-family: helvetica, arial, sans-serif; font-size: 105%; color: #000000;\">Khi truy c\u1eadp v\u00e0o \u0111\u00e2y qu\u00e2n nh\u00e2n s\u1ebd \u0111\u01b0\u1ee3c ti\u1ebfp c\u1eadn v\u1edbi 4 n\u1ed9i dung th\u00f4ng tin g\u1ed3m: H\u1ecdc t\u1eadp ch\u00ednh tr\u1ecb; Ph\u1ed5 bi\u1ebfn gi\u00e1o d\u1ee5c ph\u00e1p lu\u1eadt; H\u1ecdc t\u1eadp Ngh\u1ecb quy\u1ebft v\u00e0 n\u1ed9i dung ki\u1ebfn th\u1ee9c th\u01b0\u1eddng tr\u1ef1c n\u0103m 2025. <\/span><\/p>\n<p style=\"text-align: justify;\"><span style=\"font-family: helvetica, arial, sans-serif; font-size: 105%; color: #000000;\">Trong \u0111\u00f3 khi truy c\u1eadp v\u00e0o trang \u201cH\u1ecdc t\u1eadp ch\u00ednh tr\u1ecb\u201d qu\u00e2n nh\u00e2n s\u1ebd \u0111\u01b0\u1ee3c tr\u1ea3i nghi\u1ec7m h\u00ecnh th\u1ee9c ki\u1ec3m tra b\u00e0i c\u0169 tr\u1ef1c tuy\u1ebfn tr\u00ean n\u1ec1n Website Myaloha. \u1ede \u0111\u00e2y qu\u00e2n nh\u00e2n c\u00f2n c\u00f3 th\u1ec3 xem v\u00e0 t\u1ea3i v\u1ec1 t\u00e0i li\u1ec7u h\u1ecdc t\u1eadp ch\u00ednh tr\u1ecb, t\u00e0i li\u1ec7u ng\u00e0y ch\u00ednh tr\u1ecb v\u0103n h\u00f3a tinh th\u1ea7n, t\u00e0i li\u1ec7u sinh ho\u1ea1t ch\u00ednh tr\u1ecb t\u01b0 t\u01b0\u1edfng, n\u1ed9i dung th\u00f4ng b\u00e1o th\u1eddi s\u1ef1 h\u00e0ng tu\u1ea7n v\u00e0 tr\u1ea3i nghi\u1ec7m h\u00ecnh th\u1ee9c \u201cH\u1ecdc t\u1eadp ch\u00ednh tr\u1ecb tr\u1ef1c tuy\u1ebfn\u201d n\u1ebfu L\u1eef \u0111o\u00e0n t\u1ed5 ch\u1ee9c. <\/span><\/p>\n<p style=\"text-align: justify;\"><span style=\"font-family: helvetica, arial, sans-serif; font-size: 105%; color: #000000;\">\u0110\u1ed1i v\u1edbi trang \u201cPh\u1ed5 bi\u1ebfn gi\u00e1o d\u1ee5c ph\u00e1p lu\u1eadt\u201d qu\u00e2n nh\u00e2n s\u1ebd \u0111\u01b0\u1ee3c xem v\u00e0 nghi\u00ean c\u1ee9u c\u00e1c n\u1ed9i dung g\u1ed3m: T\u00e0i li\u1ec7u ph\u1ed5 bi\u1ebfn gi\u00e1o d\u1ee5c ph\u00e1p lu\u1eadt, n\u1ed9i dung m\u1ed7i tu\u1ea7n 1 \u0111i\u1ec1u lu\u1eadt, t\u00e0i li\u1ec7u ng\u00e0y ph\u00e1p lu\u1eadt h\u00e0ng th\u00e1ng v\u00e0 t\u00ecm hi\u1ec3u v\u1ec1 m\u1ed9t s\u1ed1 v\u0103n b\u1ea3n li\u00ean quan \u0111\u1ebfn ch\u1ebf \u0111\u1ed9 ch\u00ednh s\u00e1ch v\u00e0 quy\u1ec1n l\u1ee3i c\u1ee7a qu\u00e2n nh\u00e2n. <\/span><\/p>\n<p style=\"text-align: justify;\"><span style=\"font-family: helvetica, arial, sans-serif; font-size: 105%; color: #000000;\">T\u01b0\u01a1ng t\u1ef1 nh\u01b0 v\u1eady \u1edf trang \u201cH\u1ecdc t\u1eadp ngh\u1ecb quy\u1ebft\u201d qu\u00e2n nh\u00e2n s\u1ebd \u0111\u01b0\u1ee3c xem v\u00e0 nghi\u00ean c\u1ee9u c\u00e1c n\u1ed9i dung g\u1ed3m: T\u00e0i li\u1ec7u h\u1ecdc t\u1eadp ngh\u1ecb quy\u1ebft, t\u00ecm hi\u1ec3u th\u00f4ng tin v\u1ec1 c\u00e1c k\u1ef3 \u0111\u1ea1i h\u1ed9i \u0111\u1ea3ng to\u00e0n qu\u1ed1c v\u00e0 ti\u1ebfp c\u1eadn nhanh v\u1edbi c\u00e1c v\u0103n b\u1ea3n h\u01b0\u1edbng d\u1eabn \u0111\u1ea1i h\u1ed9i \u0111\u1ea3ng c\u00e1c c\u1ea5p nhi\u1ec7m k\u1ef3 2025-2030.<\/span><\/p>\n<p style=\"text-align: justify;\"><strong><span style=\"font-family: helvetica, arial, sans-serif; font-size: 105%; color: #000000;\">IV. \u0110\u1ed0I V\u1edaI TRANG TTC\u0110<\/span><\/strong><\/p>\n<p style=\"text-align: justify;\"><span style=\"font-family: helvetica, arial, sans-serif; font-size: 105%; color: #000000;\">Khi truy c\u1eadp v\u00e0o \u0111\u00e2y qu\u00e2n nh\u00e2n s\u1ebd \u0111\u01b0\u1ee3c ti\u1ebfp c\u1eadn v\u1edbi 4 n\u1ed9i dung th\u00f4ng tin g\u1ed3m: T\u00e0i li\u1ec7u tuy\u00ean truy\u1ec1n; Cu\u1ed9c thi tr\u1ef1c tuy\u1ebfn; L\u1eddi B\u00e1c d\u1ea1y ng\u00e0y n\u00e0y n\u0103m x\u01b0a; N\u1ed9i dung c\u1ea7n t\u00edch c\u1ef1c h\u01b0\u1edfng \u1ee9ng, lan t\u1ecfa. Trong \u0111\u00f3 khi truy c\u1eadp v\u00e0o trang \u201cCu\u1ed9c thi tr\u1ef1c tuy\u1ebfn\u201d qu\u00e2n nh\u00e2n s\u1ebd \u0111\u01b0\u1ee3c tham gia c\u00e1c cu\u1ed9c thi tr\u1ef1c tuy\u1ebfn do L\u1eef \u0111o\u00e0n ho\u1eb7c c\u1ea5p tr\u00ean t\u1ed5 ch\u1ee9c.<\/span><\/p>\n<p style=\"text-align: justify;\"><strong><span style=\"font-family: helvetica, arial, sans-serif; font-size: 105%; color: #000000;\">V. \u0110\u1ed0I V\u1edaI TRANG V\u0102N H\u00d3A C\u01a0 S\u1ede<\/span><\/strong><\/p>\n<p style=\"text-align: justify;\"><span style=\"font-family: helvetica, arial, sans-serif; font-size: 105%; color: #000000;\">Khi truy c\u1eadp v\u00e0o \u0111\u00e2y qu\u00e2n nh\u00e2n s\u1ebd \u0111\u01b0\u1ee3c ti\u1ebfp c\u1eadn v\u1edbi 4 n\u1ed9i dung th\u00f4ng tin g\u1ed3m: Th\u00f4ng tin b\u00e1o ch\u00ed h\u00e0ng ng\u00e0y; N\u1ed9i dung m\u1ed7i tu\u1ea7n m\u1ed9t cu\u1ed1n s\u00e1ch; V\u0103n h\u00f3a v\u0103n ngh\u1ec7; T\u00e0i li\u1ec7u c\u00e1c thi\u1ebft ch\u1ebf v\u0103n h\u00f3a c\u01a1 s\u1edf. <\/span><br \/><span style=\"font-family: helvetica, arial, sans-serif; font-size: 105%; color: #000000;\">Trong \u0111\u00f3 trang \u201cV\u0103n h\u00f3a v\u0103n ngh\u1ec7\u201d s\u1ebd cung c\u1ea5p \u0111\u1ea7y \u0111\u1ee7 c\u00e1c n\u1ed9i dung c\u1ee7a 15 b\u00e0i h\u00e1t quy \u0111\u1ecbnh v\u00e0 05 v\u0169 \u0111i\u1ec7u trong sinh ho\u1ea1t t\u1eadp th\u1ec3 \u0111\u1ec3 qu\u00e2n nh\u00e2n h\u1ecdc t\u1eadp, nghi\u00ean c\u1ee9u.<\/span><\/p>\n<p style=\"text-align: justify;\"><strong><span style=\"font-family: helvetica, arial, sans-serif; font-size: 105%; color: #000000;\">VI. \u0110\u1ed0I V\u1edaI TRANG T\u0110KT<\/span><\/strong><\/p>\n<p style=\"text-align: justify;\"><span style=\"font-family: helvetica, arial, sans-serif; font-size: 105%; color: #000000;\">Khi truy c\u1eadp v\u00e0o \u0111\u00e2y qu\u00e2n nh\u00e2n s\u1ebd \u0111\u01b0\u1ee3c ti\u1ebfp c\u1eadn v\u1edbi 4 n\u1ed9i dung th\u00f4ng tin g\u1ed3m: G\u01b0\u01a1ng \u0111i\u1ec3n h\u00ecnh ti\u00ean ti\u1ebfn; K\u1ebft qu\u1ea3 thi \u0111ua h\u00e0ng th\u00e1ng; Phong tr\u00e0o thi \u0111ua c\u1ee7a L\u1eef \u0111o\u00e0n; Phong tr\u00e0o thi \u0111ua t\u1ea1i \u0111\u1ecba ph\u01b0\u01a1ng n\u01a1i \u0111\u01a1n v\u1ecb \u0111\u00f3ng qu\u00e2n. <\/span><\/p>\n<p style=\"text-align: justify;\"><span style=\"font-family: helvetica, arial, sans-serif; font-size: 105%; color: #000000;\">Trong \u0111\u00f3 trang \u201cPhong tr\u00e0o thi \u0111ua c\u1ee7a L\u1eef \u0111o\u00e0n\u201d s\u1ebd cung c\u1ea5p \u0111\u1ea7y \u0111\u1ee7 n\u1ed9i dung c\u00e1c phong tr\u00e0o thi \u0111ua trong n\u0103m \u0111\u1ec3 qu\u00e2n nh\u00e2n h\u1ecdc t\u1eadp, nghi\u00ean c\u1ee9u.<\/span><\/p>\n<p style=\"text-align: justify;\"><strong><span style=\"font-family: helvetica, arial, sans-serif; font-size: 105%; color: #000000;\">VII. \u0110\u1ed0I V\u1edaI TRANG TH\u00d4NG TIN H\u1eeeU \u00cdCH<\/span><\/strong><\/p>\n<p style=\"text-align: justify;\"><span style=\"font-family: helvetica, arial, sans-serif; font-size: 105%; color: #000000;\">Khi truy c\u1eadp v\u00e0o \u0111\u00e2y qu\u00e2n nh\u00e2n s\u1ebd \u0111\u01b0\u1ee3c ti\u1ebfp c\u1eadn v\u1edbi 4 n\u1ed9i dung th\u00f4ng tin g\u1ed3m: K\u1ebf ho\u1ea1ch, h\u01b0\u1edbng d\u1eabn c\u00f4ng t\u00e1c tuy\u00ean hu\u1ea5n; Th\u00f4ng tin li\u00ean h\u1ec7 c\u1ee7a ch\u1ec9 huy c\u00e1c c\u01a1 quan, \u0111\u01a1n v\u1ecb; H\u01b0\u1edbng d\u1eabn s\u1eed d\u1ee5ng trang th\u00f4ng tin \u0111i\u1ec7n t\u1eed ng\u00e0nh tuy\u00ean hu\u1ea5n; N\u1ed9i dung \u0111\u00f3ng g\u00f3p, ph\u1ea3n h\u1ed3i. <\/span><\/p>\n<p style=\"text-align: justify;\"><span style=\"font-family: helvetica, arial, sans-serif; font-size: 105%; color: #000000;\">Trong \u0111\u00f3 trang \u201cN\u1ed9i dung \u0111\u00f3ng g\u00f3p, ph\u1ea3n h\u1ed3i\u201d s\u1ebd cung c\u1ea5p th\u00f4ng tin h\u00f2m th\u01b0 \u0111i\u1ec7n t\u1eed \u0111\u1ec3 qu\u00e2n nh\u00e2n trong qu\u00e1 tr\u00ecnh h\u1ecdc t\u1eadp, nghi\u00ean c\u1ee9u, s\u1eed d\u1ee5ng c\u00e1c t\u00e0i nguy\u00ean tr\u00ean Website c\u00f3 th\u1ec3 g\u1eedi \u00fd ki\u1ebfn ph\u1ea3n h\u1ed3i cho \u0111\u1ed9i ng\u0169 thi\u1ebft k\u1ebf \u0111\u1ec3 x\u00e2y d\u1ef1ng Website ng\u00e0y c\u00e0ng ho\u00e0n thi\u1ec7n.\/.<\/span><\/p>\n","protected":false},"excerpt":{"rendered":"<p>H\u01b0\u1edbng d\u1eabn s\u1eed d\u1ee5ng I. H\u01af\u1edaNG D\u1eaaN TRUY C\u1eacP TRANG TH\u00d4NG TIN \u0110I\u1ec6N T\u1eec \u0110\u1ec3 truy c\u1eadp v\u00e0 s\u1eed d\u1ee5ng \u201cTrang th\u00f4ng tin \u0111i\u1ec7n t\u1eed ng\u00e0nh tuy\u00ean hu\u1ea5n\u201d m\u1eddi c\u00e1c \u0111\u1ed3ng ch\u00ed truy c\u1eadp v\u00e0o \u0111\u01b0\u1eddng link: https:\/\/ludoan125.com ho\u1eb7c qu\u00e9t m\u00e3 QR \u0111\u01b0\u1ee3c hi\u1ec3n th\u1ecb \u1edf trung t\u00e2m s\u1ea3n ph\u1ea9m tr\u1ef1c quan \u0111\u1ec3 di chuy\u1ec3n [&#8230;]\n","protected":false},"author":1,"featured_media":0,"parent":358,"menu_order":0,"comment_status":"closed","ping_status":"closed","template":"","meta":{"footnotes":""},"class_list":["post-364","page","type-page","status-publish","hentry"],"_links":{"self":[{"href":"https:\/\/ludoan125.com\/index.php\/wp-json\/wp\/v2\/pages\/364","targetHints":{"allow":["GET"]}}],"collection":[{"href":"https:\/\/ludoan125.com\/index.php\/wp-json\/wp\/v2\/pages"}],"about":[{"href":"https:\/\/ludoan125.com\/index.php\/wp-json\/wp\/v2\/types\/page"}],"author":[{"embeddable":true,"href":"https:\/\/ludoan125.com\/index.php\/wp-json\/wp\/v2\/users\/1"}],"replies":[{"embeddable":true,"href":"https:\/\/ludoan125.com\/index.php\/wp-json\/wp\/v2\/comments?post=364"}],"version-history":[{"count":8,"href":"https:\/\/ludoan125.com\/index.php\/wp-json\/wp\/v2\/pages\/364\/revisions"}],"predecessor-version":[{"id":1611,"href":"https:\/\/ludoan125.com\/index.php\/wp-json\/wp\/v2\/pages\/364\/revisions\/1611"}],"up":[{"embeddable":true,"href":"https:\/\/ludoan125.com\/index.php\/wp-json\/wp\/v2\/pages\/358"}],"wp:attachment":[{"href":"https:\/\/ludoan125.com\/index.php\/wp-json\/wp\/v2\/media?parent=364"}],"curies":[{"name":"wp","href":"https:\/\/api.w.org\/{rel}","templated":true}]}}