{"id":344,"date":"2024-11-21T15:15:39","date_gmt":"2024-11-21T15:15:39","guid":{"rendered":"https:\/\/ludoan125.com\/?page_id=344"},"modified":"2024-12-19T07:04:42","modified_gmt":"2024-12-19T07:04:42","slug":"van-hoa-co-so","status":"publish","type":"page","link":"https:\/\/ludoan125.com\/index.php\/trang-chu\/van-hoa-co-so\/","title":{"rendered":"V\u0103n h\u00f3a c\u01a1 s\u1edf"},"content":{"rendered":"<p style=\"text-align: center;\"><span style=\"font-size: 160%; color: #0000ff;\"><strong><span style=\"font-family: helvetica, arial, sans-serif;\">V\u0103n h\u00f3a c\u01a1 s\u1edf<\/span><\/strong><\/span><\/p>\n<div class=\"text-center\"><div class=\"is-divider divider clearfix\" style=\"margin-top:30px;margin-bottom:30px;max-width:200px;background-color:rgb(175, 23, 64);\"><\/div><\/div>\n<div class=\"row\"  id=\"row-1361839047\">\n\n\t<div id=\"col-837251527\" class=\"col small-12 large-12\"  >\n\t\t\t\t<div class=\"col-inner\" style=\"background-color:rgb(204, 43, 82);\" >\n\t\t\t\n\t\t\t\n<p style=\"text-align: center;\"><a href=\"https:\/\/ludoan125.com\/index.php\/trang-chu\/van-hoa-co-so\/1-tai-lieu-cac-thiet-che-van-hoa-trong-don-vi\/\"><span style=\"font-family: helvetica, arial, sans-serif; font-size: 150%; color: #ffffff;\"><strong>Th\u00f4ng tin b\u00e1o ch\u00ed h\u00e0ng ng\u00e0y<\/strong><\/span><\/a><\/p>\n\t\t<\/div>\n\t\t\t\t\n<style>\n#col-837251527 > .col-inner {\n  padding: 20px 0px 5px 0px;\n  border-radius: 10px;\n}\n<\/style>\n\t<\/div>\n\n\t\n<\/div>\n<div class=\"row\"  id=\"row-1232934698\">\n\n\t<div id=\"col-317858886\" class=\"col small-12 large-12\"  >\n\t\t\t\t<div class=\"col-inner\" style=\"background-color:rgb(120, 32, 110);\" >\n\t\t\t\n\t\t\t\n<p style=\"text-align: center;\"><a href=\"https:\/\/ludoan125.com\/index.php\/trang-chu\/van-hoa-co-so\/2-cuoc-thi-vhvn-tdtt\/\"><span style=\"font-family: helvetica, arial, sans-serif; font-size: 150%; color: #ffffff;\"><strong>M\u1ed7i tu\u1ea7n 1 cu\u1ed1n s\u00e1ch<\/strong><\/span><\/a><\/p>\n\t\t<\/div>\n\t\t\t\t\n<style>\n#col-317858886 > .col-inner {\n  padding: 20px 0px 5px 0px;\n  border-radius: 10px;\n}\n<\/style>\n\t<\/div>\n\n\t\n<\/div>\n<div class=\"row\"  id=\"row-1573709493\">\n\n\t<div id=\"col-578018619\" class=\"col small-12 large-12\"  >\n\t\t\t\t<div class=\"col-inner\" style=\"background-color:rgb(231, 64, 56);\" >\n\t\t\t\n\t\t\t\n<p style=\"text-align: center;\"><a href=\"https:\/\/ludoan125.com\/index.php\/trang-chu\/van-hoa-co-so\/3-van-hoa-van-nghe\/\"><span style=\"color: #ffffff; font-family: helvetica, arial, sans-serif; font-size: 150%;\"><b>V\u0103n h\u00f3a v\u0103n ngh\u1ec7<\/b><\/span><\/a><\/p>\n\t\t<\/div>\n\t\t\t\t\n<style>\n#col-578018619 > .col-inner {\n  padding: 20px 0px 5px 0px;\n  border-radius: 10px;\n}\n<\/style>\n\t<\/div>\n\n\t\n<\/div>\n<div class=\"row\"  id=\"row-2047939086\">\n\n\t<div id=\"col-1630575452\" class=\"col small-12 large-12\"  >\n\t\t\t\t<div class=\"col-inner\" style=\"background-color:#cc2b52;\" >\n\t\t\t\n\t\t\t\n<p style=\"text-align: center;\"><a href=\"https:\/\/ludoan125.com\/index.php\/trang-chu\/van-hoa-co-so\/3-bang-ron-khau-hieu-truyen-truyen\/tai-lieu-thiet-che-van-hoa-co-so\/\"><span style=\"font-size: 130%;\"><span style=\"color: #ffffff; font-family: helvetica, arial, sans-serif;\"><b>\u00a0T\u00e0i li\u1ec7u thi\u1ebft ch\u1ebf v\u0103n h\u00f3a c\u01a1 s\u1edf<\/b><\/span><\/span><\/a><\/p>\n\t\t<\/div>\n\t\t\t\t\n<style>\n#col-1630575452 > .col-inner {\n  padding: 20px 0px 5px 0px;\n  border-radius: 10px;\n}\n<\/style>\n\t<\/div>\n\n\t\n<\/div>\n","protected":false},"excerpt":{"rendered":"<p>V\u0103n h\u00f3a c\u01a1 s\u1edf<\/p>\n","protected":false},"author":1,"featured_media":0,"parent":10,"menu_order":0,"comment_status":"closed","ping_status":"closed","template":"","meta":{"footnotes":""},"class_list":["post-344","page","type-page","status-publish","hentry"],"_links":{"self":[{"href":"https:\/\/ludoan125.com\/index.php\/wp-json\/wp\/v2\/pages\/344","targetHints":{"allow":["GET"]}}],"collection":[{"href":"https:\/\/ludoan125.com\/index.php\/wp-json\/wp\/v2\/pages"}],"about":[{"href":"https:\/\/ludoan125.com\/index.php\/wp-json\/wp\/v2\/types\/page"}],"author":[{"embeddable":true,"href":"https:\/\/ludoan125.com\/index.php\/wp-json\/wp\/v2\/users\/1"}],"replies":[{"embeddable":true,"href":"https:\/\/ludoan125.com\/index.php\/wp-json\/wp\/v2\/comments?post=344"}],"version-history":[{"count":13,"href":"https:\/\/ludoan125.com\/index.php\/wp-json\/wp\/v2\/pages\/344\/revisions"}],"predecessor-version":[{"id":1326,"href":"https:\/\/ludoan125.com\/index.php\/wp-json\/wp\/v2\/pages\/344\/revisions\/1326"}],"up":[{"embeddable":true,"href":"https:\/\/ludoan125.com\/index.php\/wp-json\/wp\/v2\/pages\/10"}],"wp:attachment":[{"href":"https:\/\/ludoan125.com\/index.php\/wp-json\/wp\/v2\/media?parent=344"}],"curies":[{"name":"wp","href":"https:\/\/api.w.org\/{rel}","templated":true}]}}