{"id":304,"date":"2024-11-21T15:04:45","date_gmt":"2024-11-21T15:04:45","guid":{"rendered":"https:\/\/ludoan125.com\/?page_id=304"},"modified":"2024-12-19T14:07:49","modified_gmt":"2024-12-19T14:07:49","slug":"4-cac-danh-hieu-cao-quy-da-dat-duoc","status":"publish","type":"page","link":"https:\/\/ludoan125.com\/index.php\/trang-chu\/gioi-thieu-chung\/4-cac-danh-hieu-cao-quy-da-dat-duoc\/","title":{"rendered":"4. C\u00e1c danh hi\u1ec7u cao qu\u00fd \u0111\u00e3 \u0111\u1ea1t \u0111\u01b0\u1ee3c"},"content":{"rendered":"<p style=\"text-align: center;\"><span style=\"font-family: helvetica, arial, sans-serif; font-size: 150%; color: #0000ff;\"><strong>C\u00e1c danh hi\u1ec7u cao qu\u00fd <br \/>\u0111\u01b0\u1ee3c c\u1ea5p tr\u00ean t\u1eb7ng th\u01b0\u1edfng<\/strong><\/span><\/p>\n<div class=\"text-center\"><div class=\"is-divider divider clearfix\" style=\"margin-top:30px;margin-bottom:30px;max-width:200px;background-color:rgb(175, 23, 64);\"><\/div><\/div>\n\t<div class=\"box has-hover   has-hover box-text-bottom\" >\n\n\t\t<div class=\"box-image\" >\n\t\t\t\t\t\t<div class=\"\" >\n\t\t\t\t<img loading=\"lazy\" decoding=\"async\" width=\"220\" height=\"505\" src=\"https:\/\/ludoan125.com\/wp-content\/uploads\/2024\/12\/HCCC1.png\" class=\"attachment- size-\" alt=\"\" srcset=\"https:\/\/ludoan125.com\/wp-content\/uploads\/2024\/12\/HCCC1.png 220w, https:\/\/ludoan125.com\/wp-content\/uploads\/2024\/12\/HCCC1-131x300.png 131w\" sizes=\"auto, (max-width: 220px) 100vw, 220px\" \/>\t\t\t\t\t\t\t\t\t\t\t<\/div>\n\t\t\t\t\t<\/div>\n\n\t\t<div class=\"box-text text-center\" >\n\t\t\t<div class=\"box-text-inner\">\n\t\t\t\t\n<p style=\"text-align: center;\"><span style=\"color: #0000ff; font-size: 110%;\"><strong><span style=\"font-family: helvetica, arial, sans-serif;\"><span style=\"font-size: 110%; color: #0000ff;\">Hu\u00e2n ch\u01b0\u01a1ng Chi\u1ebfn c\u00f4ng h\u1ea1ng Hai<\/span><br \/><span style=\"font-size: 110%; color: #0000ff;\">Th\u00e1ng 9\/1963<\/span><br \/><\/span><\/strong><\/span><\/p>\n\t\t\t<\/div>\n\t\t<\/div>\n\t<\/div>\n\t\n<div class=\"text-center\"><div class=\"is-divider divider clearfix\" style=\"margin-top:30px;margin-bottom:30px;max-width:200px;background-color:rgb(175, 23, 64);\"><\/div><\/div>\n\t<div class=\"box has-hover   has-hover box-text-bottom\" >\n\n\t\t<div class=\"box-image\" >\n\t\t\t\t\t\t<div class=\"\" >\n\t\t\t\t<img loading=\"lazy\" decoding=\"async\" width=\"200\" height=\"461\" src=\"https:\/\/ludoan125.com\/wp-content\/uploads\/2024\/12\/HCQC1.png\" class=\"attachment- size-\" alt=\"\" srcset=\"https:\/\/ludoan125.com\/wp-content\/uploads\/2024\/12\/HCQC1.png 200w, https:\/\/ludoan125.com\/wp-content\/uploads\/2024\/12\/HCQC1-130x300.png 130w\" sizes=\"auto, (max-width: 200px) 100vw, 200px\" \/>\t\t\t\t\t\t\t\t\t\t\t<\/div>\n\t\t\t\t\t<\/div>\n\n\t\t<div class=\"box-text text-center\" >\n\t\t\t<div class=\"box-text-inner\">\n\t\t\t\t\n<p style=\"text-align: center;\"><span style=\"color: #0000ff; font-size: 110%;\"><strong><span style=\"font-family: helvetica, arial, sans-serif;\"><span style=\"font-size: 115%; color: #0000ff;\">Hu\u00e2n ch\u01b0\u01a1ng Qu\u00e2n c\u00f4ng h\u1ea1ng Nh\u1ea5t<\/span><br \/><span style=\"font-size: 115%; color: #0000ff;\">Ng\u00e0y 30\/4\/1966<\/span><br \/><\/span><\/strong><\/span><\/p>\n\t\t\t<\/div>\n\t\t<\/div>\n\t<\/div>\n\t\n<div class=\"text-center\"><div class=\"is-divider divider clearfix\" style=\"margin-top:30px;margin-bottom:30px;max-width:200px;background-color:rgb(175, 23, 64);\"><\/div><\/div>\n\t<div class=\"box has-hover   has-hover box-text-bottom\" >\n\n\t\t<div class=\"box-image\" >\n\t\t\t\t\t\t<div class=\"\" >\n\t\t\t\t<img loading=\"lazy\" decoding=\"async\" width=\"200\" height=\"289\" src=\"https:\/\/ludoan125.com\/wp-content\/uploads\/2024\/11\/AHLLVTND2-l2.png\" class=\"attachment- size-\" alt=\"\" \/>\t\t\t\t\t\t\t\t\t\t\t<\/div>\n\t\t\t\t\t<\/div>\n\n\t\t<div class=\"box-text text-center\" >\n\t\t\t<div class=\"box-text-inner\">\n\t\t\t\t\n<p style=\"text-align: center;\"><span style=\"color: #0000ff; font-size: 110%;\"><strong><span style=\"font-family: helvetica, arial, sans-serif;\"><span style=\"font-size: 115%;\">Danh hi\u1ec7u \u0111\u01a1n v\u1ecb Anh h\u00f9ng LLVTND<\/span><br \/><span style=\"font-size: 115%; color: #0000ff;\">Ng\u00e0y 01\/01\/1967 v\u00e0 03\/6\/1976<\/span><br \/><\/span><\/strong><\/span><\/p>\n\t\t\t<\/div>\n\t\t<\/div>\n\t<\/div>\n\t\n<div class=\"text-center\"><div class=\"is-divider divider clearfix\" style=\"margin-top:30px;margin-bottom:30px;max-width:200px;background-color:rgb(175, 23, 64);\"><\/div><\/div>\n<p style=\"text-align: center;\"><span style=\"font-family: helvetica, arial, sans-serif; font-size: 120%;\"><em><span style=\"color: #ff0000;\">N\u1ed9i dung \u0111ang ti\u1ebfp t\u1ee5c \u0111\u01b0\u1ee3c c\u1eadp nh\u1eadt&#8230;<\/span><\/em><\/span><\/p>\n","protected":false},"excerpt":{"rendered":"<p>C\u00e1c danh hi\u1ec7u cao qu\u00fd \u0111\u01b0\u1ee3c c\u1ea5p tr\u00ean t\u1eb7ng th\u01b0\u1edfng N\u1ed9i dung \u0111ang ti\u1ebfp t\u1ee5c \u0111\u01b0\u1ee3c c\u1eadp nh\u1eadt&#8230;<\/p>\n","protected":false},"author":1,"featured_media":0,"parent":26,"menu_order":0,"comment_status":"closed","ping_status":"closed","template":"","meta":{"footnotes":""},"class_list":["post-304","page","type-page","status-publish","hentry"],"_links":{"self":[{"href":"https:\/\/ludoan125.com\/index.php\/wp-json\/wp\/v2\/pages\/304","targetHints":{"allow":["GET"]}}],"collection":[{"href":"https:\/\/ludoan125.com\/index.php\/wp-json\/wp\/v2\/pages"}],"about":[{"href":"https:\/\/ludoan125.com\/index.php\/wp-json\/wp\/v2\/types\/page"}],"author":[{"embeddable":true,"href":"https:\/\/ludoan125.com\/index.php\/wp-json\/wp\/v2\/users\/1"}],"replies":[{"embeddable":true,"href":"https:\/\/ludoan125.com\/index.php\/wp-json\/wp\/v2\/comments?post=304"}],"version-history":[{"count":10,"href":"https:\/\/ludoan125.com\/index.php\/wp-json\/wp\/v2\/pages\/304\/revisions"}],"predecessor-version":[{"id":1431,"href":"https:\/\/ludoan125.com\/index.php\/wp-json\/wp\/v2\/pages\/304\/revisions\/1431"}],"up":[{"embeddable":true,"href":"https:\/\/ludoan125.com\/index.php\/wp-json\/wp\/v2\/pages\/26"}],"wp:attachment":[{"href":"https:\/\/ludoan125.com\/index.php\/wp-json\/wp\/v2\/media?parent=304"}],"curies":[{"name":"wp","href":"https:\/\/api.w.org\/{rel}","templated":true}]}}