{"id":1659,"date":"2024-12-31T15:33:34","date_gmt":"2024-12-31T15:33:34","guid":{"rendered":"https:\/\/ludoan125.com\/?page_id=1659"},"modified":"2024-12-31T15:44:24","modified_gmt":"2024-12-31T15:44:24","slug":"quy-dinh-do-tuoi-cap-uy-vien","status":"publish","type":"page","link":"https:\/\/ludoan125.com\/index.php\/trang-chu\/giao-duc-chinh-tri\/3-hoc-tap-nghi-quyet-chi-thi-thong-tu\/3-3-thong-tin-ve-cac-ky-dai-hoi-dang-toan-quoc\/quy-dinh-do-tuoi-cap-uy-vien\/","title":{"rendered":"Quy \u0111\u1ecbnh \u0111\u1ed9 tu\u1ed5i c\u1ea5p \u1ee7y vi\u00ean"},"content":{"rendered":"<p style=\"text-align: center;\"><strong><span style=\"font-family: helvetica, arial, sans-serif; font-size: 140%; color: #0000ff;\">Quy \u0111\u1ecbnh \u0111\u1ed9 tu\u1ed5i c\u1ea5p \u1ee7y vi\u00ean<\/span><\/strong><\/p>\n<div class=\"text-center\"><div class=\"is-divider divider clearfix\" style=\"margin-top:30px;margin-bottom:30px;max-width:200px;background-color:rgb(175, 23, 64);\"><\/div><\/div>\n<p style=\"text-align: justify;\"><span style=\"color: #0000ff;\"><strong><span style=\"font-family: helvetica, arial, sans-serif; font-size: 105%;\">\u0110\u1ed9 tu\u1ed5i c\u1ea5p \u1ee7y vi\u00ean v\u1edbi nh\u1eefng \u0111\u1ed3ng ch\u00ed l\u1ea7n \u0111\u1ea7u tham gia c\u1ea5p \u1ee7y:<\/span><\/strong><\/span><br \/><span style=\"font-family: helvetica, arial, sans-serif; font-size: 105%; color: #000000;\"><br \/>V\u1edbi nh\u1eefng \u0111\u1ed3ng ch\u00ed l\u1ea7n \u0111\u1ea7u tham gia c\u1ea5p \u1ee7y \u1edf c\u1ea5p t\u1ec9nh, nam sinh t\u1eeb th\u00e1ng 9\/1968 tr\u1edf l\u1ea1i \u0111\u00e2y, n\u1eef sinh t\u1eeb th\u00e1ng 5\/1972 tr\u1edf l\u1ea1i \u0111\u00e2y (tr\u01b0\u1eddng h\u1ee3p c\u00e1n b\u1ed9 n\u1eef \u0111\u01b0\u1ee3c ngh\u1ec9 h\u01b0u \u1edf \u0111\u1ed9 tu\u1ed5i 60 theo quy \u0111\u1ecbnh c\u1ee7a ph\u00e1p lu\u1eadt, th\u00ec sinh t\u1eeb th\u00e1ng 9\/1970 tr\u1edf l\u1ea1i \u0111\u00e2y.<\/span><\/p>\n<p style=\"text-align: justify;\"><span style=\"font-family: helvetica, arial, sans-serif; font-size: 105%; color: #000000;\">V\u1edbi nh\u1eefng \u0111\u1ed3ng ch\u00ed l\u1ea7n \u0111\u1ea7u tham gia c\u1ea5p \u1ee7y \u1edf c\u1ea5p huy\u1ec7n, nam sinh t\u1eeb th\u00e1ng 6\/1968 tr\u1edf l\u1ea1i \u0111\u00e2y, n\u1eef sinh t\u1eeb th\u00e1ng 2\/1972 tr\u1edf l\u1ea1i \u0111\u00e2y (tr\u01b0\u1eddng h\u1ee3p c\u00e1n b\u1ed9 n\u1eef \u0111\u01b0\u1ee3c ngh\u1ec9 h\u01b0u \u1edf \u0111\u1ed9 tu\u1ed5i 60 theo quy \u0111\u1ecbnh c\u1ee7a ph\u00e1p lu\u1eadt, th\u00ec sinh t\u1eeb th\u00e1ng 6\/1970 tr\u1edf l\u1ea1i \u0111\u00e2y).<\/span><\/p>\n<p style=\"text-align: justify;\"><span style=\"font-family: helvetica, arial, sans-serif; font-size: 105%; color: #000000;\">V\u1edbi nh\u1eefng \u0111\u1ed3ng ch\u00ed l\u1ea7n \u0111\u1ea7u tham gia c\u1ea5p \u1ee7y \u1edf c\u1ea5p x\u00e3:<\/span><\/p>\n<p style=\"text-align: justify;\"><span style=\"font-family: helvetica, arial, sans-serif; font-size: 105%; color: #000000;\">+ C\u00e1n b\u1ed9, c\u00f4ng ch\u1ee9c: nam sinh t\u1eeb th\u00e1ng 4\/1968 tr\u1edf l\u1ea1i \u0111\u00e2y, n\u1eef sinh t\u1eeb th\u00e1ng 1\/1972 tr\u1edf l\u1ea1i \u0111\u00e2y.<\/span><\/p>\n<p style=\"text-align: justify;\"><span style=\"font-family: helvetica, arial, sans-serif; font-size: 105%; color: #000000;\">+ Tr\u01b0\u1edfng C\u00f4ng an: C\u00f2n th\u1eddi gian c\u00f4ng t\u00e1c \u00edt nh\u1ea5t 5 n\u0103m (60 th\u00e1ng).<\/span><\/p>\n<p style=\"text-align: justify;\"><span style=\"font-family: helvetica, arial, sans-serif; font-size: 105%; color: #000000;\">+ C\u00e1n b\u1ed9 ho\u1ea1t \u0111\u1ed9ng kh\u00f4ng chuy\u00ean tr\u00e1ch: Giao BTV t\u1ec9nh \u1ee7y, th\u00e0nh \u1ee7y tr\u1ef1c thu\u1ed9c Trung \u01b0\u01a1ng quy \u0111\u1ecbnh c\u1ee5 th\u1ec3 \u0111\u1ed9 tu\u1ed5i tham gia c\u1ea5p \u1ee7y b\u1ea3o \u0111\u1ea3m theo tinh th\u1ea7n K\u1ebft lu\u1eadn s\u1ed1 64-KL\/TW, ng\u00e0y 28\/5\/2013 c\u1ee7a BCHT\u01af \u0110\u1ea3ng kh\u00f3a XI.<\/span><\/p>\n<p style=\"text-align: justify;\"><span style=\"font-family: helvetica, arial, sans-serif; font-size: 105%; color: #000000;\">\u0110\u1ed9 tu\u1ed5i c\u1ea5p \u1ee7y vi\u00ean v\u1edbi nh\u1eefng \u0111\u1ed3ng ch\u00ed \u0111\u01b0\u1ee3c gi\u1edbi thi\u1ec7u t\u00e1i c\u1eed c\u1ea5p \u1ee7y<\/span><br \/><span style=\"font-family: helvetica, arial, sans-serif; font-size: 105%; color: #000000;\">V\u1edbi nh\u1eefng \u0111\u1ed3ng ch\u00ed \u0111\u01b0\u1ee3c gi\u1edbi thi\u1ec7u t\u00e1i c\u1eed c\u1ea5p \u1ee7y \u1edf c\u1ea5p t\u1ec9nh, nam sinh t\u1eeb th\u00e1ng 4\/1966 tr\u1edf l\u1ea1i \u0111\u00e2y, n\u1eef sinh t\u1eeb th\u00e1ng 9\/1970 tr\u1edf l\u1ea1i \u0111\u00e2y (tr\u01b0\u1eddng h\u1ee3p c\u00e1n b\u1ed9 n\u1eef \u0111\u01b0\u1ee3c ngh\u1ec9 h\u01b0u \u1edf \u0111\u1ed9 tu\u1ed5i 60 theo quy \u0111\u1ecbnh c\u1ee7a ph\u00e1p lu\u1eadt, th\u00ec sinh t\u1eeb th\u00e1ng 3\/1968 tr\u1edf l\u1ea1i \u0111\u00e2y).<\/span><\/p>\n<p style=\"text-align: justify;\"><span style=\"font-family: helvetica, arial, sans-serif; font-size: 105%; color: #000000;\">C\u00e1c \u0111\u1ed3ng ch\u00ed \u1ee6y vi\u00ean Trung \u01b0\u01a1ng \u0110\u1ea3ng kh\u00f3a XIII th\u1ef1c hi\u1ec7n \u0111\u1ed9 tu\u1ed5i t\u00e1i c\u1eed theo Ph\u01b0\u01a1ng h\u01b0\u1edbng c\u00f4ng t\u00e1c nh\u00e2n s\u1ef1 \u0110\u1ea1i h\u1ed9i XIV c\u1ee7a \u0110\u1ea3ng.<\/span><\/p>\n<p style=\"text-align: justify;\"><span style=\"font-family: helvetica, arial, sans-serif; font-size: 105%; color: #000000;\">V\u1edbi nh\u1eefng \u0111\u1ed3ng ch\u00ed \u0111\u01b0\u1ee3c gi\u1edbi thi\u1ec7u t\u00e1i c\u1eed c\u1ea5p \u1ee7y \u1edf c\u1ea5p huy\u1ec7n, nam sinh t\u1eeb th\u00e1ng 3\/1966 tr\u1edf l\u1ea1i \u0111\u00e2y, n\u1eef sinh t\u1eeb th\u00e1ng 8\/1970 tr\u1edf l\u1ea1i \u0111\u00e2y (tr\u01b0\u1eddng h\u1ee3p c\u00e1n b\u1ed9 n\u1eef \u0111\u01b0\u1ee3c ngh\u1ec9 h\u01b0u \u1edf \u0111\u1ed9 tu\u1ed5i 60 theo quy \u0111\u1ecbnh c\u1ee7a ph\u00e1p lu\u1eadt, th\u00ec sinh t\u1eeb th\u00e1ng 12\/1967 tr\u1edf l\u1ea1i \u0111\u00e2y.<\/span><\/p>\n<p style=\"text-align: justify;\"><span style=\"font-family: helvetica, arial, sans-serif; font-size: 105%; color: #000000;\">V\u1edbi nh\u1eefng \u0111\u1ed3ng ch\u00ed l\u1ea7n \u0111\u1ea7u tham gia c\u1ea5p \u1ee7y \u1edf c\u1ea5p x\u00e3:<\/span><\/p>\n<p style=\"text-align: justify;\"><span style=\"font-family: helvetica, arial, sans-serif; font-size: 105%; color: #000000;\">+ C\u00e1n b\u1ed9, c\u00f4ng ch\u1ee9c: nam sinh t\u1eeb th\u00e1ng 1\/1966 tr\u1edf l\u1ea1i \u0111\u00e2y, n\u1eef sinh t\u1eeb th\u00e1ng 6\/1970 tr\u1edf l\u1ea1i \u0111\u00e2y.<\/span><\/p>\n<p style=\"text-align: justify;\"><span style=\"font-family: helvetica, arial, sans-serif; font-size: 105%; color: #000000;\">+ Tr\u01b0\u1edfng C\u00f4ng an: C\u00f2n th\u1eddi gian c\u00f4ng t\u00e1c \u00edt nh\u1ea5t 30 th\u00e1ng.<\/span><\/p>\n<p style=\"text-align: justify;\"><span style=\"font-family: helvetica, arial, sans-serif; font-size: 105%; color: #000000;\">+ C\u00e1n b\u1ed9 ho\u1ea1t \u0111\u1ed9ng kh\u00f4ng chuy\u00ean tr\u00e1ch: Giao BTV t\u1ec9nh \u1ee7y, th\u00e0nh \u1ee7y tr\u1ef1c thu\u1ed9c Trung \u01b0\u01a1ng quy \u0111\u1ecbnh c\u1ee5 th\u1ec3 \u0111\u1ed9 tu\u1ed5i t\u00e1i c\u1eed c\u1ea5p \u1ee7y b\u1ea3o \u0111\u1ea3m theo tinh th\u1ea7n K\u1ebft lu\u1eadn s\u1ed1 64-KL\/TW, ng\u00e0y 28\/5\/2013 c\u1ee7a BCHT\u01af \u0110\u1ea3ng kh\u00f3a XI.<\/span><\/p>\n","protected":false},"excerpt":{"rendered":"<p>Quy \u0111\u1ecbnh \u0111\u1ed9 tu\u1ed5i c\u1ea5p \u1ee7y vi\u00ean \u0110\u1ed9 tu\u1ed5i c\u1ea5p \u1ee7y vi\u00ean v\u1edbi nh\u1eefng \u0111\u1ed3ng ch\u00ed l\u1ea7n \u0111\u1ea7u tham gia c\u1ea5p \u1ee7y:V\u1edbi nh\u1eefng \u0111\u1ed3ng ch\u00ed l\u1ea7n \u0111\u1ea7u tham gia c\u1ea5p \u1ee7y \u1edf c\u1ea5p t\u1ec9nh, nam sinh t\u1eeb th\u00e1ng 9\/1968 tr\u1edf l\u1ea1i \u0111\u00e2y, n\u1eef sinh t\u1eeb th\u00e1ng 5\/1972 tr\u1edf l\u1ea1i \u0111\u00e2y (tr\u01b0\u1eddng h\u1ee3p c\u00e1n b\u1ed9 n\u1eef [&#8230;]\n","protected":false},"author":1,"featured_media":0,"parent":330,"menu_order":0,"comment_status":"closed","ping_status":"closed","template":"","meta":{"footnotes":""},"class_list":["post-1659","page","type-page","status-publish","hentry"],"_links":{"self":[{"href":"https:\/\/ludoan125.com\/index.php\/wp-json\/wp\/v2\/pages\/1659","targetHints":{"allow":["GET"]}}],"collection":[{"href":"https:\/\/ludoan125.com\/index.php\/wp-json\/wp\/v2\/pages"}],"about":[{"href":"https:\/\/ludoan125.com\/index.php\/wp-json\/wp\/v2\/types\/page"}],"author":[{"embeddable":true,"href":"https:\/\/ludoan125.com\/index.php\/wp-json\/wp\/v2\/users\/1"}],"replies":[{"embeddable":true,"href":"https:\/\/ludoan125.com\/index.php\/wp-json\/wp\/v2\/comments?post=1659"}],"version-history":[{"count":6,"href":"https:\/\/ludoan125.com\/index.php\/wp-json\/wp\/v2\/pages\/1659\/revisions"}],"predecessor-version":[{"id":1675,"href":"https:\/\/ludoan125.com\/index.php\/wp-json\/wp\/v2\/pages\/1659\/revisions\/1675"}],"up":[{"embeddable":true,"href":"https:\/\/ludoan125.com\/index.php\/wp-json\/wp\/v2\/pages\/330"}],"wp:attachment":[{"href":"https:\/\/ludoan125.com\/index.php\/wp-json\/wp\/v2\/media?parent=1659"}],"curies":[{"name":"wp","href":"https:\/\/api.w.org\/{rel}","templated":true}]}}