{"id":1424,"date":"2024-12-19T10:02:13","date_gmt":"2024-12-19T10:02:13","guid":{"rendered":"https:\/\/ludoan125.com\/?page_id=1424"},"modified":"2024-12-19T15:02:38","modified_gmt":"2024-12-19T15:02:38","slug":"thi-dua-cao-diem-dot-kich","status":"publish","type":"page","link":"https:\/\/ludoan125.com\/index.php\/trang-chu\/thi-dua-khen-thuong\/3-tai-lieu-cong-tac-tdkt\/thi-dua-cao-diem-dot-kich\/","title":{"rendered":"Thi \u0111ua cao \u0111i\u1ec3m, \u0111\u1ed9t k\u00edch"},"content":{"rendered":"<p style=\"text-align: center;\"><span style=\"font-family: helvetica, arial, sans-serif; font-size: 140%; color: #0000ff;\"><strong>Thi \u0111ua cao \u0111i\u1ec3m, \u0111\u1ed9t k\u00edch<\/strong><\/span><\/p>\n<div class=\"text-center\"><div class=\"is-divider divider clearfix\" style=\"margin-top:30px;margin-bottom:30px;max-width:200px;background-color:rgb(175, 23, 64);\"><\/div><\/div>\n<div class=\"row\"  id=\"row-153139585\">\n\n\t<div id=\"col-2140134082\" class=\"col small-12 large-12\"  >\n\t\t\t\t<div class=\"col-inner\" style=\"background-color:rgb(204, 43, 82);\" >\n\t\t\t\n\t\t\t\n<p style=\"text-align: center;\"><a href=\"https:\/\/3s0745-my.sharepoint.com\/:f:\/g\/personal\/vancong_3s0745_onmicrosoft_com\/EoqBUx982_ZNkFUunfJdMqUBS7J95PXLTZBeCOt75o8Ieg?e=S3bPMq\" target=\"_blank\" rel=\"noopener\"><span style=\"color: #ffffff;\"><span style=\"font-size: 105%;\"><strong><span style=\"font-family: helvetica, arial, sans-serif;\">T\u00e0i li\u1ec7u \u0111\u1ee3t thi \u0111ua cao \u0111i\u1ec3m \u201cM\u1eebng \u0110\u1ea3ng, m\u1eebng xu\u00e2n, ra qu\u00e2n quy\u1ebft th\u1eafng\u201d<br \/><\/span><\/strong><span style=\"font-size: 110%;\"><span style=\"font-family: helvetica, arial, sans-serif;\"><span style=\"font-family: helvetica, arial, sans-serif;\">(Nh\u1ea5n v\u00e0o \u0111\u00e2y \u0111\u1ec3 xem v\u00e0 t\u1ea3i v\u1ec1)<\/span><\/span><\/span><\/span><strong><span style=\"font-size: 110%;\"><span style=\"font-family: helvetica, arial, sans-serif;\"><br \/><\/span><\/span><\/strong><\/span><\/a><\/p>\n\t\t<\/div>\n\t\t\t\t\n<style>\n#col-2140134082 > .col-inner {\n  padding: 20px 0px 5px 0px;\n  border-radius: 10px;\n}\n<\/style>\n\t<\/div>\n\n\t\n<\/div>\n<div class=\"row\"  id=\"row-2043138870\">\n\n\t<div id=\"col-649650257\" class=\"col small-12 large-12\"  >\n\t\t\t\t<div class=\"col-inner\" style=\"background-color:rgb(120, 32, 110);\" >\n\t\t\t\n\t\t\t\n<p style=\"text-align: center;\"><a href=\"https:\/\/3s0745-my.sharepoint.com\/:f:\/g\/personal\/vancong_3s0745_onmicrosoft_com\/Eg-H_NHOpwZAnxm8E2yIQaQBO5Mj6xbr_4c_uvMxIOg6LA?e=HVlPoo\" target=\"_blank\" rel=\"noopener\"><span style=\"color: #ffffff;\"><span style=\"font-size: 105%;\"><strong><span style=\"font-family: helvetica, arial, sans-serif;\"><span style=\"font-size: 95%;\">T\u00e0i li\u1ec7u \u0111\u1ee3t thi \u0111ua cao \u0111i\u1ec3m ch\u00e0o m\u1eebng <br \/>K\u1ef7 ni\u1ec7m 70 n\u0103m chi\u1ebfn th\u1eafng \u0110i\u1ec7n Bi\u00ean ph\u1ee7<\/span><br \/><\/span><\/strong><span style=\"font-size: 110%;\"><span style=\"font-family: helvetica, arial, sans-serif;\"><span style=\"font-family: helvetica, arial, sans-serif;\">(Nh\u1ea5n v\u00e0o \u0111\u00e2y \u0111\u1ec3 xem v\u00e0 t\u1ea3i v\u1ec1)<\/span><\/span><\/span><\/span><strong><span style=\"font-size: 110%;\"><span style=\"font-family: helvetica, arial, sans-serif;\"><br \/><\/span><\/span><\/strong><\/span><\/a><\/p>\n\t\t<\/div>\n\t\t\t\t\n<style>\n#col-649650257 > .col-inner {\n  padding: 20px 0px 5px 0px;\n  border-radius: 10px;\n}\n<\/style>\n\t<\/div>\n\n\t\n<\/div>\n<div class=\"row\"  id=\"row-1869327181\">\n\n\t<div id=\"col-1652165402\" class=\"col small-12 large-12\"  >\n\t\t\t\t<div class=\"col-inner\" style=\"background-color:#16191c;\" >\n\t\t\t\n\t\t\t\n<p style=\"text-align: center;\"><a href=\"https:\/\/3s0745-my.sharepoint.com\/:f:\/g\/personal\/vancong_3s0745_onmicrosoft_com\/EhXF7zWTXflDn5uyot79glIB90xmbjhimg_-qWQGocw4fw?e=9ryD7T\" target=\"_blank\" rel=\"noopener\"><span style=\"color: #ffffff;\"><span style=\"font-size: 105%;\"><strong><span style=\"font-family: helvetica, arial, sans-serif;\"><span style=\"font-size: 100%;\">T\u00e0i li\u1ec7u \u0111\u1ee3t thi \u0111ua cao \u0111i\u1ec3m\u00a0<br \/>\u201c22 ng\u00e0y \u0111\u00eam h\u00e0nh \u0111\u1ed9ng ki\u1ec3u m\u1eabu\u201d <\/span><br \/><\/span><\/strong><span style=\"font-size: 110%;\"><span style=\"font-family: helvetica, arial, sans-serif;\"><span style=\"font-family: helvetica, arial, sans-serif;\">(Nh\u1ea5n v\u00e0o \u0111\u00e2y \u0111\u1ec3 xem v\u00e0 t\u1ea3i v\u1ec1)<\/span><\/span><\/span><\/span><strong><span style=\"font-size: 110%;\"><span style=\"font-family: helvetica, arial, sans-serif;\"><br \/><\/span><\/span><\/strong><\/span><\/a><\/p>\n\t\t<\/div>\n\t\t\t\t\n<style>\n#col-1652165402 > .col-inner {\n  padding: 20px 0px 5px 0px;\n  border-radius: 10px;\n}\n<\/style>\n\t<\/div>\n\n\t\n<\/div>\n<div class=\"row\"  id=\"row-908102743\">\n\n\t<div id=\"col-1843498691\" class=\"col small-12 large-12\"  >\n\t\t\t\t<div class=\"col-inner\" style=\"background-color:rgb(204, 43, 82);\" >\n\t\t\t\n\t\t\t\n<p style=\"text-align: center;\"><a href=\"https:\/\/3s0745-my.sharepoint.com\/:f:\/g\/personal\/vancong_3s0745_onmicrosoft_com\/EkuDzoe5TkhFny1DldfFbcIBNajchKWdOMD6ncjdGsksPg?e=OYACsp\" target=\"_blank\" rel=\"noopener\"><span style=\"color: #ffffff;\"><span style=\"font-size: 105%;\"><strong><span style=\"font-family: helvetica, arial, sans-serif;\"><span style=\"font-size: 105%;\"><span style=\"font-size: 100%;\">T\u00e0i li\u1ec7u \u0111\u1ee3t thi \u0111ua cao \u0111i\u1ec3m<\/span> <br \/>ch\u00e0o m\u1eebng k\u1ef7 ni\u1ec7m 80 n\u0103m Ng\u00e0y <br \/>th\u00e0nh l\u1eadp Qu\u00e2n \u0111\u1ed9i nh\u00e2n d\u00e2n Vi\u1ec7t Nam<\/span><br \/><\/span><\/strong><span style=\"font-size: 110%;\"><span style=\"font-family: helvetica, arial, sans-serif;\"><span style=\"font-family: helvetica, arial, sans-serif;\">(Nh\u1ea5n v\u00e0o \u0111\u00e2y \u0111\u1ec3 xem v\u00e0 t\u1ea3i v\u1ec1)<\/span><\/span><\/span><\/span><strong><span style=\"font-size: 110%;\"><span style=\"font-family: helvetica, arial, sans-serif;\"><br \/><\/span><\/span><\/strong><\/span><\/a><\/p>\n\t\t<\/div>\n\t\t\t\t\n<style>\n#col-1843498691 > .col-inner {\n  padding: 20px 0px 5px 0px;\n  border-radius: 10px;\n}\n<\/style>\n\t<\/div>\n\n\t\n<\/div>\n<div class=\"row\"  id=\"row-826425884\">\n\n\t<div id=\"col-1572897210\" class=\"col small-12 large-12\"  >\n\t\t\t\t<div class=\"col-inner\" style=\"background-color:rgb(120, 32, 110);\" >\n\t\t\t\n\t\t\t\n<p style=\"text-align: center;\"><a href=\"https:\/\/3s0745-my.sharepoint.com\/:f:\/g\/personal\/vancong_3s0745_onmicrosoft_com\/EuJa5gTEvZdJuNslR6yiTIsBjwZTFp9cjOFw-4darv8_eQ?e=GQZVAb\" target=\"_blank\" rel=\"noopener\"><span style=\"color: #ffffff;\"><span style=\"font-size: 105%;\"><strong><span style=\"font-family: helvetica, arial, sans-serif;\"><span style=\"font-size: 105%;\"><span style=\"font-size: 100%;\">T\u00e0i li\u1ec7u \u0111\u1ee3t thi \u0111ua cao \u0111i\u1ec3m<\/span> <br \/>ch\u00e0o m\u1eebng k\u1ef7 ni\u1ec7m 60 n\u0103m Chi\u1ebfn th\u1eafng <br \/>tr\u1eadn \u0111\u1ea7u c\u1ee7a HQND Vi\u1ec7t Nam <\/span><br \/><\/span><\/strong><span style=\"font-size: 110%;\"><span style=\"font-family: helvetica, arial, sans-serif;\"><span style=\"font-family: helvetica, arial, sans-serif;\">(Nh\u1ea5n v\u00e0o \u0111\u00e2y \u0111\u1ec3 xem v\u00e0 t\u1ea3i v\u1ec1)<\/span><\/span><\/span><\/span><strong><span style=\"font-size: 110%;\"><span style=\"font-family: helvetica, arial, sans-serif;\"><br \/><\/span><\/span><\/strong><\/span><\/a><\/p>\n\t\t<\/div>\n\t\t\t\t\n<style>\n#col-1572897210 > .col-inner {\n  padding: 20px 0px 5px 0px;\n  border-radius: 10px;\n}\n<\/style>\n\t<\/div>\n\n\t\n<\/div>\n","protected":false},"excerpt":{"rendered":"<p>Thi \u0111ua cao \u0111i\u1ec3m, \u0111\u1ed9t k\u00edch<\/p>\n","protected":false},"author":1,"featured_media":0,"parent":530,"menu_order":0,"comment_status":"closed","ping_status":"closed","template":"","meta":{"footnotes":""},"class_list":["post-1424","page","type-page","status-publish","hentry"],"_links":{"self":[{"href":"https:\/\/ludoan125.com\/index.php\/wp-json\/wp\/v2\/pages\/1424","targetHints":{"allow":["GET"]}}],"collection":[{"href":"https:\/\/ludoan125.com\/index.php\/wp-json\/wp\/v2\/pages"}],"about":[{"href":"https:\/\/ludoan125.com\/index.php\/wp-json\/wp\/v2\/types\/page"}],"author":[{"embeddable":true,"href":"https:\/\/ludoan125.com\/index.php\/wp-json\/wp\/v2\/users\/1"}],"replies":[{"embeddable":true,"href":"https:\/\/ludoan125.com\/index.php\/wp-json\/wp\/v2\/comments?post=1424"}],"version-history":[{"count":19,"href":"https:\/\/ludoan125.com\/index.php\/wp-json\/wp\/v2\/pages\/1424\/revisions"}],"predecessor-version":[{"id":1466,"href":"https:\/\/ludoan125.com\/index.php\/wp-json\/wp\/v2\/pages\/1424\/revisions\/1466"}],"up":[{"embeddable":true,"href":"https:\/\/ludoan125.com\/index.php\/wp-json\/wp\/v2\/pages\/530"}],"wp:attachment":[{"href":"https:\/\/ludoan125.com\/index.php\/wp-json\/wp\/v2\/media?parent=1424"}],"curies":[{"name":"wp","href":"https:\/\/api.w.org\/{rel}","templated":true}]}}