{"id":1406,"date":"2024-12-19T09:45:19","date_gmt":"2024-12-19T09:45:19","guid":{"rendered":"https:\/\/ludoan125.com\/?page_id=1406"},"modified":"2024-12-19T10:00:22","modified_gmt":"2024-12-19T10:00:22","slug":"ca-nhan-dien-hinh-trong-pttdqt","status":"publish","type":"page","link":"https:\/\/ludoan125.com\/index.php\/trang-chu\/thi-dua-khen-thuong\/1-guong-dien-hinh-tien-tien\/ca-nhan-dien-hinh-trong-pttdqt\/","title":{"rendered":"C\u00e1 nh\u00e2n \u0111i\u1ec3n h\u00ecnh trong PTT\u0110QT"},"content":{"rendered":"<p style=\"text-align: center;\"><span style=\"font-size: 140%;\"><strong><span style=\"font-family: helvetica, arial, sans-serif; color: #0000ff;\">C\u00e1 nh\u00e2n \u0111i\u1ec3n h\u00ecnh trong <br \/>phong tr\u00e0o thi \u0111ua quy\u1ebft th\u1eafng<\/span><\/strong><\/span><\/p>\n<div class=\"text-center\"><div class=\"is-divider divider clearfix\" style=\"margin-top:30px;margin-bottom:30px;max-width:200px;background-color:rgb(175, 23, 64);\"><\/div><\/div>\n\t<div class=\"img has-hover x md-x lg-x y md-y lg-y\" id=\"image_347627142\">\n\t\t\t\t\t\t\t\t<div class=\"img-inner dark\" >\n\t\t\t<img loading=\"lazy\" decoding=\"async\" width=\"300\" height=\"400\" src=\"https:\/\/ludoan125.com\/wp-content\/uploads\/2024\/12\/ANH-VIET.jpg\" class=\"attachment-large size-large\" alt=\"\" srcset=\"https:\/\/ludoan125.com\/wp-content\/uploads\/2024\/12\/ANH-VIET.jpg 300w, https:\/\/ludoan125.com\/wp-content\/uploads\/2024\/12\/ANH-VIET-225x300.jpg 225w\" sizes=\"auto, (max-width: 300px) 100vw, 300px\" \/>\t\t\t\t\t\t\n\t\t\t\t\t<\/div>\n\t\t\t\t\t\t\t\t\n<style>\n#image_347627142 {\n  width: 100%;\n}\n<\/style>\n\t<\/div>\n\t\n<p style=\"text-align: center;\"><span style=\"font-family: helvetica, arial, sans-serif; font-size: 130%; color: #0000ff;\"><strong>\u0110\u1ed3ng ch\u00ed Th\u01b0\u1ee3ng \u00fay H\u1ed3 V\u0103n Vi\u1ec7t<br \/>(CTV T\u00e0u Tr\u01b0\u1eddng Sa 19)<\/strong><\/span><\/p>\n<p style=\"text-align: center;\"><span style=\"font-family: helvetica, arial, sans-serif; font-size: 120%; color: #0000ff;\"><strong>TH\u00c0NH T\u00cdCH \u0110\u1ea0T \u0110\u01af\u1ee2C:<\/strong><\/span><\/p>\n<p style=\"text-align: justify;\"><span style=\"color: #000000; font-family: helvetica, arial, sans-serif; font-size: 115%;\">C\u00f3 b\u1ea3n l\u0129nh ch\u00ednh tr\u1ecb, l\u1eadp tr\u01b0\u1eddng t\u01b0 t\u01b0\u1edfng v\u1eefng v\u00e0ng, tuy\u1ec7t \u0111\u1ed1i trung th\u00e0nh v\u1edbi s\u1ef1 nghi\u1ec7p c\u00e1ch m\u1ea1ng c\u1ee7a \u0110\u1ea3ng, ch\u1ea5p h\u00e0nh nghi\u00eam ph\u00e1p lu\u1eadt c\u1ee7a nh\u00e0 n\u01b0\u1edbc. Lu\u00f4n ph\u00e1t huy t\u1ed1t vai tr\u00f2 tr\u00e1ch nhi\u1ec7m c\u1ee7a ng\u01b0\u1eddi c\u00e1n b\u1ed9 \u0110\u1ea3ng vi\u00ean trong m\u1ecdi l\u00fac, m\u1ecdi n\u01a1i, ch\u1ea5p h\u00e0nh v\u00e0 th\u1ef1c hi\u1ec7n t\u1ed1t m\u1ecdi ngh\u1ecb quy\u1ebft \u0111\u1ec1 ra. <\/span><br \/><span style=\"color: #000000; font-family: helvetica, arial, sans-serif; font-size: 115%;\">Th\u01b0\u1eddng xuy\u00ean trao \u0111\u1ed5i, b\u00e0n b\u1ea1c v\u1edbi \u0111\u1ed3ng ch\u00ed Ph\u00f3 B\u00ed th\u01b0 chi b\u1ed9; tham m\u01b0u, \u0111\u1ec1 xu\u1ea5t v\u1edbi chi \u1ee7y, chi b\u1ed9 nh\u1eefng ch\u1ee7 tr\u01b0\u01a1ng, bi\u1ec7n ph\u00e1p l\u00e3nh \u0111\u1ea1o \u0111\u01a1n v\u1ecb th\u1ef1c hi\u1ec7n nhi\u1ec7m v\u1ee5 hu\u1ea5n luy\u1ec7n, SSC\u0110. C\u00f9ng v\u1edbi c\u1ea5p \u1ee7y, ch\u1ec9 huy T\u00e0u Tr\u01b0\u1eddng Sa 19 l\u00e3nh \u0111\u1ea1o tri\u1ec3n khai \u0111\u01a1n v\u1ecb ho\u00e0n th\u00e0nh xu\u1ea5t s\u1eafc nhi\u1ec7m v\u1ee5 tr\u1ef1c b\u1ea3o v\u1ec7 ch\u1ee7 quy\u1ec1n DK1; th\u1ea3 v\u1edbt th\u1ee7y l\u00f4i, b\u1eafn \u0111\u1ea1n th\u1eadt tr\u00ean bi\u1ec3n l\u1ea7n 2 n\u0103m 2024 \u0111\u1ea3m b\u1ea3o an to\u00e0n tuy\u1ec7t \u0111\u1ed1i v\u1ec1 m\u1ecdi m\u1eb7t.<\/span><br \/><span style=\"color: #000000; font-family: helvetica, arial, sans-serif; font-size: 115%;\">N\u0103m 2024 tham gia t\u00edch c\u1ef1c, hi\u1ec7u qu\u1ea3 c\u00e1c ho\u1ea1t \u0111\u1ed9ng c\u1ee7a c\u00e1c c\u1ea5p g\u00f3p ph\u1ea7n lan t\u1ecfa ph\u1ea9m ch\u1ea5t \u201cB\u1ed9 \u0111\u1ed9i C\u1ee5 H\u1ed3\u201d &#8211; Ng\u01b0\u1eddi chi\u1ebfn s\u0129 H\u1ea3i qu\u00e2n th\u1eddi k\u1ef3 m\u1edbi trong to\u00e0n qu\u00e2n. Tham gia giao l\u01b0u \u0111i\u1ec3n h\u00ecnh ti\u00ean ti\u1ebfn trong ch\u01b0\u01a1ng tr\u00ecnh \u201cNg\u1eddi s\u00e1ng ph\u1ea9m ch\u1ea5t B\u1ed9 \u0111\u1ed9i C\u1ee5 H\u1ed3\u201d do Th\u01b0\u1eddng v\u1ee5 Qu\u00e2n \u1ee7y Trung \u01b0\u01a1ng ch\u1ee7 tr\u00ec \u0111\u1ec3 l\u1ea1i nhi\u1ec1u t\u00ecnh c\u1ea3m v\u00e0 \u1ea5n t\u01b0\u1ee3ng t\u1ed1t \u0111\u1eb9p v\u1edbi kh\u00e1n gi\u1ea3 v\u00e0 c\u00e1n b\u1ed9, chi\u1ebfn s\u0129 trong to\u00e0n qu\u00e2n; giao l\u01b0u \u0111i\u1ec3n h\u00ecnh ti\u00ean ti\u1ebfn \u201cNh\u1eefng b\u00f4ng hoa bi\u1ec3n\u201d c\u1ee7a Qu\u00e2n ch\u1ee7ng H\u1ea3i qu\u00e2n \u0111\u1ea1t k\u1ebft qu\u1ea3 t\u1ed1t. B\u1ea3n th\u00e2n \u0111\u01b0\u1ee3c Th\u1ee7 tr\u01b0\u1edfng c\u00e1c c\u1ea5p tin t\u01b0\u1edfng, l\u1ef1a ch\u1ecdn gi\u1edbi thi\u1ec7u \u0111i\u1ec3n h\u00ecnh ti\u00ean ti\u1ebfn v\u00e0 \u0111\u0103ng tr\u00ean c\u00e1c b\u00e1o v\u00e0 t\u1ea1p ch\u00ed trong qu\u00e2n \u0111\u1ed9i. <\/span><br \/><span style=\"color: #000000; font-family: helvetica, arial, sans-serif; font-size: 115%;\">Tham gia H\u1ed9i thi c\u00e1c c\u1ea5p \u0111\u1ec1u \u0111\u1ea1t k\u1ebft qu\u1ea3 cao. Tham gia c\u00e1c cu\u1ed9c thi t\u00ecm hi\u1ec3u truy\u1ec1n th\u1ed1ng \u1edf c\u00e1c c\u1ea5p \u0111\u1ec1u \u0111\u1ea1t k\u1ebft qu\u1ea3 cao.<\/span><br \/><span style=\"color: #000000; font-family: helvetica, arial, sans-serif; font-size: 115%;\">C\u00e1c h\u00ednh th\u1ee9c \u0111\u00e3 \u0111\u01b0\u1ee3c khen th\u01b0\u1edfng trong n\u0103m: <\/span><br \/><span style=\"color: #000000; font-family: helvetica, arial, sans-serif; font-size: 115%;\">Trong n\u0103m 2024: \u0111\u01b0\u1ee3c B\u1ed9 tr\u01b0\u1edfng B\u1ed9 Qu\u1ed1c ph\u00f2ng t\u1eb7ng 02 B\u1eb1ng khen v\u00ec \u0111\u00e3 c\u00f3 th\u00e0nh t\u00edch xu\u1ea5t s\u1eafc trong c\u00f4ng t\u00e1c v\u00e0 \u0111\u00e3 c\u00f3 th\u00e0nh t\u00edch xu\u1ea5t s\u1eafc trong th\u1ef1c hi\u1ec7n K\u1ebft lu\u1eadn s\u1ed1 01\/-KL\/TW c\u1ee7a B\u1ed9 Ch\u00ednh tr\u1ecb v\u00e0 Ngh\u1ecb quy\u1ebft 847-NQ\/QUTW c\u1ee7a Qu\u00e2n \u1ee7y Trung \u01b0\u01a1ng. \u0110\u01b0\u1ee3c Ch\u1ee7 nhi\u1ec7m T\u1ed5ng c\u1ee5c ch\u00ednh tr\u1ecb Qu\u00e2n \u0111\u1ed9i nh\u00e2n d\u00e2n Vi\u1ec7t Nam t\u1eb7ng 01 b\u1eb1ng khen v\u00ec \u0111\u00e3 \u0111\u1ea1t th\u00e0nh t\u00edch xu\u1ea5t s\u1eafc trong tham gia H\u1ed9i thi Tuy\u00ean truy\u1ec1n vi\u00ean tr\u1ebb to\u00e0n qu\u00e2n n\u0103m 2024. \u0110\u01b0\u1ee3c Th\u1ee7 tr\u01b0\u1edfng BTL Qu\u00e2n ch\u1ee7ng H\u1ea3i qu\u00e2n t\u1eb7ng 01 B\u1eb1ng khen v\u00ec \u0111\u00e3 c\u00f3 th\u00e0nh t\u00edch xu\u1ea5t s\u1eafc, ti\u00eau bi\u1ec3u trong phong tr\u00e0o thi \u0111ua Quy\u1ebft th\u1eafng Qu\u00e2n ch\u1ee7ng H\u1ea3i qu\u00e2n giai \u0111o\u1ea1n 2019-2024. \u0110\u01b0\u1ee3c BTL V\u00f9ng 2 H\u1ea3i qu\u00e2n t\u1eb7ng Gi\u1ea5y khen v\u00ec \u0111\u00e3 c\u00f3 th\u00e0nh t\u00edch t\u1ed1t trong \u0111\u1ee3t thi \u0111ua cao \u0111i\u1ec3m \u201cM\u1eebng \u0110\u1ea3ng, m\u1eebng Xu\u00e2n, ra qu\u00e2n Quy\u1ebft th\u1eafng\u201d n\u0103m 2024.\/.<\/span><\/p>\n","protected":false},"excerpt":{"rendered":"<p>C\u00e1 nh\u00e2n \u0111i\u1ec3n h\u00ecnh trong phong tr\u00e0o thi \u0111ua quy\u1ebft th\u1eafng \u0110\u1ed3ng ch\u00ed Th\u01b0\u1ee3ng \u00fay H\u1ed3 V\u0103n Vi\u1ec7t(CTV T\u00e0u Tr\u01b0\u1eddng Sa 19) TH\u00c0NH T\u00cdCH \u0110\u1ea0T \u0110\u01af\u1ee2C: C\u00f3 b\u1ea3n l\u0129nh ch\u00ednh tr\u1ecb, l\u1eadp tr\u01b0\u1eddng t\u01b0 t\u01b0\u1edfng v\u1eefng v\u00e0ng, tuy\u1ec7t \u0111\u1ed1i trung th\u00e0nh v\u1edbi s\u1ef1 nghi\u1ec7p c\u00e1ch m\u1ea1ng c\u1ee7a \u0110\u1ea3ng, ch\u1ea5p h\u00e0nh nghi\u00eam ph\u00e1p lu\u1eadt c\u1ee7a nh\u00e0 [&#8230;]\n","protected":false},"author":1,"featured_media":0,"parent":354,"menu_order":0,"comment_status":"closed","ping_status":"closed","template":"","meta":{"footnotes":""},"class_list":["post-1406","page","type-page","status-publish","hentry"],"_links":{"self":[{"href":"https:\/\/ludoan125.com\/index.php\/wp-json\/wp\/v2\/pages\/1406","targetHints":{"allow":["GET"]}}],"collection":[{"href":"https:\/\/ludoan125.com\/index.php\/wp-json\/wp\/v2\/pages"}],"about":[{"href":"https:\/\/ludoan125.com\/index.php\/wp-json\/wp\/v2\/types\/page"}],"author":[{"embeddable":true,"href":"https:\/\/ludoan125.com\/index.php\/wp-json\/wp\/v2\/users\/1"}],"replies":[{"embeddable":true,"href":"https:\/\/ludoan125.com\/index.php\/wp-json\/wp\/v2\/comments?post=1406"}],"version-history":[{"count":10,"href":"https:\/\/ludoan125.com\/index.php\/wp-json\/wp\/v2\/pages\/1406\/revisions"}],"predecessor-version":[{"id":1421,"href":"https:\/\/ludoan125.com\/index.php\/wp-json\/wp\/v2\/pages\/1406\/revisions\/1421"}],"up":[{"embeddable":true,"href":"https:\/\/ludoan125.com\/index.php\/wp-json\/wp\/v2\/pages\/354"}],"wp:attachment":[{"href":"https:\/\/ludoan125.com\/index.php\/wp-json\/wp\/v2\/media?parent=1406"}],"curies":[{"name":"wp","href":"https:\/\/api.w.org\/{rel}","templated":true}]}}