{"id":1394,"date":"2024-12-19T09:25:42","date_gmt":"2024-12-19T09:25:42","guid":{"rendered":"https:\/\/ludoan125.com\/?page_id=1394"},"modified":"2024-12-19T10:00:49","modified_gmt":"2024-12-19T10:00:49","slug":"tap-the-dien-hinh-trong-pttdqt","status":"publish","type":"page","link":"https:\/\/ludoan125.com\/index.php\/trang-chu\/thi-dua-khen-thuong\/1-guong-dien-hinh-tien-tien\/tap-the-dien-hinh-trong-pttdqt\/","title":{"rendered":"T\u1eadp th\u1ec3 \u0111i\u1ec3n h\u00ecnh trong PTT\u0110QT"},"content":{"rendered":"<p style=\"text-align: center;\"><span style=\"font-size: 140%;\"><strong><span style=\"font-family: helvetica, arial, sans-serif; color: #0000ff;\">T\u1eadp th\u1ec3 \u0111i\u1ec3n h\u00ecnh trong <br \/>phong tr\u00e0o thi \u0111ua quy\u1ebft th\u1eafng<\/span><\/strong><\/span><\/p>\n<div class=\"text-center\"><div class=\"is-divider divider clearfix\" style=\"margin-top:30px;margin-bottom:30px;max-width:200px;background-color:rgb(175, 23, 64);\"><\/div><\/div>\n<p style=\"text-align: center;\"><span style=\"color: #0000ff; font-family: helvetica, arial, sans-serif; font-size: 115%;\"><strong>H\u1ea2I \u0110\u1ed8I 1, L\u1eee \u0110O\u00c0N 125 H\u1ea2I QU\u00c2N<\/strong><\/span><\/p>\n<p style=\"text-align: center;\"><span style=\"color: #0000ff; font-family: helvetica, arial, sans-serif; font-size: 115%;\"><strong>TH\u00c0NH T\u00cdCH \u0110\u1ea0T \u0110\u01af\u1ee2C:<\/strong><\/span><\/p>\n<p style=\"text-align: justify;\"><span style=\"font-family: helvetica, arial, sans-serif; font-size: 115%; color: #000000;\">Duy tr\u00ec \u0111\u01a1n v\u1ecb th\u1ef1c hi\u1ec7n t\u1ed1t nhi\u1ec7m v\u1ee5 l\u00e0m \u0111i\u1ec3m c\u1ee7a L\u1eef \u0111o\u00e0n v\u1ec1 c\u00f4ng t\u00e1c hu\u1ea5n luy\u1ec7n n\u0103m 2024 v\u00e0 x\u00e2y d\u1ef1ng t\u00e0u CQMM n\u00e2ng cao \u0111\u1ea1t hi\u1ec7u qu\u1ea3 thi\u1ebft th\u1ef1c.<\/span><br \/><span style=\"font-family: helvetica, arial, sans-serif; font-size: 115%; color: #000000;\">Ho\u00e0n th\u00e0nh t\u1ed1t 100% n\u1ed9i dung, ch\u01b0\u01a1ng tr\u00ecnh GDCT, HLC\u0110 n\u0103m 2024. Tham gia \u0111\u1ea7y \u0111\u1ee7 c\u00e1c h\u1ed9i thi, h\u1ed9i thao c\u00e1c c\u1ea5p, \u0111\u1ea1t nhi\u1ec1u k\u1ebft qu\u1ea3 cao: H\u1ed9i thi th\u00f4ng tin t\u00e0u gi\u1ecfi c\u1ea5p L\u1eef \u0111o\u00e0n \u0111\u1ea1t 02 gi\u1ea3i nh\u1ea5t, 01 gi\u1ea3i nh\u00ec; c\u1ea5p V\u00f9ng \u0111\u1ea1t 02 gi\u1ea3i nh\u1ea5t, 01 gi\u1ea3i nh\u00ec; c\u1ea5p Qu\u00e2n ch\u1ee7ng \u0111\u1ea1t 01 gi\u1ea3i khuy\u1ebfn kh\u00edch. H\u1ed9i thi thuy\u1ec1n tr\u01b0\u1edfng, ch\u00ednh tr\u1ecb vi\u00ean gi\u1ecfi c\u1ea5p V\u00f9ng \u0111\u1ea1t 01 gi\u1ea3i nh\u00ec, 01 gi\u1ea3i ba (kh\u1ed1i t\u00e0u ph\u1ee5c v\u1ee5, b\u1ed5 tr\u1ee3, ki\u1ec3m ng\u01b0). H\u1ed9i thi B\u00ed th\u01b0 chi b\u1ed9, B\u00ed th\u01b0 \u0111\u1ea3ng \u1ee7y b\u1ed9 ph\u1eadn n\u0103m 2024 c\u1ea5p c\u1ea5p V\u00f9ng \u0111\u1ea1t 01 gi\u1ea3i Ba. H\u1ed9i thi tuy\u00ean truy\u1ec1n vi\u00ean tr\u1ebb to\u00e0n qu\u00e2n \u0111\u1ea1t 01 gi\u1ea3i tuy\u00ean truy\u1ec1n vi\u00ean ch\u00ednh xu\u1ea5t s\u1eafc, b\u1eb1ng khen TCCT Q\u0110ND Vi\u1ec7t Nam. BTL V\u00f9ng t\u1eb7ng gi\u1ea5y khen cho 01 t\u1eadp th\u1ec3 v\u00e0 01 c\u00e1 nh\u00e2n trong c\u00f4ng t\u00e1c ph\u00f2ng ch\u1ed1ng v\u00e0 kh\u1eafc ph\u1ee5c h\u1eadu qu\u1ea3 thi\u00ean tai, th\u1ea3m h\u1ecda, c\u1ee9u h\u1ed9 c\u1ee9u n\u1ea1n.<\/span><br \/><span style=\"font-family: helvetica, arial, sans-serif; font-size: 115%; color: #000000;\">Duy tr\u00ec nghi\u00eam n\u1ec1n n\u1ebfp ch\u1ebf \u0111\u1ed9 quy \u0111\u1ecbnh; 100% CB, CS ch\u1ea5p h\u00e0nh nghi\u00eam k\u1ef7 lu\u1eadt, quy \u0111\u1ecbnh c\u1ee7a \u0111\u01a1n v\u1ecb.<\/span><br \/><span style=\"font-family: helvetica, arial, sans-serif; font-size: 115%; color: #000000;\">B\u1ea3o \u0111\u1ea3m t\u1ed1t c\u00f4ng t\u00e1c h\u1eadu c\u1ea7n cho nhi\u1ec7m v\u1ee5; t\u00edch c\u1ef1c TGSX (2520 kg th\u1ecbt, 680 kg c\u00e1, 5842 kg rau, gi\u00e1 c\u00e1c lo\u1ea1i).<\/span><br \/><span style=\"font-family: helvetica, arial, sans-serif; font-size: 115%; color: #000000;\">Th\u1ef1c hi\u1ec7n c\u00f3 hi\u1ec7u qu\u1ea3 2 kh\u00e2u \u0111\u1ed9t ph\u00e1 x\u00e2y d\u1ef1ng ch\u00ednh quy k\u1ef9 thu\u1eadt v\u00e0 l\u00e0m ch\u1ee7 VKTBKT; t\u1ed5 ch\u1ee9c BQKS, r\u1eeda m\u1eb7n 54 ng\u00e0y li\u00ean t\u1ee5c cho t\u00e0u sau v\u1ec1 b\u1ebfn: T\u1ea1i \u0111\u01a1n v\u1ecb, V\u0169ng T\u00e0u. BQ, BD, s\u01a1n s\u1eeda h\u01a1n 18.685 m2 th\u00e2n v\u1ecf, 6.960 m \u0111\u01b0\u1eddng \u1ed1ng, v\u1ec7 sinh 88 k\u00e9t n\u01b0\u1edbc v\u1edbi t\u1ed5ng 5630 ng\u00e0y c\u00f4ng.\/.<\/span><\/p>\n","protected":false},"excerpt":{"rendered":"<p>T\u1eadp th\u1ec3 \u0111i\u1ec3n h\u00ecnh trong phong tr\u00e0o thi \u0111ua quy\u1ebft th\u1eafng H\u1ea2I \u0110\u1ed8I 1, L\u1eee \u0110O\u00c0N 125 H\u1ea2I QU\u00c2N TH\u00c0NH T\u00cdCH \u0110\u1ea0T \u0110\u01af\u1ee2C: Duy tr\u00ec \u0111\u01a1n v\u1ecb th\u1ef1c hi\u1ec7n t\u1ed1t nhi\u1ec7m v\u1ee5 l\u00e0m \u0111i\u1ec3m c\u1ee7a L\u1eef \u0111o\u00e0n v\u1ec1 c\u00f4ng t\u00e1c hu\u1ea5n luy\u1ec7n n\u0103m 2024 v\u00e0 x\u00e2y d\u1ef1ng t\u00e0u CQMM n\u00e2ng cao \u0111\u1ea1t hi\u1ec7u qu\u1ea3 thi\u1ebft [&#8230;]\n","protected":false},"author":1,"featured_media":0,"parent":354,"menu_order":0,"comment_status":"closed","ping_status":"closed","template":"","meta":{"footnotes":""},"class_list":["post-1394","page","type-page","status-publish","hentry"],"_links":{"self":[{"href":"https:\/\/ludoan125.com\/index.php\/wp-json\/wp\/v2\/pages\/1394","targetHints":{"allow":["GET"]}}],"collection":[{"href":"https:\/\/ludoan125.com\/index.php\/wp-json\/wp\/v2\/pages"}],"about":[{"href":"https:\/\/ludoan125.com\/index.php\/wp-json\/wp\/v2\/types\/page"}],"author":[{"embeddable":true,"href":"https:\/\/ludoan125.com\/index.php\/wp-json\/wp\/v2\/users\/1"}],"replies":[{"embeddable":true,"href":"https:\/\/ludoan125.com\/index.php\/wp-json\/wp\/v2\/comments?post=1394"}],"version-history":[{"count":13,"href":"https:\/\/ludoan125.com\/index.php\/wp-json\/wp\/v2\/pages\/1394\/revisions"}],"predecessor-version":[{"id":1413,"href":"https:\/\/ludoan125.com\/index.php\/wp-json\/wp\/v2\/pages\/1394\/revisions\/1413"}],"up":[{"embeddable":true,"href":"https:\/\/ludoan125.com\/index.php\/wp-json\/wp\/v2\/pages\/354"}],"wp:attachment":[{"href":"https:\/\/ludoan125.com\/index.php\/wp-json\/wp\/v2\/media?parent=1394"}],"curies":[{"name":"wp","href":"https:\/\/api.w.org\/{rel}","templated":true}]}}