{"id":1253,"date":"2024-12-08T09:45:26","date_gmt":"2024-12-08T09:45:26","guid":{"rendered":"https:\/\/ludoan125.com\/?page_id=1253"},"modified":"2024-12-25T18:31:08","modified_gmt":"2024-12-25T18:31:08","slug":"bai-hat-vi-nhan-dan-quen-minh","status":"publish","type":"page","link":"https:\/\/ludoan125.com\/index.php\/trang-chu\/van-hoa-co-so\/3-van-hoa-van-nghe\/15-bai-hat-quy-dinh-trong-quan-doi\/bai-hat-vi-nhan-dan-quen-minh\/","title":{"rendered":"B\u00e0i h\u00e1t V\u00ec Nh\u00e2n d\u00e2n qu\u00ean m\u00ecnh"},"content":{"rendered":"<p style=\"text-align: center;\"><span style=\"font-size: 130%; color: #0000ff;\"><strong><span style=\"font-family: helvetica, arial, sans-serif;\">B\u00e0i h\u00e1t: V\u00ec nh\u00e2n d\u00e2n qu\u00ean m\u00ecnh<\/span><\/strong><\/span><\/p>\n<div class=\"text-center\"><div class=\"is-divider divider clearfix\" style=\"margin-top:30px;margin-bottom:30px;max-width:200px;background-color:rgb(175, 23, 64);\"><\/div><\/div>\n<div class=\"row\"  id=\"row-2067362008\">\n\n\t<div id=\"col-429275712\" class=\"col small-12 large-12\"  >\n\t\t\t\t<div class=\"col-inner text-center\" style=\"background-color:rgb(120, 32, 110);\" >\n\t\t\t\n\t\t\t\n<p><span style=\"font-family: helvetica, arial, sans-serif; font-size: 140%; color: #ffffff;\"><strong>File nh\u1ea1c kh\u00f4ng l\u1eddi<\/strong><\/span><\/p>\n\t\t<\/div>\n\t\t\t\t\n<style>\n#col-429275712 > .col-inner {\n  padding: 20px 0px 5px 0px;\n  border-radius: 10px;\n}\n<\/style>\n\t<\/div>\n\n\t\n<\/div>\n<audio class=\"wp-audio-shortcode\" id=\"audio-1253-1\" preload=\"none\" style=\"width: 100%;\" controls=\"controls\"><source type=\"audio\/mpeg\" src=\"http:\/\/ludoan125.com\/wp-content\/uploads\/2024\/12\/Vi-Nhan-Dan-Quen-Minh-Khong-Loi-We-Fight-for-the-People-Instrumental-wPBz1DIwmeg.mp3?_=1\" \/><a href=\"http:\/\/ludoan125.com\/wp-content\/uploads\/2024\/12\/Vi-Nhan-Dan-Quen-Minh-Khong-Loi-We-Fight-for-the-People-Instrumental-wPBz1DIwmeg.mp3\">http:\/\/ludoan125.com\/wp-content\/uploads\/2024\/12\/Vi-Nhan-Dan-Quen-Minh-Khong-Loi-We-Fight-for-the-People-Instrumental-wPBz1DIwmeg.mp3<\/a><\/audio>\n<p>\u00a0<\/p>\n<div class=\"row\"  id=\"row-1896460871\">\n\n\t<div id=\"col-1817681973\" class=\"col small-12 large-12\"  >\n\t\t\t\t<div class=\"col-inner text-center\" style=\"background-color:rgb(0, 160, 210);\" >\n\t\t\t\n\t\t\t\n<p style=\"text-align: center;\"><span style=\"font-family: helvetica, arial, sans-serif; font-size: 140%; color: #ffffff;\"><strong>File nh\u1ea1c c\u00f3 l\u1eddi<\/strong><\/span><\/p>\n\t\t<\/div>\n\t\t\t\t\n<style>\n#col-1817681973 > .col-inner {\n  padding: 20px 0px 5px 0px;\n  border-radius: 10px;\n}\n<\/style>\n\t<\/div>\n\n\t\n<\/div>\n<audio class=\"wp-audio-shortcode\" id=\"audio-1253-2\" preload=\"none\" style=\"width: 100%;\" controls=\"controls\"><source type=\"audio\/mpeg\" src=\"http:\/\/ludoan125.com\/wp-content\/uploads\/2024\/12\/Vi-Nhan-Dan-Quen-Minh-Top-Ca-Nam.mp3?_=2\" \/><a href=\"http:\/\/ludoan125.com\/wp-content\/uploads\/2024\/12\/Vi-Nhan-Dan-Quen-Minh-Top-Ca-Nam.mp3\">http:\/\/ludoan125.com\/wp-content\/uploads\/2024\/12\/Vi-Nhan-Dan-Quen-Minh-Top-Ca-Nam.mp3<\/a><\/audio>\n<div class=\"text-center\"><div class=\"is-divider divider clearfix\" style=\"margin-top:30px;margin-bottom:30px;max-width:200px;background-color:rgb(175, 23, 64);\"><\/div><\/div>\n<p style=\"text-align: center;\"><span style=\"color: #0000ff; font-family: helvetica, arial, sans-serif; font-size: 100%;\"><span style=\"font-family: helvetica, arial, sans-serif;\"><span style=\"font-size: 20.16px;\"><b>L\u1eddi b\u00e0i h\u00e1t: V\u00ec nh\u00e2n d\u00e2n qu\u00ean m\u00ecnh<\/b><\/span><\/span><\/span><\/p>\n<p style=\"text-align: justify;\"><span style=\"color: #0000ff; font-family: helvetica, arial, sans-serif; font-size: 105%;\">Nh\u1ea1c v\u00e0 l\u1eddi: Do\u00e3n Quang Kh\u1ea3i<\/span><\/p>\n<div class=\"ujudUb\" style=\"text-align: justify;\"><span style=\"color: #000000; font-family: helvetica, arial, sans-serif; font-size: 105%;\">V\u00ec nh\u00e2n d\u00e2n qu\u00ean m\u00ecnh<\/span><br aria-hidden=\"true\" \/><span style=\"color: #000000; font-family: helvetica, arial, sans-serif; font-size: 105%;\">V\u00ec nh\u00e2n d\u00e2n hy sinh<\/span><br aria-hidden=\"true\" \/><span style=\"color: #000000; font-family: helvetica, arial, sans-serif; font-size: 105%;\">Anh em \u01a1i v\u00ec nh\u00e2n d\u00e2n qu\u00ean m\u00ecnh<\/span><br aria-hidden=\"true\" \/><span style=\"color: #000000; font-family: helvetica, arial, sans-serif; font-size: 105%;\">\u0110o\u00e0n V\u1ec7 qu\u1ed1c ch\u00fang ta \u1edf nh\u00e2n d\u00e2n m\u00e0 ra<\/span><br aria-hidden=\"true\" \/><span style=\"color: #000000; font-family: helvetica, arial, sans-serif; font-size: 105%;\">\u0110\u01b0\u1ee3c d\u00e2n m\u1ebfn \u0111\u01b0\u1ee3c d\u00e2n tin mu\u00f4n ph\u1ea7n<\/span><\/div>\n<div class=\"ujudUb\" style=\"text-align: justify;\"><span style=\"color: #000000; font-family: helvetica, arial, sans-serif; font-size: 105%;\">Th\u1ec1 v\u00ec d\u00e2n su\u1ed1t \u0111\u1eddi<\/span><br aria-hidden=\"true\" \/><span style=\"color: #000000; font-family: helvetica, arial, sans-serif; font-size: 105%;\">Th\u1ec1 tranh \u0111\u1ea5u kh\u00f4ng ng\u1eebng<\/span><br aria-hidden=\"true\" \/><span style=\"color: #000000; font-family: helvetica, arial, sans-serif; font-size: 105%;\">V\u00ec \u0111\u1ea5t n\u01b0\u1edbc th\u00e2n y\u00eau m\u00e0 hy sinh<\/span><br aria-hidden=\"true\" \/><span style=\"color: #000000; font-family: helvetica, arial, sans-serif; font-size: 105%;\">Th\u1ec1 di\u1ec7t h\u1ebft \u0111\u1ebf qu\u1ed1c kia gi\u00e0nh t\u1ef1 do ho\u00e0 b\u00ecnh<\/span><br aria-hidden=\"true\" \/><span style=\"color: #000000; font-family: helvetica, arial, sans-serif; font-size: 105%;\">\u0110o\u00e0n V\u1ec7 qu\u1ed1c qu\u00ean m\u00ecnh v\u00ec nh\u00e2n d\u00e2n<\/span><\/div>\n<div class=\"ujudUb\" style=\"text-align: justify;\"><span style=\"color: #000000; font-family: helvetica, arial, sans-serif; font-size: 105%;\">Th\u1ec1 noi g\u01b0\u01a1ng B\u00e1c H\u1ed3<\/span><br aria-hidden=\"true\" \/><span style=\"color: #000000; font-family: helvetica, arial, sans-serif; font-size: 105%;\">V\u00ec nh\u00e2n d\u00e2n gian lao<\/span><br aria-hidden=\"true\" \/><span style=\"color: #000000; font-family: helvetica, arial, sans-serif; font-size: 105%;\">Trong bao n\u0103m Ng\u01b0\u1eddi tranh \u0111\u1ea5u kh\u00f4ng ng\u1eebng<\/span><br aria-hidden=\"true\" \/><span style=\"color: #000000; font-family: helvetica, arial, sans-serif; font-size: 105%;\">Ng\u01b0\u1eddi ch\u1ec9 bi\u1ebft c\u00f3 d\u00e2n ng\u00e0y ng\u00e0y lo sao cho<\/span><br aria-hidden=\"true\" \/><span style=\"color: #000000; font-family: helvetica, arial, sans-serif; font-size: 105%;\">To\u00e0n d\u00e2n \u1ea5m to\u00e0n d\u00e2n no \u0111\u01b0\u1ee3c h\u1ecdc h\u00e0nh<\/span><\/div>\n<div class=\"ujudUb\" style=\"text-align: justify;\"><span style=\"color: #000000; font-family: helvetica, arial, sans-serif; font-size: 105%;\">Ng\u01b0\u1eddi ch\u1ec9 vui khi n\u00e0o<\/span><br aria-hidden=\"true\" \/><span style=\"color: #000000; font-family: helvetica, arial, sans-serif; font-size: 105%;\">To\u00e0n d\u00e2n h\u1ebft \u0111au th\u01b0\u01a1ng<\/span><br aria-hidden=\"true\" \/><span style=\"color: #000000; font-family: helvetica, arial, sans-serif; font-size: 105%;\">Ng\u01b0\u1eddi tranh \u0111\u1ea5u \u0111em t\u01b0\u01a1ng lai v\u1ec1 cho d\u00e2n<\/span><br aria-hidden=\"true\" \/><span style=\"color: #000000; font-family: helvetica, arial, sans-serif; font-size: 105%;\">\u0110o\u00e0n V\u1ec7 qu\u1ed1c ch\u00fang ta l\u00e0 con y\u00eau c\u1ee7a Ng\u01b0\u1eddi<\/span><br aria-hidden=\"true\" \/><span style=\"color: #000000; font-family: helvetica, arial, sans-serif; font-size: 105%;\">Th\u1ec1 noi g\u01b0\u01a1ng su\u1ed1t \u0111\u1eddi v\u00ec nh\u00e2n d\u00e2n<\/span><\/div>\n<div class=\"ujudUb\" style=\"text-align: justify;\"><span style=\"color: #000000; font-family: helvetica, arial, sans-serif; font-size: 105%;\">V\u00ec nh\u00e2n d\u00e2n qu\u00ean m\u00ecnh<\/span><br aria-hidden=\"true\" \/><span style=\"color: #000000; font-family: helvetica, arial, sans-serif; font-size: 105%;\">V\u00ec nh\u00e2n d\u00e2n hy sinh<\/span><br aria-hidden=\"true\" \/><span style=\"color: #000000; font-family: helvetica, arial, sans-serif; font-size: 105%;\">Anh em \u01a1i v\u00ec nh\u00e2n d\u00e2n qu\u00ean m\u00ecnh<\/span><br aria-hidden=\"true\" \/><span style=\"color: #000000; font-family: helvetica, arial, sans-serif; font-size: 105%;\">\u0110o\u00e0n V\u1ec7 qu\u1ed1c ch\u00fang ta \u1edf nh\u00e2n d\u00e2n m\u00e0 ra<\/span><br aria-hidden=\"true\" \/><span style=\"color: #000000; font-family: helvetica, arial, sans-serif; font-size: 105%;\">\u0110\u01b0\u1ee3c d\u00e2n m\u1ebfn \u0111\u01b0\u1ee3c d\u00e2n tin mu\u00f4n ph\u1ea7n<\/span><\/div>\n<div class=\"ujudUb\" style=\"text-align: justify;\"><span style=\"color: #000000; font-family: helvetica, arial, sans-serif; font-size: 105%;\">Th\u1ec1 v\u00ec d\u00e2n su\u1ed1t \u0111\u1eddi<\/span><br aria-hidden=\"true\" \/><span style=\"color: #000000; font-family: helvetica, arial, sans-serif; font-size: 105%;\">Th\u1ec1 tranh \u0111\u1ea5u kh\u00f4ng ng\u1eebng<\/span><br aria-hidden=\"true\" \/><span style=\"color: #000000; font-family: helvetica, arial, sans-serif; font-size: 105%;\">V\u00ec \u0111\u1ea5t n\u01b0\u1edbc th\u00e2n y\u00eau m\u00e0 hy sinh<\/span><br aria-hidden=\"true\" \/><span style=\"color: #000000; font-family: helvetica, arial, sans-serif; font-size: 105%;\">Th\u1ec1 di\u1ec7t h\u1ebft \u0111\u1ebf qu\u1ed1c kia gi\u00e0nh t\u1ef1 do ho\u00e0 b\u00ecnh<\/span><br aria-hidden=\"true\" \/><span style=\"color: #000000; font-family: helvetica, arial, sans-serif; font-size: 105%;\">\u0110o\u00e0n V\u1ec7 qu\u1ed1c qu\u00ean m\u00ecnh v\u00ec nh\u00e2n d\u00e2n<\/span><\/div>\n<div class=\"ujudUb\" style=\"text-align: justify;\"><span style=\"color: #000000; font-family: helvetica, arial, sans-serif; font-size: 105%;\">Th\u1ec1 noi g\u01b0\u01a1ng B\u00e1c H\u1ed3<\/span><br aria-hidden=\"true\" \/><span style=\"color: #000000; font-family: helvetica, arial, sans-serif; font-size: 105%;\">V\u00ec nh\u00e2n d\u00e2n gian lao<\/span><br aria-hidden=\"true\" \/><span style=\"color: #000000; font-family: helvetica, arial, sans-serif; font-size: 105%;\">Trong bao n\u0103m Ng\u01b0\u1eddi tranh \u0111\u1ea5u kh\u00f4ng ng\u1eebng<\/span><br aria-hidden=\"true\" \/><span style=\"color: #000000; font-family: helvetica, arial, sans-serif; font-size: 105%;\">Ng\u01b0\u1eddi ch\u1ec9 bi\u1ebft c\u00f3 d\u00e2n ng\u00e0y ng\u00e0y lo sao cho<\/span><br aria-hidden=\"true\" \/><span style=\"color: #000000; font-family: helvetica, arial, sans-serif; font-size: 105%;\">To\u00e0n d\u00e2n \u1ea5m to\u00e0n d\u00e2n no \u0111\u01b0\u1ee3c h\u1ecdc h\u00e0nh<\/span><\/div>\n<div class=\"ujudUb WRZytc\" style=\"text-align: justify;\"><span style=\"color: #000000; font-family: helvetica, arial, sans-serif; font-size: 105%;\">Ng\u01b0\u1eddi ch\u1ec9 vui khi n\u00e0o<\/span><br aria-hidden=\"true\" \/><span style=\"color: #000000; font-family: helvetica, arial, sans-serif; font-size: 105%;\">To\u00e0n d\u00e2n h\u1ebft \u0111au th\u01b0\u01a1ng<\/span><br aria-hidden=\"true\" \/><span style=\"color: #000000; font-family: helvetica, arial, sans-serif; font-size: 105%;\">Ng\u01b0\u1eddi tranh \u0111\u1ea5u \u0111em t\u01b0\u01a1ng lai v\u1ec1 cho d\u00e2n<\/span><br aria-hidden=\"true\" \/><span style=\"color: #000000; font-family: helvetica, arial, sans-serif; font-size: 105%;\">\u0110o\u00e0n V\u1ec7 qu\u1ed1c ch\u00fang ta l\u00e0 con y\u00eau c\u1ee7a Ng\u01b0\u1eddi<\/span><br aria-hidden=\"true\" \/><span style=\"color: #000000; font-family: helvetica, arial, sans-serif; font-size: 105%;\">Th\u1ec1 noi g\u01b0\u01a1ng su\u1ed1t \u0111\u1eddi v\u00ec nh\u00e2n d\u00e2n.<\/span><\/div>\n<div class=\"text-center\"><div class=\"is-divider divider clearfix\" style=\"margin-top:30px;margin-bottom:30px;max-width:200px;background-color:rgb(175, 23, 64);\"><\/div><\/div>\n<p style=\"text-align: center;\"><span style=\"color: #000000; font-family: helvetica, arial, sans-serif; font-size: 100%;\"><span style=\"color: #0000ff; font-family: helvetica, arial, sans-serif;\"><span style=\"font-size: 20.16px;\"><b>S\u01a1 l\u01b0\u1ee3c v\u1ec1 t\u00e1c gi\u1ea3 v\u00e0 t\u00e1c ph\u1ea9m<\/b><\/span><\/span><\/span><\/p>\n\t<div class=\"box has-hover   has-hover box-text-bottom\" >\n\n\t\t<div class=\"box-image\" >\n\t\t\t\t\t\t<div class=\"\" >\n\t\t\t\t<img loading=\"lazy\" decoding=\"async\" width=\"315\" height=\"417\" src=\"https:\/\/ludoan125.com\/wp-content\/uploads\/2024\/12\/Doan-Quang-Khai.jpg\" class=\"attachment- size-\" alt=\"\" srcset=\"https:\/\/ludoan125.com\/wp-content\/uploads\/2024\/12\/Doan-Quang-Khai.jpg 315w, https:\/\/ludoan125.com\/wp-content\/uploads\/2024\/12\/Doan-Quang-Khai-227x300.jpg 227w\" sizes=\"auto, (max-width: 315px) 100vw, 315px\" \/>\t\t\t\t\t\t\t\t\t\t\t<\/div>\n\t\t\t\t\t<\/div>\n\n\t\t<div class=\"box-text text-center\" >\n\t\t\t<div class=\"box-text-inner\">\n\t\t\t\t\n<p style=\"text-align: center;\"><span style=\"font-family: helvetica, arial, sans-serif; font-size: 130%; color: #0000ff;\">Nh\u1ea1c s\u0129 Do\u00e3n Quang Kh\u1ea3i\u00a0(1925\u20132007)<\/span><\/p>\n\t\t\t<\/div>\n\t\t<\/div>\n\t<\/div>\n\t\n<p style=\"text-align: justify;\"><span style=\"color: #000000; font-family: helvetica, arial, sans-serif; font-size: 105%;\">Do\u00e3n Quang Kh\u1ea3i sinh n\u0103m 1925 t\u1ea1i x\u00e3 Ng\u1ecdc M\u1ef9, huy\u1ec7n Qu\u1ed1c Oai, t\u1ec9nh H\u00e0 T\u00e2y (nay thu\u1ed9c H\u00e0 N\u1ed9i ). \u00d4ng tham gia kha\u0301ng chi\u00ea\u0301n ch\u00f4\u0301ng Pha\u0301p tra\u0309i qua c\u00e1c chi\u00ea\u0301n tr\u01b0\u01a1\u0300ng: Li\u00ean khu 3, Vi\u00ea\u0323t B\u0103\u0301c, B\u00ecnh Tr\u1ecb Thi\u00ean ; c\u00f2n trong kh\u00e1ng chi\u1ebfn ch\u00f4\u0301ng My\u0303 la\u0300 chi\u00ea\u0301n tr\u01b0\u01a1\u0300ng T\u00e2y Nguy\u00ean, B\u00ecnh Tr\u1ecb Thi\u00ean. \u0110\u1ed3ng \u0111\u1ed9i v\u1eabn tr\u00ecu m\u1ebfn g\u1ecdi Do\u00e3n Quang Kh\u1ea3i l\u00e0 Kh\u1ea3i \u201cNh\u1ea1c S\u0129\u201d. \u00d4ng \u0111\u00e3 \u0111i qua c\u00e1i th\u1eddi tu\u1ed5i tr\u1ebb s\u00f4i n\u1ed5i c\u00f9ng nh\u1eefng b\u1ea1n b\u00e8 ch\u1ec9 bi\u1ebft s\u1ed1ng h\u1ebft m\u00ecnh v\u00ec s\u1ef1 nghi\u1ec7p gi\u1ea3i ph\u00f3ng \u0111\u1ea5t n\u01b0\u1edbc. 38 n\u0103m \u0111\u1eddi l\u00ednh tr\u1edf l\u1ea1i qu\u00ea h\u01b0\u01a1ng, ch\u1eb3ng c\u00f3 m\u1ea5y t\u00e0i s\u1ea3n, nh\u01b0ng ch\u01b0a bao gi\u1edd \u00f4ng v\u01a1i ni\u1ec1m tin v\u00e0o nh\u1eefng g\u00ec m\u00e0 th\u1ebf h\u1ec7 nh\u1eefng ng\u01b0\u1eddi l\u00ednh nh\u01b0 \u00f4ng \u0111\u00e3 d\u00e0y c\u00f4ng vun \u0111\u1eafp.<\/span><\/p>\n<p style=\"text-align: justify;\"><span style=\"color: #000000; font-family: helvetica, arial, sans-serif; font-size: 105%;\">\u0110\u1ea7u n\u0103m 2004, B\u1ec7nh vi\u1ec7n 108 (B\u1ed9 Qu\u1ed1c ph\u00f2ng) \u0111\u00e3 h\u1ed7 tr\u1ee3 x\u00e2y t\u1eb7ng \u00f4ng m\u1ed9t ph\u00f2ng ri\u00eang tr\u00ean m\u1ea3nh \u0111\u1ea5t c\u1ee7a gia \u0111\u00ecnh \u0111\u1ec3 t\u1ecf l\u00f2ng tri \u00e2n v\u1edbi m\u1ed9t c\u1ef1u binh c\u00f2n nhi\u1ec1u kh\u00f3 kh\u0103n trong cu\u1ed9c s\u1ed1ng. Th\u1eadt b\u1ea5t ng\u1edd, sau hai n\u0103m li\u1ec7t n\u1eeda ng\u01b0\u1eddi, di ch\u1ee9ng c\u1ee7a b\u1ec7nh huy\u1ebft \u00e1p cao, nh\u1ea1c s\u0129 Do\u00e3n Quang Kh\u1ea3i \u0111\u00e3 luy\u1ec7n t\u1eadp \u0111\u1ec3 t\u1ef1 m\u00ecnh \u0111i l\u1ea1i \u0111\u01b0\u1ee3c. Ng\u01b0\u1eddi l\u00ednh T\u00e2y Ti\u1ebfn n\u0103m x\u01b0a kh\u00f4ng cho ph\u00e9p \u00f4ng \u0111\u1ea7u h\u00e0ng s\u1ed1 ph\u1eadn. \u00d4ng v\u1eabn say s\u01b0a k\u1ec3 v\u1ec1 nh\u1eefng k\u1ef7 ni\u1ec7m chi\u1ebfn tr\u01b0\u1eddng, v\u1ec1 t\u00e2m tr\u1ea1ng khi vi\u1ebft ca kh\u00fac V\u00ec nh\u00e2n d\u00e2n qu\u00ean m\u00ecnh. Nh\u1eefng k\u00ed \u1ee9c v\u1ec1 m\u1ed9t th\u1eddi tu\u1ed5i tr\u1ebb l\u1ea1i c\u00f3 d\u1ecbp b\u1eebng l\u00ean. \u00d4ng m\u1ea5t n\u0103m 2007 th\u1ecd 82 tu\u1ed5i.<\/span><\/p>\n<p style=\"text-align: justify;\"><span style=\"color: #000000; font-family: helvetica, arial, sans-serif; font-size: 105%;\">N\u0103m 1950, Do\u00e3n Quang Kh\u1ea3i \u0111\u01b0\u1ee3c c\u1eed \u0111i h\u1ecdc l\u1edbp b\u1ed5 t\u00fac \u0111\u1ea1i \u0111\u1ed9i (sau tr\u01b0\u1eddng n\u00e0y \u0111\u01b0\u1ee3c mang t\u00ean Tr\u01b0\u1eddng L\u1ee5c qu\u00e2n Tr\u1ea7n Qu\u1ed1c Tu\u1ea5n). Nh\u1eefng ng\u00e0y cu\u1ed1i kho\u00e1 h\u1ecdc 6 th\u00e1ng t\u1ea1i tr\u01b0\u1eddng \u0111\u00e0o t\u1ea1o s\u0129 quan l\u1ee5c qu\u00e2n \u1edf Trung Qu\u1ed1c, tr\u01b0\u1eddng ph\u00e1t \u0111\u1ed9ng cu\u1ed9c thi s\u00e1ng t\u00e1c ca kh\u00fac \u0111\u1ec3 k\u1ef7 ni\u1ec7m kho\u00e1 h\u1ecdc h\u1eefu ngh\u1ecb \u0111\u1ea7u ti\u00ean gi\u1eefa hai n\u01b0\u1edbc sau ng\u00e0y Trung Qu\u1ed1c gi\u00e0nh \u0111\u01b0\u1ee3c \u0111\u1ed9c l\u1eadp. Sau nhi\u1ec1u \u0111\u00eam suy ngh\u0129 t\u00ecm c\u1ea5u t\u1ee9 cho s\u00e1ng t\u00e1c, t\u00ecnh c\u1edd \u00f4ng \u0111\u1ecdc \u0111\u01b0\u1ee3c t\u1edd b\u00e1o c\u00f3 d\u00f2ng t\u00edt \u201cV\u00ec nh\u00e2n d\u00e2n ph\u1ee5c v\u1ee5\u201d r\u1ea5t tr\u00f9ng v\u1edbi nh\u1eefng suy ngh\u0129 c\u1ee7a \u00f4ng v\u1ec1 tinh th\u1ea7n qu\u00e2n \u0111\u1ed9i ta. \u0110\u00eam h\u00f4m \u0111\u00f3, \u00f4ng \u0111\u00e3 th\u1ee9c \u0111\u1ebfn 3 gi\u1edd s\u00e1ng \u0111\u1ec3 ho\u00e0n th\u00e0nh b\u00e0i h\u00e1t v\u1edbi ch\u1ee7 \u0111\u1ec1 V\u00ec nh\u00e2n d\u00e2n qu\u00ean m\u00ecnh.<\/span><\/p>\n<p style=\"text-align: justify;\"><span style=\"color: #000000; font-family: helvetica, arial, sans-serif; font-size: 105%;\">C\u1ea3 ng\u00e0y h\u1ecdc v\u00e0 r\u00e8n luy\u1ec7n tr\u00ean thao tr\u01b0\u1eddng, ch\u1eb3ng c\u00f2n d\u01b0 ch\u00fat th\u1eddi gian ri\u00eang t\u01b0 n\u00e0o, k\u1ef7 lu\u1eadt c\u1ee7a tr\u01b0\u1eddng l\u1ea1i nghi\u00eam ng\u1eb7t, \u0111\u00fang 21h, t\u1ea5t c\u1ea3 h\u1ecdc vi\u00ean ph\u1ea3i t\u1eaft \u0111\u00e8n \u0111i ng\u1ee7. Do\u00e3n Quang Kh\u1ea3i c\u1ee9 n\u1eb1m tr\u1eb1n tr\u1ecdc suy ngh\u0129, ngh\u0129 \u0111\u01b0\u1ee3c c\u00e2u n\u00e0o ho\u00e0n ch\u1ec9nh, \u00f4ng l\u1ea1i c\u1ea7m gi\u1ea5y b\u00fat ra v\u01b0\u1eddn hoa g\u00f3c tr\u01b0\u1eddng c\u00f3 \u0111\u00e8n s\u00e1ng \u0111\u1ec3 ghi l\u1ea1i. Ghi xong l\u1ea1i ch\u1ea1y v\u00e0o ph\u00f2ng, ngh\u0129 \u0111\u01b0\u1ee3c \u0111\u1ebfn \u0111\u00e2u l\u1ea1i ch\u1ea1y ra ghi. C\u1ee9 quy tr\u00ecnh \u1ea5y, \u0111\u1ebfn \u0111\u00fang 3 gi\u1edd s\u00e1ng, b\u00e0i h\u00e1t \u0111\u00e3 ho\u00e0n th\u00e0nh. Ca kh\u00fac c\u1ee7a ng\u01b0\u1eddi l\u00ednh ch\u01b0a t\u1eebng h\u1ecdc qua m\u1ed9t l\u1edbp \u00e2m nh\u1ea1c n\u00e0o, ch\u01b0a t\u1eebng ch\u1ea1m v\u00e0o c\u00e2y \u0111\u00e0n m\u00e0 ch\u1ec9 c\u00f3 ni\u1ec1m say m\u00ea v\u00e0 ng\u01b0\u1ee1ng m\u1ed9 nh\u1eefng b\u1ea3n nh\u1ea1c, giai \u0111i\u1ec7u ch\u1eaft ra t\u1eeb cu\u1ed9c s\u1ed1ng, \u0111\u00e3 \u0111\u01b0\u1ee3c c\u1ea3 trung \u0111\u1ed9i h\u00e1t, \u0111\u01b0\u1ee3c \u0111\u0103ng l\u00ean b\u00e1o t\u01b0\u1eddng, tr\u1edf th\u00e0nh ti\u1ebft m\u1ee5c m\u1edf \u0111\u1ea7u c\u1ee7a c\u00e1c ch\u01b0\u01a1ng tr\u00ecnh v\u0103n ngh\u1ec7 c\u1ee7a tr\u01b0\u1eddng.<\/span><\/p>\n<p style=\"text-align: justify;\"><span style=\"color: #000000; font-family: helvetica, arial, sans-serif; font-size: 105%;\">Th\u1eadt may m\u1eafn, sau \u0111\u00f3 kh\u00f4ng l\u00e2u, trong s\u1ed1 kh\u00e1ch m\u1eddi c\u1ee7a nh\u00e0 tr\u01b0\u1eddng c\u00f3 nh\u1ea1c s\u0129 Nguy\u1ec5n Xu\u00e2n Kho\u00e1t \u0111\u1ebfn th\u0103m. \u0110\u1ecdc b\u00e1o t\u01b0\u1eddng c\u1ee7a nh\u00e0 tr\u01b0\u1eddng, \u00f4ng th\u00edch b\u00e0i h\u00e1t v\u00e0 g\u1eb7p t\u00f4i t\u1ecf mu\u1ed1n ch\u00e9p l\u1ea1i cho m\u1ed9t b\u1ea3n. Sau nh\u1ea1c s\u0129 \u0111\u00e0n anh \u0111\u00e3 s\u1eeda v\u00e0i ch\u1ed7 v\u00e0 d\u00e0n d\u1ef1ng cho \u0111\u1ed9i v\u0103n ngh\u1ec7 c\u1ee7a nh\u00e0 tr\u01b0\u1eddng h\u00e1t di\u1ec5n. Ng\u00e0y 1-5-1951, trong ph\u1ea7n nghi l\u1ec5 b\u1ebf m\u1ea1c kh\u00f3a h\u1ecdc, l\u1ea7n \u0111\u1ea7u ti\u00ean b\u00e0i V\u00ec nh\u00e2n d\u00e2n qu\u00ean m\u00ecnh \u0111\u01b0\u1ee3c vang l\u00ean theo b\u01b0\u1edbc \u0111i c\u1ee7a nh\u1eefng c\u00e1n b\u1ed9, chi\u1ebfn s\u0129 chu\u1ea9n b\u1ecb ra c\u00e1c chi\u1ebfn tr\u01b0\u1eddng. B\u00e0i h\u00e1t \u0111\u01b0\u1ee3c s\u00e1ng t\u00e1c n\u0103m 1951, n\u0103m 1952 \u0111\u01b0\u1ee3c \u0111\u01b0a v\u1ec1 C\u1ee5c Qu\u00e2n hu\u1ea5n, r\u1ed3i \u0111\u01b0\u1ee3c g\u1eedi tham d\u1ef1 Cu\u1ed9c thi s\u00e1ng t\u00e1c V\u0103n h\u1ecdc ngh\u1ec7 thu\u1eadt to\u00e0n qu\u1ed1c. \u1ede cu\u1ed9c thi n\u00e0y, anh b\u1ed9 \u0111\u1ed9i c\u1ee5 H\u1ed3 Do\u00e3n Quang Kh\u1ea3i v\u1edbi b\u00e0i V\u00ec nh\u00e2n d\u00e2n qu\u00ean m\u00ecnh vinh d\u1ef1 nh\u1eadn gi\u1ea3i Nh\u00ec (kh\u00f4ng c\u00f3 gi\u1ea3i Nh\u1ea5t). Sau n\u00e0y, khi v\u1ec1 n\u01b0\u1edbc nh\u1eadn nhi\u1ec7m v\u1ee5 t\u1ea1i Ph\u00f2ng Tuy\u00ean hu\u1ea5n, tham gia l\u00e0m b\u00e1o c\u1ee7a m\u1eb7t tr\u1eadn, \u00f4ng c\u00f3 th\u00eam ca kh\u00fac Bi\u1ebft \u01a1n \u0110\u1ea3ng.<\/span><\/p>\n<p style=\"text-align: justify;\"><span style=\"color: #000000; font-family: helvetica, arial, sans-serif; font-size: 105%;\">Ca kh\u00fac V\u00ec nh\u00e2n d\u00e2n qu\u00ean m\u00ecnh khi \u0111\u01b0\u1ee3c ph\u1ed5 bi\u1ebfn tr\u00ean b\u00e1o ch\u00ed \u0111\u00e3 li\u00ean ti\u1ebfp nh\u1eadn \u0111\u01b0\u1ee3c c\u00e1c gi\u1ea3i th\u01b0\u1edfng, m\u00e0 m\u00e3i sau n\u00e0y t\u00e1c gi\u1ea3 m\u1edbi \u0111\u01b0\u1ee3c bi\u1ebft. Hi\u1ec7n t\u1ea1i, b\u00e0i h\u00e1t \u0111ang \u0111\u01b0\u1ee3c s\u1eed d\u1ee5ng l\u00e0m nh\u1ea1c hi\u1ec7u c\u1ee7a ch\u01b0\u01a1ng tr\u00ecnh Truy\u1ec1n h\u00ecnh Qu\u00e2n \u0111\u1ed9i nh\u00e2n d\u00e2n, tr\u1edf th\u00e0nh b\u00e0i h\u00e1t truy\u1ec1n th\u1ed1ng g\u1eafn b\u00f3 v\u1edbi l\u1ef1c l\u01b0\u1ee3ng v\u0169 trang nh\u00e2n d\u00e2n Vi\u1ec7t Nam. \u00d4ng t\u1eebng t\u00e2m s\u1ef1: \u201cKh\u00f4ng ng\u1edd b\u00e0i h\u00e1t vi\u1ebft trong nh\u1eefng n\u0103m \u0111\u01b0\u1ee3c c\u1eed \u0111i h\u1ecdc \u1edf Trung Qu\u1ed1c l\u1ea1i tr\u1edf th\u00e0nh t\u00e0i s\u1ea3n l\u1edbn c\u00f2n l\u1ea1i c\u1ee7a cu\u1ed9c \u0111\u1eddi t\u00f4i\u201d.<\/span><\/p>\n<p style=\"text-align: right;\"><span style=\"font-size: 95%; font-family: helvetica, arial, sans-serif; color: #0000ff;\"><em>S\u01b0u t\u1ea7m v\u00e0 bi\u00ean t\u1eadp: Ph\u1ea1m S\u01a1n H\u1ea3i &#8211; CT23.<\/em><\/span><\/p>\n","protected":false},"excerpt":{"rendered":"<p>B\u00e0i h\u00e1t: V\u00ec nh\u00e2n d\u00e2n qu\u00ean m\u00ecnh \u00a0 L\u1eddi b\u00e0i h\u00e1t: V\u00ec nh\u00e2n d\u00e2n qu\u00ean m\u00ecnh Nh\u1ea1c v\u00e0 l\u1eddi: Do\u00e3n Quang Kh\u1ea3i V\u00ec nh\u00e2n d\u00e2n qu\u00ean m\u00ecnhV\u00ec nh\u00e2n d\u00e2n hy sinhAnh em \u01a1i v\u00ec nh\u00e2n d\u00e2n qu\u00ean m\u00ecnh\u0110o\u00e0n V\u1ec7 qu\u1ed1c ch\u00fang ta \u1edf nh\u00e2n d\u00e2n m\u00e0 ra\u0110\u01b0\u1ee3c d\u00e2n m\u1ebfn \u0111\u01b0\u1ee3c d\u00e2n tin mu\u00f4n ph\u1ea7n Th\u1ec1 [&#8230;]\n","protected":false},"author":1,"featured_media":0,"parent":847,"menu_order":0,"comment_status":"closed","ping_status":"closed","template":"","meta":{"footnotes":""},"class_list":["post-1253","page","type-page","status-publish","hentry"],"_links":{"self":[{"href":"https:\/\/ludoan125.com\/index.php\/wp-json\/wp\/v2\/pages\/1253","targetHints":{"allow":["GET"]}}],"collection":[{"href":"https:\/\/ludoan125.com\/index.php\/wp-json\/wp\/v2\/pages"}],"about":[{"href":"https:\/\/ludoan125.com\/index.php\/wp-json\/wp\/v2\/types\/page"}],"author":[{"embeddable":true,"href":"https:\/\/ludoan125.com\/index.php\/wp-json\/wp\/v2\/users\/1"}],"replies":[{"embeddable":true,"href":"https:\/\/ludoan125.com\/index.php\/wp-json\/wp\/v2\/comments?post=1253"}],"version-history":[{"count":22,"href":"https:\/\/ludoan125.com\/index.php\/wp-json\/wp\/v2\/pages\/1253\/revisions"}],"predecessor-version":[{"id":1582,"href":"https:\/\/ludoan125.com\/index.php\/wp-json\/wp\/v2\/pages\/1253\/revisions\/1582"}],"up":[{"embeddable":true,"href":"https:\/\/ludoan125.com\/index.php\/wp-json\/wp\/v2\/pages\/847"}],"wp:attachment":[{"href":"https:\/\/ludoan125.com\/index.php\/wp-json\/wp\/v2\/media?parent=1253"}],"curies":[{"name":"wp","href":"https:\/\/api.w.org\/{rel}","templated":true}]}}