{"id":1060,"date":"2024-12-04T14:23:35","date_gmt":"2024-12-04T14:23:35","guid":{"rendered":"https:\/\/ludoan125.com\/?page_id=1060"},"modified":"2024-12-04T14:31:34","modified_gmt":"2024-12-04T14:31:34","slug":"1-6-hoc-tap-chinh-tri-truc-tuyen","status":"publish","type":"page","link":"https:\/\/ludoan125.com\/index.php\/trang-chu\/giao-duc-chinh-tri\/1-giao-duc-chinh-tri\/1-6-hoc-tap-chinh-tri-truc-tuyen\/","title":{"rendered":"1.6. H\u1ecdc t\u1eadp ch\u00ednh tr\u1ecb tr\u1ef1c tuy\u1ebfn"},"content":{"rendered":"<p style=\"text-align: center;\"><span style=\"color: #0000ff;\"><strong><span style=\"font-family: helvetica, arial, sans-serif; font-size: 150%;\">H\u1ecdc t\u1eadp ch\u00ednh tr\u1ecb tr\u1ef1c tuy\u1ebfn<\/span><\/strong><\/span><\/p>\n<div class=\"text-center\"><div class=\"is-divider divider clearfix\" style=\"margin-top:30px;margin-bottom:30px;max-width:200px;background-color:rgb(175, 23, 64);\"><\/div><\/div>\n<p style=\"text-align: center;\"><span style=\"font-family: helvetica, arial, sans-serif; font-size: 105%; color: #0000ff;\">\u0110\u1ec3 tham gia h\u1ecdc t\u1eadp ch\u00ednh tr\u1ecb tr\u1ef1c tuy\u1ebfn &#8220;B\u00e0i: Truy\u1ec1n th\u1ed1ng Qu\u00e2n ch\u1ee7ng, V\u00f9ng, L\u1eef \u0111o\u00e0n&#8221; m\u1eddi c\u00e1c \u0111\u1ed3ng ch\u00ed truy c\u1eadp \u0111\u01b0\u1eddng link b\u00ean d\u01b0\u1edbi:<\/span><\/p>\n<div class=\"row\"  id=\"row-116040896\">\n\n\t<div id=\"col-1926816359\" class=\"col small-12 large-12\"  >\n\t\t\t\t<div class=\"col-inner\" style=\"background-color:rgb(231, 64, 56);\" >\n\t\t\t\n\t\t\t\n<p style=\"text-align: center;\"><strong><span style=\"font-family: helvetica, arial, sans-serif; font-size: 150%; color: #ffffff;\">Nh\u1ea5n v\u00e0o \u0111\u00e2y<\/span><\/strong><\/p>\n\t\t<\/div>\n\t\t\t\t\n<style>\n#col-1926816359 > .col-inner {\n  padding: 20px 0px 5px 0px;\n  border-radius: 10px;\n}\n<\/style>\n\t<\/div>\n\n\t\n<\/div>\n<p style=\"text-align: center;\"><span style=\"font-family: helvetica, arial, sans-serif; font-size: 110%; color: #0000ff;\">Ho\u1eb7c c\u00f3 th\u1ec3 qu\u00e9t m\u00e3 QR d\u01b0\u1edbi \u0111\u00e2y <br \/>\u0111\u1ec3 tham gia h\u1ecdc t\u1eadp tr\u1ef1c tuy\u1ebfn<\/span><\/p>\n\t<div class=\"img has-hover x md-x lg-x y md-y lg-y\" id=\"image_1142442754\">\n\t\t\t\t\t\t\t\t<div class=\"img-inner dark\" >\n\t\t\t<img loading=\"lazy\" decoding=\"async\" width=\"300\" height=\"300\" src=\"https:\/\/ludoan125.com\/wp-content\/uploads\/2024\/11\/Them-ma-QR-vao-day-1.jpg\" class=\"attachment-large size-large\" alt=\"\" srcset=\"https:\/\/ludoan125.com\/wp-content\/uploads\/2024\/11\/Them-ma-QR-vao-day-1.jpg 300w, https:\/\/ludoan125.com\/wp-content\/uploads\/2024\/11\/Them-ma-QR-vao-day-1-150x150.jpg 150w\" sizes=\"auto, (max-width: 300px) 100vw, 300px\" \/>\t\t\t\t\t\t\n\t\t\t\t\t<\/div>\n\t\t\t\t\t\t\t\t\n<style>\n#image_1142442754 {\n  width: 100%;\n}\n<\/style>\n\t<\/div>\n\t\n","protected":false},"excerpt":{"rendered":"<p>H\u1ecdc t\u1eadp ch\u00ednh tr\u1ecb tr\u1ef1c tuy\u1ebfn \u0110\u1ec3 tham gia h\u1ecdc t\u1eadp ch\u00ednh tr\u1ecb tr\u1ef1c tuy\u1ebfn &#8220;B\u00e0i: Truy\u1ec1n th\u1ed1ng Qu\u00e2n ch\u1ee7ng, V\u00f9ng, L\u1eef \u0111o\u00e0n&#8221; m\u1eddi c\u00e1c \u0111\u1ed3ng ch\u00ed truy c\u1eadp \u0111\u01b0\u1eddng link b\u00ean d\u01b0\u1edbi: Ho\u1eb7c c\u00f3 th\u1ec3 qu\u00e9t m\u00e3 QR d\u01b0\u1edbi \u0111\u00e2y \u0111\u1ec3 tham gia h\u1ecdc t\u1eadp tr\u1ef1c tuy\u1ebfn<\/p>\n","protected":false},"author":1,"featured_media":0,"parent":183,"menu_order":0,"comment_status":"closed","ping_status":"closed","template":"","meta":{"footnotes":""},"class_list":["post-1060","page","type-page","status-publish","hentry"],"_links":{"self":[{"href":"https:\/\/ludoan125.com\/index.php\/wp-json\/wp\/v2\/pages\/1060","targetHints":{"allow":["GET"]}}],"collection":[{"href":"https:\/\/ludoan125.com\/index.php\/wp-json\/wp\/v2\/pages"}],"about":[{"href":"https:\/\/ludoan125.com\/index.php\/wp-json\/wp\/v2\/types\/page"}],"author":[{"embeddable":true,"href":"https:\/\/ludoan125.com\/index.php\/wp-json\/wp\/v2\/users\/1"}],"replies":[{"embeddable":true,"href":"https:\/\/ludoan125.com\/index.php\/wp-json\/wp\/v2\/comments?post=1060"}],"version-history":[{"count":9,"href":"https:\/\/ludoan125.com\/index.php\/wp-json\/wp\/v2\/pages\/1060\/revisions"}],"predecessor-version":[{"id":1071,"href":"https:\/\/ludoan125.com\/index.php\/wp-json\/wp\/v2\/pages\/1060\/revisions\/1071"}],"up":[{"embeddable":true,"href":"https:\/\/ludoan125.com\/index.php\/wp-json\/wp\/v2\/pages\/183"}],"wp:attachment":[{"href":"https:\/\/ludoan125.com\/index.php\/wp-json\/wp\/v2\/media?parent=1060"}],"curies":[{"name":"wp","href":"https:\/\/api.w.org\/{rel}","templated":true}]}}